002
CDUS43 KLSX 310743
CLICOU


CLIMATE REPORT
NATIONAL WEATHER SERVICE ST LOUIS MO
141 AM CST SUN JAN 31 2016


...................................

...THE COLUMBIA ASOS CLIMATE SUMMARY FOR JANUARY 30 2016...

CLIMATE NORMAL PERIOD 1981 TO 2010
CLIMATE RECORD PERIOD 1890 TO 2016


WEATHER ITEM   OBSERVED TIME   RECORD YEAR NORMAL DEPARTURE LAST
                VALUE   (LST)  VALUE       VALUE  FROM      YEAR
                                                  NORMAL
..................................................................
TEMPERATURE (F)
 YESTERDAY
  MAXIMUM         63        MM  68    1890  40     23       40
  MINIMUM         38        MM  -9    1936  22     16       21
  AVERAGE         51                        31     20       31

PRECIPITATION (IN)
  YESTERDAY        0.00          1.47 2002   0.06  -0.06     0.00
  MONTH TO DATE    0.90                      1.85  -0.95     0.67
  SINCE DEC 1      7.94                      4.29   3.65     2.85
  SINCE JAN 1      0.90                      1.85  -0.95     0.67

SNOWFALL (IN)
  YESTERDAY        0.0           3.3  1979   0.2   -0.2      0.0
  MONTH TO DATE    6.9                       5.9    1.0      0.1
  SINCE DEC 1      6.9                      10.3   -3.4      1.1
  SINCE JUL 1      6.9                      11.2   -4.3      1.9
  SNOW DEPTH       0

DEGREE DAYS
 HEATING
  YESTERDAY       14                        34    -20       34
  MONTH TO DATE 1032                      1062    -30      977
  SINCE DEC 1   1677                      2072   -395     1847
  SINCE JUL 1   2373                      3057   -684     2928

 COOLING
  YESTERDAY        0                         0      0        0
  MONTH TO DATE    0                         0      0        0
  SINCE DEC 1      0                         0      0        0
  SINCE JAN 1      0                         0      0        0
..................................................................


WIND (MPH)
  HIGHEST WIND SPEED    17   HIGHEST WIND DIRECTION     S (170)
  HIGHEST GUST SPEED    MM   HIGHEST GUST DIRECTION    MM
  AVERAGE WIND SPEED     8.2


SKY COVER
  AVERAGE SKY COVER 0.0


WEATHER CONDITIONS
 THE FOLLOWING WEATHER WAS RECORDED YESTERDAY.
  NO SIGNIFICANT WEATHER WAS OBSERVED.


RELATIVE HUMIDITY (PERCENT)
 HIGHEST    79
 LOWEST     39
 AVERAGE    59

..........................................................


THE COLUMBIA ASOS CLIMATE NORMALS FOR TODAY
                         NORMAL    RECORD    YEAR
 MAXIMUM TEMPERATURE (F)   40        74      1989
 MINIMUM TEMPERATURE (F)   22       -12      1936


SUNRISE AND SUNSET
JANUARY 31 2016.......SUNRISE   716 AM CST   SUNSET   529 PM CST
FEBRUARY  1 2016......SUNRISE   715 AM CST   SUNSET   530 PM CST


-  INDICATES NEGATIVE NUMBERS.
R  INDICATES RECORD WAS SET OR TIED.
MM INDICATES DATA IS MISSING.
T  INDICATES TRACE AMOUNT.




$$
