000
CDUS43 KLSX 132238
CLICOU


CLIMATE REPORT
NATIONAL WEATHER SERVICE ST LOUIS MO
538 PM CDT TUE JUN 13 2017


...................................

...THE COLUMBIA ASOS CLIMATE SUMMARY FOR JUNE 13 2017...
VALID TODAY AS OF 0500 PM LOCAL TIME.

CLIMATE NORMAL PERIOD 1981 TO 2010
CLIMATE RECORD PERIOD 1890 TO 2017


WEATHER ITEM   OBSERVED TIME   RECORD YEAR NORMAL DEPARTURE LAST
                VALUE   (LST)  VALUE       VALUE  FROM      YEAR
                                                  NORMAL
..................................................................
TEMPERATURE (F)
 TODAY
  MAXIMUM         91    305 PM 100    1953  83      8       90
  MINIMUM         72    412 AM  42    1903  62     10       66
  AVERAGE         82                        72     10       78

PRECIPITATION (IN)
  TODAY            0.00          1.41 1927   0.15  -0.15     0.00
  MONTH TO DATE    0.86                      1.94  -1.08     0.04
  SINCE JUN 1      0.86                      1.94  -1.08     0.04
  SINCE JAN 1     20.76                     18.49   2.27    10.17

SNOWFALL (IN)
  TODAY            0.0           0.0  2015   0.0    0.0      0.0
  MONTH TO DATE    0.0                       0.0    0.0      0.0
  SINCE JUN 1      0.0                       0.0    0.0      0.0
  SINCE JUL 1      1.6                      18.0  -16.4      9.0
  SNOW DEPTH       0

DEGREE DAYS
 HEATING
  TODAY            0                         0      0        0
  MONTH TO DATE    0                         9     -9        0
  SINCE JUN 1      0                         9     -9        0
  SINCE JUL 1   3816                      5021  -1205     3952

 COOLING
  TODAY           17                         8      9       13
  MONTH TO DATE  121                        81     40      121
  SINCE JUN 1    121                        81     40      121
  SINCE JAN 1    255                       184     71      245
..................................................................


WIND (MPH)
  HIGHEST WIND SPEED    20   HIGHEST WIND DIRECTION     S (180)
  HIGHEST GUST SPEED    25   HIGHEST GUST DIRECTION     S (200)
  AVERAGE WIND SPEED    10.1


SKY COVER
  AVERAGE SKY COVER 0.1



RELATIVE HUMIDITY (PERCENT)
 HIGHEST    93           300 AM
 LOWEST     56           400 PM
 AVERAGE    75

..........................................................


THE COLUMBIA ASOS CLIMATE NORMALS FOR TOMORROW
                         NORMAL    RECORD    YEAR
 MAXIMUM TEMPERATURE (F)   83        99      1987
 MINIMUM TEMPERATURE (F)   63        45      1942


SUNRISE AND SUNSET
JUNE 13 2017..........SUNRISE   543 AM CDT   SUNSET   835 PM CDT
JUNE 14 2017..........SUNRISE   543 AM CDT   SUNSET   835 PM CDT


-  INDICATES NEGATIVE NUMBERS.
R  INDICATES RECORD WAS SET OR TIED.
MM INDICATES DATA IS MISSING.
T  INDICATES TRACE AMOUNT.




$$
