000
CDUS43 KLSX 152141
CLICOU


CLIMATE REPORT
NATIONAL WEATHER SERVICE ST LOUIS MO
440 PM CDT WED MAR 15 2017


...................................

...THE COLUMBIA ASOS CLIMATE SUMMARY FOR MARCH 15 2017...
VALID TODAY AS OF 0400 PM LOCAL TIME.

CLIMATE NORMAL PERIOD 1981 TO 2010
CLIMATE RECORD PERIOD 1890 TO 2017


WEATHER ITEM   OBSERVED TIME   RECORD YEAR NORMAL DEPARTURE LAST
                VALUE   (LST)  VALUE       VALUE  FROM      YEAR
                                                  NORMAL
..................................................................
TEMPERATURE (F)
 TODAY
  MAXIMUM         39    259 PM  81    2012  55    -16       80
  MINIMUM         14    607 AM   6    1890  34    -20       47
  AVERAGE         27                        44    -17       64

PRECIPITATION (IN)
  TODAY            0.00          1.94 1929   0.09  -0.09     0.01
  MONTH TO DATE    1.29                      1.29   0.00     1.14
  SINCE MAR 1      1.29                      1.29   0.00     1.14
  SINCE JAN 1      2.51                      5.46  -2.95     2.79

SNOWFALL (IN)
  TODAY            0.0           6.3  1960   0.1   -0.1      0.0
  MONTH TO DATE    T                         1.2   -1.2       T
  SINCE MAR 1      T                         1.2   -1.2       T
  SINCE JUL 1      1.6                      17.3  -15.7      9.0
  SNOW DEPTH       0

DEGREE DAYS
 HEATING
  TODAY           38                        21     17        1
  MONTH TO DATE  329                       350    -21      185
  SINCE MAR 1    329                       350    -21      185
  SINCE JUL 1   3370                      4296   -926     3362

 COOLING
  TODAY            0                         0      0        0
  MONTH TO DATE    0                         0      0        4
  SINCE MAR 1      0                         0      0        4
  SINCE JAN 1      4                         0      4        4
..................................................................


WIND (MPH)
  HIGHEST WIND SPEED    10   HIGHEST WIND DIRECTION    NE (30)
  HIGHEST GUST SPEED    12   HIGHEST GUST DIRECTION    NE (30)
  AVERAGE WIND SPEED     4.4


SKY COVER
  AVERAGE SKY COVER 0.0



RELATIVE HUMIDITY (PERCENT)
 HIGHEST    88           600 AM
 LOWEST     24           200 PM
 AVERAGE    56

..........................................................


THE COLUMBIA ASOS CLIMATE NORMALS FOR TOMORROW
                         NORMAL    RECORD    YEAR
 MAXIMUM TEMPERATURE (F)   55        87      1945
 MINIMUM TEMPERATURE (F)   34         8      1900


SUNRISE AND SUNSET
MARCH 15 2017.........SUNRISE   720 AM CDT   SUNSET   716 PM CDT
MARCH 16 2017.........SUNRISE   718 AM CDT   SUNSET   717 PM CDT


-  INDICATES NEGATIVE NUMBERS.
R  INDICATES RECORD WAS SET OR TIED.
MM INDICATES DATA IS MISSING.
T  INDICATES TRACE AMOUNT.




$$
