927
CDUS43 KLSX 012130
CLICOU


CLIMATE REPORT
NATIONAL WEATHER SERVICE ST LOUIS MO
430 PM CDT SUN MAY 1 2016


...................................

...THE COLUMBIA ASOS CLIMATE SUMMARY FOR MAY 1 2016...
VALID TODAY AS OF 0400 PM LOCAL TIME.

CLIMATE NORMAL PERIOD 1981 TO 2010
CLIMATE RECORD PERIOD 1890 TO 2016


WEATHER ITEM   OBSERVED TIME   RECORD YEAR NORMAL DEPARTURE LAST
                VALUE   (LST)  VALUE       VALUE  FROM      YEAR
                                                  NORMAL
..................................................................
TEMPERATURE (F)
 TODAY
  MAXIMUM         67    236 PM  89    1959  71     -4       72
  MINIMUM         54    604 AM  30    1903  49      5       42
  AVERAGE         61                        60      1       57

PRECIPITATION (IN)
  TODAY            0.00          2.50 1948   0.16  -0.16      T
  MONTH TO DATE    0.00                      0.16  -0.16      T
  SINCE MAR 1      4.52                      7.56  -3.04     4.83
  SINCE JAN 1      6.17                     11.73  -5.56     7.18

SNOWFALL (IN)
  TODAY            0.0           T    1940   0.0    0.0      0.0
  MONTH TO DATE    0.0                       0.0    0.0      0.0
  SINCE MAR 1      T                         1.9   -1.9      1.6
  SINCE JUL 1      9.0                      18.0   -9.0     12.0
  SNOW DEPTH       0

DEGREE DAYS
 HEATING
  TODAY            4                         6     -2        8
  MONTH TO DATE    4                         6     -2        8
  SINCE MAR 1    651                       963   -312      812
  SINCE JUL 1   3828                      4909  -1081     4867

 COOLING
  TODAY            0                         1     -1        0
  MONTH TO DATE    0                         1     -1        0
  SINCE MAR 1     32                        26      6       15
  SINCE JAN 1     32                        26      6       15
..................................................................


WIND (MPH)
  HIGHEST WIND SPEED    20   HIGHEST WIND DIRECTION     W (260)
  HIGHEST GUST SPEED    26   HIGHEST GUST DIRECTION     W (260)
  AVERAGE WIND SPEED     8.3


SKY COVER
  AVERAGE SKY COVER 0.7



RELATIVE HUMIDITY (PERCENT)
 HIGHEST   100           600 AM
 LOWEST     45           200 PM
 AVERAGE    73

..........................................................


THE COLUMBIA ASOS CLIMATE NORMALS FOR TOMORROW
                         NORMAL    RECORD    YEAR
 MAXIMUM TEMPERATURE (F)   71        90      1968
                                             1952
 MINIMUM TEMPERATURE (F)   49        33      1961
                                             1911
                                             1908


SUNRISE AND SUNSET
MAY  1 2016...........SUNRISE   611 AM CDT   SUNSET   802 PM CDT
MAY  2 2016...........SUNRISE   609 AM CDT   SUNSET   803 PM CDT


-  INDICATES NEGATIVE NUMBERS.
R  INDICATES RECORD WAS SET OR TIED.
MM INDICATES DATA IS MISSING.
T  INDICATES TRACE AMOUNT.




$$
