000
CDUS43 KLSX 142227
CLICOU


CLIMATE REPORT
NATIONAL WEATHER SERVICE ST LOUIS MO
426 PM CST FRI NOV 14 2014


...................................

...THE COLUMBIA ASOS CLIMATE SUMMARY FOR NOVEMBER 14 2014...
VALID TODAY AS OF 0400 PM LOCAL TIME.

CLIMATE NORMAL PERIOD 1981 TO 2010
CLIMATE RECORD PERIOD 1890 TO 2014


WEATHER ITEM   OBSERVED TIME   RECORD YEAR NORMAL DEPARTURE LAST
                VALUE   (LST)  VALUE       VALUE  FROM      YEAR
                                                  NORMAL
..................................................................
TEMPERATURE (F)
 TODAY
  MAXIMUM         33    323 PM  78    1931  55    -22       57
  MINIMUM         15    709 AM  10    1940  36    -21       29
  AVERAGE         24                        45    -21       43

PRECIPITATION (IN)
  TODAY            0.00          1.68 1913   0.12  -0.12     0.00
  MONTH TO DATE    0.30                      1.51  -1.21     0.91
  SINCE SEP 1     16.63                      8.69   7.94     6.16
  SINCE JAN 1     40.92                     38.44   2.48    39.25

SNOWFALL (IN)
  TODAY            0.0           4.2  1906   0.0    0.0      0.0
  MONTH TO DATE    T                         0.2   -0.2      0.0
  SINCE SEP 1      T                         0.2   -0.2      0.0
  SINCE JUL 1      T                         0.2   -0.2      0.0
  SNOW DEPTH       0

DEGREE DAYS
 HEATING
  TODAY           41                        20     21       22
  MONTH TO DATE  313                       236     77      267
  SINCE SEP 1    607                       599      8      591
  SINCE JUL 1    607                       601      6      591

 COOLING
  TODAY            0                         0      0        0
  MONTH TO DATE    0                         0      0        0
  SINCE SEP 1    156                       164     -8      255
  SINCE JAN 1   1266                      1247     19     1322
..................................................................


WIND (MPH)
  HIGHEST WIND SPEED    10   HIGHEST WIND DIRECTION     W (290)
  HIGHEST GUST SPEED    14   HIGHEST GUST DIRECTION     W (290)
  AVERAGE WIND SPEED     5.0


SKY COVER
  AVERAGE SKY COVER 0.0



RELATIVE HUMIDITY (PERCENT)
 HIGHEST    88           400 AM
 LOWEST     43           200 PM
 AVERAGE    66

..........................................................


THE COLUMBIA ASOS CLIMATE NORMALS FOR TOMORROW
                         NORMAL    RECORD    YEAR
 MAXIMUM TEMPERATURE (F)   54        78      1950
                                             1894
 MINIMUM TEMPERATURE (F)   35         6      1940


SUNRISE AND SUNSET
NOVEMBER 14 2014......SUNRISE   650 AM CST   SUNSET   456 PM CST
NOVEMBER 15 2014......SUNRISE   651 AM CST   SUNSET   455 PM CST


-  INDICATES NEGATIVE NUMBERS.
R  INDICATES RECORD WAS SET OR TIED.
MM INDICATES DATA IS MISSING.
T  INDICATES TRACE AMOUNT.




$$
