000
CDUS43 KLSX 232338
CLICOU


CLIMATE REPORT
NATIONAL WEATHER SERVICE ST LOUIS MO
538 PM CST FRI JAN 23 2015


...................................

...THE COLUMBIA ASOS CLIMATE SUMMARY FOR JANUARY 23 2015...
VALID TODAY AS OF 0500 PM LOCAL TIME.

CLIMATE NORMAL PERIOD 1981 TO 2010
CLIMATE RECORD PERIOD 1890 TO 2015


WEATHER ITEM   OBSERVED TIME   RECORD YEAR NORMAL DEPARTURE LAST
                VALUE   (LST)  VALUE       VALUE  FROM      YEAR
                                                  NORMAL
..................................................................
TEMPERATURE (F)
 TODAY
  MAXIMUM         41    344 PM  77    1909  39      2       15
  MINIMUM         22    806 AM -10    1963  21      1        1
                                      1936
  AVERAGE         32                        30      2        8

PRECIPITATION (IN)
  TODAY            0.00          1.75 1938   0.06  -0.06     0.00
  MONTH TO DATE    0.53                      1.42  -0.89     0.90
  SINCE DEC 1      2.71                      3.86  -1.15     2.61
  SINCE JAN 1      0.53                      1.42  -0.89     0.90

SNOWFALL (IN)
  TODAY            0.0           5.5  1896   0.2   -0.2      0.0
  MONTH TO DATE    0.1                       4.5   -4.4      7.5
  SINCE DEC 1      1.1                       8.9   -7.8      9.9
  SINCE JUL 1      1.9                       9.8   -7.9      9.9
  SNOW DEPTH       0

DEGREE DAYS
 HEATING
  TODAY           33                        35     -2       57
  MONTH TO DATE  808                       818    -10      913
  SINCE DEC 1   1678                      1828   -150     1993
  SINCE JUL 1   2759                      2813    -54     3000

 COOLING
  TODAY            0                         0      0        0
  MONTH TO DATE    0                         0      0        0
  SINCE DEC 1      0                         0      0        0
  SINCE JAN 1      0                         0      0        0
..................................................................


WIND (MPH)
  HIGHEST WIND SPEED    12   HIGHEST WIND DIRECTION     W (270)
  HIGHEST GUST SPEED    15   HIGHEST GUST DIRECTION     W (260)
  AVERAGE WIND SPEED     4.9


SKY COVER
  AVERAGE SKY COVER 0.2



RELATIVE HUMIDITY (PERCENT)
 HIGHEST    96           800 AM
 LOWEST     50           400 PM
 AVERAGE    73

..........................................................


THE COLUMBIA ASOS CLIMATE NORMALS FOR TOMORROW
                         NORMAL    RECORD    YEAR
 MAXIMUM TEMPERATURE (F)   39        77      1950
 MINIMUM TEMPERATURE (F)   21       -15      1894


SUNRISE AND SUNSET
JANUARY 23 2015.......SUNRISE   722 AM CST   SUNSET   520 PM CST
JANUARY 24 2015.......SUNRISE   721 AM CST   SUNSET   521 PM CST


-  INDICATES NEGATIVE NUMBERS.
R  INDICATES RECORD WAS SET OR TIED.
MM INDICATES DATA IS MISSING.
T  INDICATES TRACE AMOUNT.




$$
