000
CDUS43 KLSX 080010
CLICOU


CLIMATE REPORT
NATIONAL WEATHER SERVICE ST LOUIS MO
710 PM CDT MON JUL 7 2014


...................................

...THE COLUMBIA ASOS CLIMATE SUMMARY FOR JULY 7 2014...
VALID TODAY AS OF 0700 PM LOCAL TIME.

CLIMATE NORMAL PERIOD 1981 TO 2010
CLIMATE RECORD PERIOD 1890 TO 2014


WEATHER ITEM   OBSERVED TIME   RECORD YEAR NORMAL DEPARTURE LAST
                VALUE   (LST)  VALUE       VALUE  FROM      YEAR
                                                  NORMAL
..................................................................
TEMPERATURE (F)
 TODAY
  MAXIMUM         93    259 PM 106    2012  87      6       90
  MINIMUM         72    511 AM  56    1924  67      5       67
  AVERAGE         83                        77      6       79

PRECIPITATION (IN)
  TODAY            0.00          3.16 1993   0.16  -0.16     0.00
  MONTH TO DATE    0.07                      1.06  -0.99      T
  SINCE JUN 1      5.14                      5.53  -0.39     2.05
  SINCE JAN 1     19.96                     22.08  -2.12    28.76

SNOWFALL (IN)
  TODAY            0.0           0.0  2013   0.0    0.0      0.0
  MONTH TO DATE    0.0                       0.0    0.0      0.0
  SINCE JUN 1      0.0                       0.0    0.0      0.0
  SINCE JUL 1      0.0                       0.0    0.0      0.0
  SNOW DEPTH       0

DEGREE DAYS
 HEATING
  TODAY            0                         0      0        0
  MONTH TO DATE    0                         0      0        0
  SINCE JUN 1      0                        11    -11        6
  SINCE JUL 1      0                         0      0        0

 COOLING
  TODAY           18                        12      6       14
  MONTH TO DATE   55                        84    -29       56
  SINCE JUN 1    342                       332     10      323
  SINCE JAN 1    502                       435     67      457
..................................................................


WIND (MPH)
  HIGHEST WIND SPEED    15   HIGHEST WIND DIRECTION    SW (220)
  HIGHEST GUST SPEED    20   HIGHEST GUST DIRECTION    SW (210)
  AVERAGE WIND SPEED     9.8


SKY COVER
  AVERAGE SKY COVER 0.2



RELATIVE HUMIDITY (PERCENT)
 HIGHEST    93           500 AM
 LOWEST     52           200 PM
 AVERAGE    73

..........................................................


THE COLUMBIA ASOS CLIMATE NORMALS FOR TOMORROW
                         NORMAL    RECORD    YEAR
 MAXIMUM TEMPERATURE (F)   87       104      1980
 MINIMUM TEMPERATURE (F)   67        52      1891


SUNRISE AND SUNSET
JULY  7 2014..........SUNRISE   551 AM CDT   SUNSET   837 PM CDT
JULY  8 2014..........SUNRISE   551 AM CDT   SUNSET   836 PM CDT


-  INDICATES NEGATIVE NUMBERS.
R  INDICATES RECORD WAS SET OR TIED.
MM INDICATES DATA IS MISSING.
T  INDICATES TRACE AMOUNT.




$$
