000
CDUS43 KLSX 072245
CLICOU


CLIMATE REPORT
NATIONAL WEATHER SERVICE ST LOUIS MO
545 PM CDT TUE JUL 7 2015


...................................

...THE COLUMBIA ASOS CLIMATE SUMMARY FOR JULY 7 2015...
VALID TODAY AS OF 0500 PM LOCAL TIME.

CLIMATE NORMAL PERIOD 1981 TO 2010
CLIMATE RECORD PERIOD 1890 TO 2015


WEATHER ITEM   OBSERVED TIME   RECORD YEAR NORMAL DEPARTURE LAST
                VALUE   (LST)  VALUE       VALUE  FROM      YEAR
                                                  NORMAL
..................................................................
TEMPERATURE (F)
 TODAY
  MAXIMUM         72    418 AM 106    2012  87    -15       93
  MINIMUM         65   1208 PM  56    1924  67     -2       67
  AVERAGE         69                        77     -8       80

PRECIPITATION (IN)
  TODAY            0.23          3.16 1993   0.16   0.07     0.59
  MONTH TO DATE    2.21                      1.06   1.15     0.66
  SINCE JUN 1      9.77                      5.53   4.24     5.73
  SINCE JAN 1     22.63                     22.08   0.55    20.55

SNOWFALL (IN)
  TODAY            0.0           0.0  2013   0.0    0.0      0.0
  MONTH TO DATE    0.0                       0.0    0.0      0.0
  SINCE JUN 1      0.0                       0.0    0.0      0.0
  SINCE JUL 1      0.0                       0.0    0.0      0.0
  SNOW DEPTH       0

DEGREE DAYS
 HEATING
  TODAY            0                         0      0        0
  MONTH TO DATE    0                         0      0        0
  SINCE JUN 1      7                        11     -4        0
  SINCE JUL 1      0                         0      0        0

 COOLING
  TODAY            4                        12     -8       15
  MONTH TO DATE   63                        84    -21       52
  SINCE JUN 1    374                       332     42      339
  SINCE JAN 1    493                       435     58      499
..................................................................


WIND (MPH)
  HIGHEST WIND SPEED    15   HIGHEST WIND DIRECTION     N (20)
  HIGHEST GUST SPEED    21   HIGHEST GUST DIRECTION    NW (330)
  AVERAGE WIND SPEED     9.9


SKY COVER
  AVERAGE SKY COVER 0.8



RELATIVE HUMIDITY (PERCENT)
 HIGHEST   100           300 AM
 LOWEST     78           300 PM
 AVERAGE    89

..........................................................


THE COLUMBIA ASOS CLIMATE NORMALS FOR TOMORROW
                         NORMAL    RECORD    YEAR
 MAXIMUM TEMPERATURE (F)   87       104      1980
 MINIMUM TEMPERATURE (F)   67        52      1891


SUNRISE AND SUNSET
JULY  7 2015..........SUNRISE   551 AM CDT   SUNSET   837 PM CDT
JULY  8 2015..........SUNRISE   551 AM CDT   SUNSET   836 PM CDT


-  INDICATES NEGATIVE NUMBERS.
R  INDICATES RECORD WAS SET OR TIED.
MM INDICATES DATA IS MISSING.
T  INDICATES TRACE AMOUNT.




$$
