639
CDUS43 KLSX 020731
CLICOU


CLIMATE REPORT
NATIONAL WEATHER SERVICE ST LOUIS MO
131 AM CST TUE FEB 2 2016


...................................

...THE COLUMBIA ASOS CLIMATE SUMMARY FOR FEBRUARY 1 2016...

CLIMATE NORMAL PERIOD 1981 TO 2010
CLIMATE RECORD PERIOD 1890 TO 2016


WEATHER ITEM   OBSERVED TIME   RECORD YEAR NORMAL DEPARTURE LAST
                VALUE   (LST)  VALUE       VALUE  FROM      YEAR
                                                  NORMAL
..................................................................
TEMPERATURE (F)
 YESTERDAY
  MAXIMUM         53    430 PM  81    1911  40     13       38
  MINIMUM         37    308 AM -11    1979  22     15       19
  AVERAGE         45                        31     14       29

PRECIPITATION (IN)
  YESTERDAY        0.00          1.14 1968   0.07  -0.07     0.47
  MONTH TO DATE    0.00                      0.07  -0.07     0.47
  SINCE DEC 1      7.94                      4.43   3.51     3.59
  SINCE JAN 1      0.90                      1.99  -1.09     1.41

SNOWFALL (IN)
  YESTERDAY        0.0          17.5  2011   0.2   -0.2      0.8
  MONTH TO DATE    0.0                       0.2   -0.2      0.8
  SINCE DEC 1      6.9                      10.7   -3.8      1.9
  SINCE JUL 1      6.9                      11.6   -4.7      2.7
  SNOW DEPTH       0

DEGREE DAYS
 HEATING
  YESTERDAY       20                        34    -14       36
  MONTH TO DATE   20                        34    -14       36
  SINCE DEC 1   1697                      2138   -441     1914
  SINCE JUL 1   2393                      3123   -730     2995

 COOLING
  YESTERDAY        0                         0      0        0
  MONTH TO DATE    0                         0      0        0
  SINCE DEC 1      0                         0      0        0
  SINCE JAN 1      0                         0      0        0
..................................................................


WIND (MPH)
  HIGHEST WIND SPEED    18   HIGHEST WIND DIRECTION     E (100)
  HIGHEST GUST SPEED    23   HIGHEST GUST DIRECTION     E (100)
  AVERAGE WIND SPEED     7.3


SKY COVER
  AVERAGE SKY COVER 0.4


WEATHER CONDITIONS
 THE FOLLOWING WEATHER WAS RECORDED YESTERDAY.
  NO SIGNIFICANT WEATHER WAS OBSERVED.


RELATIVE HUMIDITY (PERCENT)
 HIGHEST    85
 LOWEST     44
 AVERAGE    65

..........................................................


THE COLUMBIA ASOS CLIMATE NORMALS FOR TODAY
                         NORMAL    RECORD    YEAR
 MAXIMUM TEMPERATURE (F)   40        68      1992
 MINIMUM TEMPERATURE (F)   22       -15      1895


SUNRISE AND SUNSET
FEBRUARY  2 2016......SUNRISE   714 AM CST   SUNSET   531 PM CST
FEBRUARY  3 2016......SUNRISE   713 AM CST   SUNSET   532 PM CST


-  INDICATES NEGATIVE NUMBERS.
R  INDICATES RECORD WAS SET OR TIED.
MM INDICATES DATA IS MISSING.
T  INDICATES TRACE AMOUNT.




$$
