000
CDUS43 KLSX 122233
CLICOU


CLIMATE REPORT
NATIONAL WEATHER SERVICE ST LOUIS MO
530 PM CDT FRI SEP 12 2014


...................................

...THE COLUMBIA ASOS CLIMATE SUMMARY FOR SEPTEMBER 12 2014...
VALID TODAY AS OF 0500 PM LOCAL TIME.

CLIMATE NORMAL PERIOD 1981 TO 2010
CLIMATE RECORD PERIOD 1890 TO 2014


WEATHER ITEM   OBSERVED TIME   RECORD YEAR NORMAL DEPARTURE LAST
                VALUE   (LST)  VALUE       VALUE  FROM      YEAR
                                                  NORMAL
..................................................................
TEMPERATURE (F)
 TODAY
  MAXIMUM         56    942 AM 100    1897  80    -24       88
  MINIMUM         51    824 AM  39    1902  58     -7       65
  AVERAGE         54                        69    -15       77

PRECIPITATION (IN)
  TODAY            0.01          2.43 1934   0.13  -0.12      T
  MONTH TO DATE    6.13                      1.56   4.57     0.54
  SINCE SEP 1      6.13                      1.56   4.57     0.54
  SINCE JAN 1     30.42                     31.31  -0.89    33.63

SNOWFALL (IN)
  TODAY            0.0           0.0  2013   0.0    0.0      0.0
  MONTH TO DATE    0.0                       0.0    0.0      0.0
  SINCE SEP 1      0.0                       0.0    0.0      0.0
  SINCE JUL 1      0.0                       0.0    0.0      0.0
  SNOW DEPTH       0

DEGREE DAYS
 HEATING
  TODAY           11                         1     10        0
  MONTH TO DATE   17                         6     11        0
  SINCE SEP 1     17                         6     11        0
  SINCE JUL 1     17                         8      9        0

 COOLING
  TODAY            0                         5     -5       12
  MONTH TO DATE   83                        84     -1      154
  SINCE SEP 1     83                        84     -1      154
  SINCE JAN 1   1193                      1167     26     1221
..................................................................


WIND (MPH)
  HIGHEST WIND SPEED    15   HIGHEST WIND DIRECTION     N (360)
  HIGHEST GUST SPEED    18   HIGHEST GUST DIRECTION     N (340)
  AVERAGE WIND SPEED     9.4


SKY COVER
  AVERAGE SKY COVER 1.0



RELATIVE HUMIDITY (PERCENT)
 HIGHEST    89           500 AM
 LOWEST     77           200 AM
 AVERAGE    83

..........................................................


THE COLUMBIA ASOS CLIMATE NORMALS FOR TOMORROW
                         NORMAL    RECORD    YEAR
 MAXIMUM TEMPERATURE (F)   80        99      1956
                                             1939
 MINIMUM TEMPERATURE (F)   58        33      1902


SUNRISE AND SUNSET
SEPTEMBER 12 2014.....SUNRISE   648 AM CDT   SUNSET   722 PM CDT
SEPTEMBER 13 2014.....SUNRISE   649 AM CDT   SUNSET   720 PM CDT


-  INDICATES NEGATIVE NUMBERS.
R  INDICATES RECORD WAS SET OR TIED.
MM INDICATES DATA IS MISSING.
T  INDICATES TRACE AMOUNT.




$$
