517
CDUS43 KLSX 242232
CLICOU


CLIMATE REPORT
NATIONAL WEATHER SERVICE ST LOUIS MO
530 PM CDT SAT SEP 24 2016


...................................

...THE COLUMBIA ASOS CLIMATE SUMMARY FOR SEPTEMBER 24 2016...
VALID TODAY AS OF 0500 PM LOCAL TIME.

CLIMATE NORMAL PERIOD 1981 TO 2010
CLIMATE RECORD PERIOD 1890 TO 2016


WEATHER ITEM   OBSERVED TIME   RECORD YEAR NORMAL DEPARTURE LAST
                VALUE   (LST)  VALUE       VALUE  FROM      YEAR
                                                  NORMAL
..................................................................
TEMPERATURE (F)
 TODAY
  MAXIMUM         88    251 PM  95    1891  75     13       85
  MINIMUM         67    614 AM  33    1989  53     14       61
  AVERAGE         78                        64     14       73

PRECIPITATION (IN)
  TODAY            0.00          2.35 1961   0.14  -0.14     0.00
  MONTH TO DATE    7.30                      3.08   4.22     1.14
  SINCE SEP 1      7.30                      3.08   4.22     1.14
  SINCE JAN 1     35.64                     32.83   2.81    33.10

SNOWFALL (IN)
  TODAY            0.0           0.0  2015   0.0    0.0      0.0
  MONTH TO DATE    0.0                       0.0    0.0      0.0
  SINCE SEP 1      0.0                       0.0    0.0      0.0
  SINCE JUL 1      0.0                       0.0    0.0      0.0
  SNOW DEPTH       0

DEGREE DAYS
 HEATING
  TODAY            0                         4     -4        0
  MONTH TO DATE    0                        36    -36       16
  SINCE SEP 1      0                        36    -36       16
  SINCE JUL 1      0                        38    -38       18

 COOLING
  TODAY           13                         3     10        8
  MONTH TO DATE  223                       131     92      208
  SINCE SEP 1    223                       131     92      208
  SINCE JAN 1   1534                      1214    320     1329
..................................................................


WIND (MPH)
  HIGHEST WIND SPEED    14   HIGHEST WIND DIRECTION     S (160)
  HIGHEST GUST SPEED    18   HIGHEST GUST DIRECTION     E (110)
  AVERAGE WIND SPEED     7.2


SKY COVER
  AVERAGE SKY COVER 0.1



RELATIVE HUMIDITY (PERCENT)
 HIGHEST    93           500 AM
 LOWEST     55           400 PM
 AVERAGE    74

..........................................................


THE COLUMBIA ASOS CLIMATE NORMALS FOR TOMORROW
                         NORMAL    RECORD    YEAR
 MAXIMUM TEMPERATURE (F)   75        94      1891
 MINIMUM TEMPERATURE (F)   52        37      2001
                                             1989
                                             1928


SUNRISE AND SUNSET
SEPTEMBER 24 2016.....SUNRISE   659 AM CDT   SUNSET   702 PM CDT
SEPTEMBER 25 2016.....SUNRISE   700 AM CDT   SUNSET   700 PM CDT


-  INDICATES NEGATIVE NUMBERS.
R  INDICATES RECORD WAS SET OR TIED.
MM INDICATES DATA IS MISSING.
T  INDICATES TRACE AMOUNT.




$$
