000
CDUS43 KLSX 192227
CLICOU


CLIMATE REPORT
NATIONAL WEATHER SERVICE ST LOUIS MO
426 PM CST SAT NOV 19 2016


...................................

...THE COLUMBIA ASOS CLIMATE SUMMARY FOR NOVEMBER 19 2016...
VALID TODAY AS OF 0400 PM LOCAL TIME.

CLIMATE NORMAL PERIOD 1981 TO 2010
CLIMATE RECORD PERIOD 1890 TO 2016


WEATHER ITEM   OBSERVED TIME   RECORD YEAR NORMAL DEPARTURE LAST
                VALUE   (LST)  VALUE       VALUE  FROM      YEAR
                                                  NORMAL
..................................................................
TEMPERATURE (F)
 TODAY
  MAXIMUM         46    256 PM  80    1942  52     -6       51
  MINIMUM         30    700 AM   9    1914  34     -4       37
  AVERAGE         38                        43     -5       44

PRECIPITATION (IN)
  TODAY            0.00          1.17 1939   0.11  -0.11      T
  MONTH TO DATE    1.75                      2.06  -0.31     5.53
  SINCE SEP 1     10.66                      9.24   1.42     7.85
  SINCE JAN 1     39.00                     38.99   0.01    39.81

SNOWFALL (IN)
  TODAY            0.0           4.6  1972   0.1   -0.1      0.0
  MONTH TO DATE    0.0                       0.4   -0.4      0.0
  SINCE SEP 1      0.0                       0.4   -0.4      0.0
  SINCE JUL 1      0.0                       0.4   -0.4      0.0
  SNOW DEPTH       0

DEGREE DAYS
 HEATING
  TODAY           27                        22      5       21
  MONTH TO DATE  199                       342   -143      224
  SINCE SEP 1    340                       705   -365      456
  SINCE JUL 1    340                       707   -367      458

 COOLING
  TODAY            0                         0      0        0
  MONTH TO DATE   19                         0     19        0
  SINCE SEP 1    321                       164    157      266
  SINCE JAN 1   1632                      1247    385     1387
..................................................................


WIND (MPH)
  HIGHEST WIND SPEED    25   HIGHEST WIND DIRECTION     W (290)
  HIGHEST GUST SPEED    33   HIGHEST GUST DIRECTION    NW (300)
  AVERAGE WIND SPEED    15.2


SKY COVER
  AVERAGE SKY COVER 0.0



RELATIVE HUMIDITY (PERCENT)
 HIGHEST    72           500 AM
 LOWEST     31           300 PM
 AVERAGE    52

..........................................................


THE COLUMBIA ASOS CLIMATE NORMALS FOR TOMORROW
                         NORMAL    RECORD    YEAR
 MAXIMUM TEMPERATURE (F)   52        80      1897
 MINIMUM TEMPERATURE (F)   33        12      1937


SUNRISE AND SUNSET
NOVEMBER 19 2016......SUNRISE   656 AM CST   SUNSET   452 PM CST
NOVEMBER 20 2016......SUNRISE   657 AM CST   SUNSET   452 PM CST


-  INDICATES NEGATIVE NUMBERS.
R  INDICATES RECORD WAS SET OR TIED.
MM INDICATES DATA IS MISSING.
T  INDICATES TRACE AMOUNT.




$$
