000
CDUS43 KLSX 231134 CCA
CLICOU

CLIMATE REPORT
NATIONAL WEATHER SERVICE ST LOUIS MO
136 AM CST SUN NOV 23 2014


...................................

...THE COLUMBIA ASOS CLIMATE SUMMARY FOR NOVEMBER 22 2014...

CLIMATE NORMAL PERIOD 1981 TO 2010
CLIMATE RECORD PERIOD 1890 TO 2014


WEATHER ITEM   OBSERVED TIME   RECORD YEAR NORMAL DEPARTURE LAST
                VALUE   (LST)  VALUE       VALUE  FROM      YEAR
                                                  NORMAL
..................................................................
TEMPERATURE (F)
 YESTERDAY
  MAXIMUM         60    309 PM  75    1955  50     10       42
  MINIMUM         46   1237 AM   9    1926  32     14       29
  AVERAGE         53                        41     12       36

PRECIPITATION (IN)
  YESTERDAY        T             1.67 1992   0.11  -0.11      T
  MONTH TO DATE    0.36                      2.39  -2.03     1.47
  SINCE SEP 1     16.69                      9.57   7.12     6.72
  SINCE JAN 1     40.98                     39.32   1.66    39.81

SNOWFALL (IN)
  YESTERDAY        0.0           3.5  1941   0.1   -0.1      0.0
  MONTH TO DATE    0.5                       0.5    0.0      0.0
  SINCE SEP 1      0.5                       0.5    0.0      0.0
  SINCE JUL 1      0.5                       0.5    0.0      0.0
  SNOW DEPTH       0

DEGREE DAYS
 HEATING
  YESTERDAY       12                        24    -12       29
  MONTH TO DATE  592                       412    180      405
  SINCE SEP 1    886                       775    111      729
  SINCE JUL 1    886                       777    109      729

 COOLING
  YESTERDAY        0                         0      0        0
  MONTH TO DATE    0                         0      0        0
  SINCE SEP 1    156                       164     -8      255
  SINCE JAN 1   1266                      1247     19     1322
..................................................................


WIND (MPH)
  HIGHEST WIND SPEED    23   HIGHEST WIND DIRECTION     S (170)
  HIGHEST GUST SPEED    29   HIGHEST GUST DIRECTION     S (170)
  AVERAGE WIND SPEED    14.0


SKY COVER
  AVERAGE SKY COVER 0.9


WEATHER CONDITIONS
 THE FOLLOWING WEATHER WAS RECORDED YESTERDAY.
  LIGHT RAIN


RELATIVE HUMIDITY (PERCENT)
 HIGHEST    93
 LOWEST     69
 AVERAGE    81

..........................................................


THE COLUMBIA ASOS CLIMATE NORMALS FOR TODAY
                         NORMAL    RECORD    YEAR
 MAXIMUM TEMPERATURE (F)   50        75      1974
 MINIMUM TEMPERATURE (F)   32         4      1950


SUNRISE AND SUNSET
NOVEMBER 23 2014......SUNRISE   700 AM CST   SUNSET   450 PM CST
NOVEMBER 24 2014......SUNRISE   701 AM CST   SUNSET   450 PM CST


-  INDICATES NEGATIVE NUMBERS.
R  INDICATES RECORD WAS SET OR TIED.
MM INDICATES DATA IS MISSING.
T  INDICATES TRACE AMOUNT.




$$
