000
CDUS43 KLSX 152229
CLICOU


CLIMATE REPORT
NATIONAL WEATHER SERVICE ST LOUIS MO
529 PM CDT MON AUG 15 2016


...................................

...THE COLUMBIA ASOS CLIMATE SUMMARY FOR AUGUST 15 2016...
VALID TODAY AS OF 0500 PM LOCAL TIME.

CLIMATE NORMAL PERIOD 1981 TO 2010
CLIMATE RECORD PERIOD 1890 TO 2016


WEATHER ITEM   OBSERVED TIME   RECORD YEAR NORMAL DEPARTURE LAST
                VALUE   (LST)  VALUE       VALUE  FROM      YEAR
                                                  NORMAL
..................................................................
TEMPERATURE (F)
 TODAY
  MAXIMUM         74    359 PM 108    1936  88    -14       88
  MINIMUM         66    207 AM  47    1992  66      0       66
  AVERAGE         70                        77     -7       77

PRECIPITATION (IN)
  TODAY            0.01          2.94 1982   0.14  -0.13     0.00
  MONTH TO DATE    5.15                      2.04   3.11     0.34
  SINCE JUN 1     17.52                     10.88   6.64    16.30
  SINCE JAN 1     27.65                     27.43   0.22    29.16

SNOWFALL (IN)
  TODAY            0.0           0.0  2015   0.0    0.0      0.0
  MONTH TO DATE    0.0                       0.0    0.0      0.0
  SINCE JUN 1      0.0                       0.0    0.0      0.0
  SINCE JUL 1      0.0                       0.0    0.0      0.0
  SNOW DEPTH       0

DEGREE DAYS
 HEATING
  TODAY            0                         0      0        0
  MONTH TO DATE    0                         0      0        0
  SINCE JUN 1      0                        11    -11        8
  SINCE JUL 1      0                         0      0        1

 COOLING
  TODAY            5                        12     -7       12
  MONTH TO DATE  190                       180     10      188
  SINCE JUN 1   1008                       810    198      897
  SINCE JAN 1   1132                       913    219     1016
..................................................................


WIND (MPH)
  HIGHEST WIND SPEED    14   HIGHEST WIND DIRECTION     N (360)
  HIGHEST GUST SPEED    18   HIGHEST GUST DIRECTION     N (20)
  AVERAGE WIND SPEED     6.9


SKY COVER
  AVERAGE SKY COVER 0.9



RELATIVE HUMIDITY (PERCENT)
 HIGHEST   100           300 AM
 LOWEST     87           100 PM
 AVERAGE    94

..........................................................


THE COLUMBIA ASOS CLIMATE NORMALS FOR TOMORROW
                         NORMAL    RECORD    YEAR
 MAXIMUM TEMPERATURE (F)   87       103      2007
 MINIMUM TEMPERATURE (F)   66        48      1992


SUNRISE AND SUNSET
AUGUST 15 2016........SUNRISE   623 AM CDT   SUNSET   803 PM CDT
AUGUST 16 2016........SUNRISE   624 AM CDT   SUNSET   801 PM CDT


-  INDICATES NEGATIVE NUMBERS.
R  INDICATES RECORD WAS SET OR TIED.
MM INDICATES DATA IS MISSING.
T  INDICATES TRACE AMOUNT.




$$
