000
CDUS43 KLSX 032226
CLICOU


CLIMATE REPORT
NATIONAL WEATHER SERVICE ST LOUIS MO
426 PM CST FRI FEB 3 2017


...................................

...THE COLUMBIA ASOS CLIMATE SUMMARY FOR FEBRUARY 3 2017...
VALID TODAY AS OF 0400 PM LOCAL TIME.

CLIMATE NORMAL PERIOD 1981 TO 2010
CLIMATE RECORD PERIOD 1890 TO 2017


WEATHER ITEM   OBSERVED TIME   RECORD YEAR NORMAL DEPARTURE LAST
                VALUE   (LST)  VALUE       VALUE  FROM      YEAR
                                                  NORMAL
..................................................................
TEMPERATURE (F)
 TODAY
  MAXIMUM         35    348 PM  70    1962  40     -5       39
                                      1890
  MINIMUM         21    741 AM -13    1996  22     -1       28
  AVERAGE         28                        31     -3       34

PRECIPITATION (IN)
  TODAY            0.00          1.78 1903   0.07  -0.07     0.00
  MONTH TO DATE    0.00                      0.20  -0.20     0.02
  SINCE DEC 1      2.02                      4.56  -2.54     7.96
  SINCE JAN 1      1.01                      2.12  -1.11     0.92

SNOWFALL (IN)
  TODAY            0.0           4.5  1912   0.2   -0.2      0.0
  MONTH TO DATE    0.0                       0.6   -0.6      0.0
  SINCE DEC 1      1.6                      11.1   -9.5      6.9
  SINCE JUL 1      1.6                      12.0  -10.4      6.9
  SNOW DEPTH       0

DEGREE DAYS
 HEATING
  TODAY           37                        34      3       31
  MONTH TO DATE  102                       102      0       64
  SINCE DEC 1   2026                      2206   -180     1793
  SINCE JUL 1   2609                      3191   -582     2489

 COOLING
  TODAY            0                         0      0        0
  MONTH TO DATE    0                         0      0        0
  SINCE DEC 1      0                         0      0        0
  SINCE JAN 1      0                         0      0        0
..................................................................


WIND (MPH)
  HIGHEST WIND SPEED    16   HIGHEST WIND DIRECTION     N (360)
  HIGHEST GUST SPEED    20   HIGHEST GUST DIRECTION    NW (330)
  AVERAGE WIND SPEED     9.0


SKY COVER
  AVERAGE SKY COVER 0.4



RELATIVE HUMIDITY (PERCENT)
 HIGHEST    68          1200 AM
 LOWEST     32           200 PM
 AVERAGE    50

..........................................................


THE COLUMBIA ASOS CLIMATE NORMALS FOR TOMORROW
                         NORMAL    RECORD    YEAR
 MAXIMUM TEMPERATURE (F)   41        77      1962
 MINIMUM TEMPERATURE (F)   22       -16      1895


SUNRISE AND SUNSET
FEBRUARY  3 2017......SUNRISE   713 AM CST   SUNSET   533 PM CST
FEBRUARY  4 2017......SUNRISE   712 AM CST   SUNSET   534 PM CST


-  INDICATES NEGATIVE NUMBERS.
R  INDICATES RECORD WAS SET OR TIED.
MM INDICATES DATA IS MISSING.
T  INDICATES TRACE AMOUNT.




$$
