000
CDUS43 KLSX 150738
CLICOU


CLIMATE REPORT
NATIONAL WEATHER SERVICE ST LOUIS MO
237 AM CDT MON SEP 15 2014


...................................

...THE COLUMBIA ASOS CLIMATE SUMMARY FOR SEPTEMBER 14 2014...

CLIMATE NORMAL PERIOD 1981 TO 2010
CLIMATE RECORD PERIOD 1890 TO 2014


WEATHER ITEM   OBSERVED TIME   RECORD YEAR NORMAL DEPARTURE LAST
                VALUE   (LST)  VALUE       VALUE  FROM      YEAR
                                                  NORMAL
..................................................................
TEMPERATURE (F)
 YESTERDAY
  MAXIMUM         71    151 PM 104    1893  80     -9       79
  MINIMUM         45    502 AM  40    1892  57    -12       47
                                      1890
  AVERAGE         58                        68    -10       63

PRECIPITATION (IN)
  YESTERDAY        0.00          1.99 2008   0.13  -0.13     0.00
  MONTH TO DATE    6.15                      1.82   4.33     0.54
  SINCE SEP 1      6.15                      1.82   4.33     0.54
  SINCE JAN 1     30.44                     31.57  -1.13    33.63

SNOWFALL (IN)
  YESTERDAY        0.0           0.0  2013   0.0    0.0      0.0
  MONTH TO DATE    0.0                       0.0    0.0      0.0
  SINCE SEP 1      0.0                       0.0    0.0      0.0
  SINCE JUL 1      0.0                       0.0    0.0      0.0
  SNOW DEPTH       0

DEGREE DAYS
 HEATING
  YESTERDAY        7                         1      6        2
  MONTH TO DATE   40                         8     32        2
  SINCE SEP 1     40                         8     32        2
  SINCE JUL 1     40                        10     30        2

 COOLING
  YESTERDAY        0                         5     -5        0
  MONTH TO DATE   83                        94    -11      154
  SINCE SEP 1     83                        94    -11      154
  SINCE JAN 1   1193                      1177     16     1221
..................................................................


WIND (MPH)
  HIGHEST WIND SPEED    13   HIGHEST WIND DIRECTION     S (190)
  HIGHEST GUST SPEED    15   HIGHEST GUST DIRECTION     S (200)
  AVERAGE WIND SPEED     6.4


SKY COVER
  AVERAGE SKY COVER 0.5


WEATHER CONDITIONS
 THE FOLLOWING WEATHER WAS RECORDED YESTERDAY.
  NO SIGNIFICANT WEATHER WAS OBSERVED.


RELATIVE HUMIDITY (PERCENT)
 HIGHEST    93
 LOWEST     51
 AVERAGE    72

..........................................................


THE COLUMBIA ASOS CLIMATE NORMALS FOR TODAY
                         NORMAL    RECORD    YEAR
 MAXIMUM TEMPERATURE (F)   79       101      1893
 MINIMUM TEMPERATURE (F)   57        38      1904


SUNRISE AND SUNSET
SEPTEMBER 15 2014.....SUNRISE   650 AM CDT   SUNSET   717 PM CDT
SEPTEMBER 16 2014.....SUNRISE   651 AM CDT   SUNSET   715 PM CDT


-  INDICATES NEGATIVE NUMBERS.
R  INDICATES RECORD WAS SET OR TIED.
MM INDICATES DATA IS MISSING.
T  INDICATES TRACE AMOUNT.




$$
