000
CDUS43 KLSX 142228
CLICOU


CLIMATE REPORT
NATIONAL WEATHER SERVICE ST LOUIS MO
527 PM CDT FRI JUL 14 2017


...................................

...THE COLUMBIA ASOS CLIMATE SUMMARY FOR JULY 14 2017...
VALID TODAY AS OF 0500 PM LOCAL TIME.

CLIMATE NORMAL PERIOD 1981 TO 2010
CLIMATE RECORD PERIOD 1890 TO 2017


WEATHER ITEM   OBSERVED TIME   RECORD YEAR NORMAL DEPARTURE LAST
                VALUE   (LST)  VALUE       VALUE  FROM      YEAR
                                                  NORMAL
..................................................................
TEMPERATURE (F)
 TODAY
  MAXIMUM         89    218 PM 113    1954  88      1       88
  MINIMUM         72    610 AM  50    1967  67      5       69
  AVERAGE         81                        78      3       79

PRECIPITATION (IN)
  TODAY            0.09          1.35 1907   0.14  -0.05     0.00
  MONTH TO DATE    1.89                      2.10  -0.21     7.85
  SINCE JUN 1      5.65                      6.57  -0.92     9.31
  SINCE JAN 1     25.55                     23.12   2.43    19.44

SNOWFALL (IN)
  TODAY            0.0           0.0  2015   0.0    0.0      0.0
  MONTH TO DATE    0.0                       0.0    0.0      0.0
  SINCE JUN 1      0.0                       0.0    0.0      0.0
  SINCE JUL 1      0.0                       0.0    0.0      0.0
  SNOW DEPTH       0

DEGREE DAYS
 HEATING
  TODAY            0                         0      0        0
  MONTH TO DATE    0                         0      0        0
  SINCE JUN 1      1                        11    -10        0
  SINCE JUL 1      0                         0      0        0

 COOLING
  TODAY           16                        12      4       14
  MONTH TO DATE  193                       168     25      160
  SINCE JUN 1    473                       416     57      554
  SINCE JAN 1    607                       519     88      678
..................................................................


WIND (MPH)
  HIGHEST WIND SPEED    10   HIGHEST WIND DIRECTION    NE (50)
  HIGHEST GUST SPEED    13   HIGHEST GUST DIRECTION    NE (50)
  AVERAGE WIND SPEED     5.5


SKY COVER
  AVERAGE SKY COVER 0.6



RELATIVE HUMIDITY (PERCENT)
 HIGHEST   100           600 AM
 LOWEST     59           100 PM
 AVERAGE    80

..........................................................


THE COLUMBIA ASOS CLIMATE NORMALS FOR TOMORROW
                         NORMAL    RECORD    YEAR
 MAXIMUM TEMPERATURE (F)   88       111      1936
 MINIMUM TEMPERATURE (F)   67        47      1891


SUNRISE AND SUNSET
JULY 14 2017..........SUNRISE   556 AM CDT   SUNSET   834 PM CDT
JULY 15 2017..........SUNRISE   556 AM CDT   SUNSET   833 PM CDT


-  INDICATES NEGATIVE NUMBERS.
R  INDICATES RECORD WAS SET OR TIED.
MM INDICATES DATA IS MISSING.
T  INDICATES TRACE AMOUNT.




$$
