884
CDUS43 KLSX 092237
CLICOU


CLIMATE REPORT
NATIONAL WEATHER SERVICE ST LOUIS MO
435 PM CST MON JAN 9 2017


...................................

...THE COLUMBIA ASOS CLIMATE SUMMARY FOR JANUARY 9 2017...
VALID TODAY AS OF 0400 PM LOCAL TIME.

CLIMATE NORMAL PERIOD 1981 TO 2010
CLIMATE RECORD PERIOD 1890 TO 2017


WEATHER ITEM   OBSERVED TIME   RECORD YEAR NORMAL DEPARTURE LAST
                VALUE   (LST)  VALUE       VALUE  FROM      YEAR
                                                  NORMAL
..................................................................
TEMPERATURE (F)
 TODAY
  MAXIMUM         47    359 PM  67    1939  38      9       38
  MINIMUM         21    711 AM  -6    1962  21      0       11
  AVERAGE         34                        29      5       25

PRECIPITATION (IN)
  TODAY            0.00          1.97 1901   0.06  -0.06     0.31
  MONTH TO DATE    0.14                      0.58  -0.44     0.69
  SINCE DEC 1      1.15                      3.02  -1.87     7.73
  SINCE JAN 1      0.14                      0.58  -0.44     0.69

SNOWFALL (IN)
  TODAY            0.0           8.6  1987   0.2   -0.2      4.0
  MONTH TO DATE    1.0                       1.8   -0.8      4.0
  SINCE DEC 1      1.5                       6.2   -4.7      4.0
  SINCE JUL 1      1.5                       7.1   -5.6      4.0
  SNOW DEPTH       0

DEGREE DAYS
 HEATING
  TODAY           31                        36     -5       40
  MONTH TO DATE  366                       320     46      279
  SINCE DEC 1   1383                      1330     53      962
  SINCE JUL 1   1966                      2315   -349     1658

 COOLING
  TODAY            0                         0      0        0
  MONTH TO DATE    0                         0      0        0
  SINCE DEC 1      0                         0      0        0
  SINCE JAN 1      0                         0      0        0
..................................................................


WIND (MPH)
  HIGHEST WIND SPEED    21   HIGHEST WIND DIRECTION     S (160)
  HIGHEST GUST SPEED    27   HIGHEST GUST DIRECTION     S (170)
  AVERAGE WIND SPEED    13.1


SKY COVER
  AVERAGE SKY COVER 0.2



RELATIVE HUMIDITY (PERCENT)
 HIGHEST    74           800 AM
 LOWEST     45           300 PM
 AVERAGE    60

..........................................................


THE COLUMBIA ASOS CLIMATE NORMALS FOR TOMORROW
                         NORMAL    RECORD    YEAR
 MAXIMUM TEMPERATURE (F)   38        68      1911
 MINIMUM TEMPERATURE (F)   21       -19      1982


SUNRISE AND SUNSET
JANUARY  9 2017.......SUNRISE   727 AM CST   SUNSET   505 PM CST
JANUARY 10 2017.......SUNRISE   727 AM CST   SUNSET   506 PM CST


-  INDICATES NEGATIVE NUMBERS.
R  INDICATES RECORD WAS SET OR TIED.
MM INDICATES DATA IS MISSING.
T  INDICATES TRACE AMOUNT.




$$
