000
CDUS43 KLSX 130745
CLICOU


CLIMATE REPORT
NATIONAL WEATHER SERVICE ST LOUIS MO
245 AM CDT SUN APR 13 2014


...................................

...THE COLUMBIA ASOS CLIMATE SUMMARY FOR APRIL 12 2014...

CLIMATE NORMAL PERIOD 1981 TO 2010
CLIMATE RECORD PERIOD 1890 TO 2014


WEATHER ITEM   OBSERVED TIME   RECORD YEAR NORMAL DEPARTURE LAST
                VALUE   (LST)  VALUE       VALUE  FROM      YEAR
                                                  NORMAL
..................................................................
TEMPERATURE (F)
 YESTERDAY
  MAXIMUM         84    213 PM  90    1972  65     19       44
  MINIMUM         56    532 AM  21    1940  43     13       34
  AVERAGE         70                        54     16       39

PRECIPITATION (IN)
  YESTERDAY        0.00          1.15 1927   0.13  -0.13     0.00
  MONTH TO DATE    6.41                      1.57   4.84     2.70
  SINCE MAR 1      7.64                      4.48   3.16     5.99
  SINCE JAN 1      9.90                      8.65   1.25    12.23

SNOWFALL (IN)
  YESTERDAY        0.0           0.5  1951   0.0    0.0      0.0
  MONTH TO DATE    0.0                       0.1   -0.1      0.0
  SINCE MAR 1      0.5                       1.8   -1.3     10.3
  SINCE JUL 1     17.8                      17.9   -0.1     35.0
  SNOW DEPTH       0

DEGREE DAYS
 HEATING
  YESTERDAY        0                        12    -12       26
  MONTH TO DATE  144                       160    -16      164
  SINCE MAR 1    874                       796     78      978
  SINCE JUL 1   5303                      4742    561     4561

 COOLING
  YESTERDAY        5                         1      4        0
  MONTH TO DATE    5                         5      0       10
  SINCE MAR 1      5                         8     -3       10
  SINCE JAN 1      5                         8     -3       11
..................................................................


WIND (MPH)
  HIGHEST WIND SPEED    26   HIGHEST WIND DIRECTION     S (180)
  HIGHEST GUST SPEED    36   HIGHEST GUST DIRECTION     S (180)
  AVERAGE WIND SPEED    15.7


SKY COVER
  AVERAGE SKY COVER 0.0


WEATHER CONDITIONS
 THE FOLLOWING WEATHER WAS RECORDED YESTERDAY.
  NO SIGNIFICANT WEATHER WAS OBSERVED.


RELATIVE HUMIDITY (PERCENT)
 HIGHEST    93
 LOWEST     40
 AVERAGE    67

..........................................................


THE COLUMBIA ASOS CLIMATE NORMALS FOR TODAY
                         NORMAL    RECORD    YEAR
 MAXIMUM TEMPERATURE (F)   65        88      2006
 MINIMUM TEMPERATURE (F)   43        22      1950


SUNRISE AND SUNSET
APRIL 13 2014.........SUNRISE   635 AM CDT   SUNSET   744 PM CDT
APRIL 14 2014.........SUNRISE   634 AM CDT   SUNSET   745 PM CDT


-  INDICATES NEGATIVE NUMBERS.
R  INDICATES RECORD WAS SET OR TIED.
MM INDICATES DATA IS MISSING.
T  INDICATES TRACE AMOUNT.




$$
