000
CDUS43 KLSX 152127
CLICOU


CLIMATE REPORT
NATIONAL WEATHER SERVICE ST LOUIS MO
426 PM CDT THU JUN 15 2017


...................................

...THE COLUMBIA ASOS CLIMATE SUMMARY FOR JUNE 15 2017...
VALID TODAY AS OF 0400 PM LOCAL TIME.

CLIMATE NORMAL PERIOD 1981 TO 2010
CLIMATE RECORD PERIOD 1890 TO 2017


WEATHER ITEM   OBSERVED TIME   RECORD YEAR NORMAL DEPARTURE LAST
                VALUE   (LST)  VALUE       VALUE  FROM      YEAR
                                                  NORMAL
..................................................................
TEMPERATURE (F)
 TODAY
  MAXIMUM         90    251 PM  99    2016  83      7       99
  MINIMUM         64    425 AM  46    1917  63      1       76
  AVERAGE         77                        73      4       88

PRECIPITATION (IN)
  TODAY            1.05          3.18 1898   0.15   0.90      T
  MONTH TO DATE    1.97                      2.25  -0.28     0.04
  SINCE JUN 1      1.97                      2.25  -0.28     0.04
  SINCE JAN 1     21.87                     18.80   3.07    10.17

SNOWFALL (IN)
  TODAY            0.0           0.0  2015   0.0    0.0      0.0
  MONTH TO DATE    0.0                       0.0    0.0      0.0
  SINCE JUN 1      0.0                       0.0    0.0      0.0
  SINCE JUL 1      1.6                      18.0  -16.4      9.0
  SNOW DEPTH       0

DEGREE DAYS
 HEATING
  TODAY            0                         0      0        0
  MONTH TO DATE    0                         9     -9        0
  SINCE JUN 1      0                         9     -9        0
  SINCE JUL 1   3816                      5021  -1205     3952

 COOLING
  TODAY           12                         8      4       23
  MONTH TO DATE  150                        97     53      161
  SINCE JUN 1    150                        97     53      161
  SINCE JAN 1    284                       200     84      285
..................................................................


WIND (MPH)
  HIGHEST WIND SPEED    37   HIGHEST WIND DIRECTION    NE (40)
  HIGHEST GUST SPEED    45   HIGHEST GUST DIRECTION    NE (50)
  AVERAGE WIND SPEED    10.5


SKY COVER
  AVERAGE SKY COVER 0.4



RELATIVE HUMIDITY (PERCENT)
 HIGHEST    93           400 AM
 LOWEST     50           100 PM
 AVERAGE    72

..........................................................


THE COLUMBIA ASOS CLIMATE NORMALS FOR TOMORROW
                         NORMAL    RECORD    YEAR
 MAXIMUM TEMPERATURE (F)   83       100      1936
                                             1918
 MINIMUM TEMPERATURE (F)   63        46      1917


SUNRISE AND SUNSET
JUNE 15 2017..........SUNRISE   543 AM CDT   SUNSET   836 PM CDT
JUNE 16 2017..........SUNRISE   543 AM CDT   SUNSET   836 PM CDT


-  INDICATES NEGATIVE NUMBERS.
R  INDICATES RECORD WAS SET OR TIED.
MM INDICATES DATA IS MISSING.
T  INDICATES TRACE AMOUNT.




$$
