000
CDUS43 KLSX 162237
CLICOU


CLIMATE REPORT
NATIONAL WEATHER SERVICE ST LOUIS MO
435 PM CST SUN NOV 16 2014


...................................

...THE COLUMBIA ASOS CLIMATE SUMMARY FOR NOVEMBER 16 2014...
VALID TODAY AS OF 0400 PM LOCAL TIME.

CLIMATE NORMAL PERIOD 1981 TO 2010
CLIMATE RECORD PERIOD 1890 TO 2014


WEATHER ITEM   OBSERVED TIME   RECORD YEAR NORMAL DEPARTURE LAST
                VALUE   (LST)  VALUE       VALUE  FROM      YEAR
                                                  NORMAL
..................................................................
TEMPERATURE (F)
 TODAY
  MAXIMUM         32   1152 AM  81    1952  54    -22       66
  MINIMUM         26    347 PM   8    1959  35     -9       52
                                      1932
  AVERAGE         29                        44    -15       59

PRECIPITATION (IN)
  TODAY            0.06          2.27 1928   0.11  -0.05     0.07
  MONTH TO DATE    0.36                      1.73  -1.37     0.98
  SINCE SEP 1     16.69                      8.91   7.78     6.23
  SINCE JAN 1     40.98                     38.66   2.32    39.32

SNOWFALL (IN)
  TODAY            0.5 R         0.1  1989   0.0    0.5      0.0
  MONTH TO DATE    0.5                       0.2    0.3      0.0
  SINCE SEP 1      0.5                       0.2    0.3      0.0
  SINCE JUL 1      0.5                       0.2    0.3      0.0
  SNOW DEPTH       0

DEGREE DAYS
 HEATING
  TODAY           36                        21     15        6
  MONTH TO DATE  385                       277    108      288
  SINCE SEP 1    679                       640     39      612
  SINCE JUL 1    679                       642     37      612

 COOLING
  TODAY            0                         0      0        0
  MONTH TO DATE    0                         0      0        0
  SINCE SEP 1    156                       164     -8      255
  SINCE JAN 1   1266                      1247     19     1322
..................................................................


WIND (MPH)
  HIGHEST WIND SPEED    14   HIGHEST WIND DIRECTION     W (290)
  HIGHEST GUST SPEED    17   HIGHEST GUST DIRECTION    NW (300)
  AVERAGE WIND SPEED     5.3


SKY COVER
  AVERAGE SKY COVER 1.0



RELATIVE HUMIDITY (PERCENT)
 HIGHEST    92           200 PM
 LOWEST     72          1100 AM
 AVERAGE    82

..........................................................


THE COLUMBIA ASOS CLIMATE NORMALS FOR TOMORROW
                         NORMAL    RECORD    YEAR
 MAXIMUM TEMPERATURE (F)   53        78      1958
                                             1941
 MINIMUM TEMPERATURE (F)   34         4      1959


SUNRISE AND SUNSET
NOVEMBER 16 2014......SUNRISE   652 AM CST   SUNSET   454 PM CST
NOVEMBER 17 2014......SUNRISE   654 AM CST   SUNSET   454 PM CST


-  INDICATES NEGATIVE NUMBERS.
R  INDICATES RECORD WAS SET OR TIED.
MM INDICATES DATA IS MISSING.
T  INDICATES TRACE AMOUNT.




$$
