000
CDUS43 KLSX 202244
CLICOU


CLIMATE REPORT
NATIONAL WEATHER SERVICE ST LOUIS MO
443 PM CST TUE JAN 20 2015


...................................

...THE COLUMBIA ASOS CLIMATE SUMMARY FOR JANUARY 20 2015...
VALID TODAY AS OF 0400 PM LOCAL TIME.

CLIMATE NORMAL PERIOD 1981 TO 2010
CLIMATE RECORD PERIOD 1890 TO 2015


WEATHER ITEM   OBSERVED TIME   RECORD YEAR NORMAL DEPARTURE LAST
                VALUE   (LST)  VALUE       VALUE  FROM      YEAR
                                                  NORMAL
..................................................................
TEMPERATURE (F)
 TODAY
  MAXIMUM         47    347 PM  72    1906  38      9       51
  MINIMUM         32    721 AM -17    1985  21     11       29
  AVERAGE         40                        30     10       40

PRECIPITATION (IN)
  TODAY            0.00          1.64 1894   0.07  -0.07      T
  MONTH TO DATE    0.53                      1.24  -0.71     0.90
  SINCE DEC 1      2.71                      3.68  -0.97     2.61
  SINCE JAN 1      0.53                      1.24  -0.71     0.90

SNOWFALL (IN)
  TODAY            0.0           4.5  1959   0.2   -0.2       T
  MONTH TO DATE    0.1                       3.9   -3.8      7.5
  SINCE DEC 1      1.1                       8.3   -7.2      9.9
  SINCE JUL 1      1.9                       9.2   -7.3      9.9
  SNOW DEPTH       0

DEGREE DAYS
 HEATING
  TODAY           25                        35    -10       25
  MONTH TO DATE  717                       713      4      766
  SINCE DEC 1   1587                      1723   -136     1846
  SINCE JUL 1   2668                      2708    -40     2853

 COOLING
  TODAY            0                         0      0        0
  MONTH TO DATE    0                         0      0        0
  SINCE DEC 1      0                         0      0        0
  SINCE JAN 1      0                         0      0        0
..................................................................


WIND (MPH)
  HIGHEST WIND SPEED    13   HIGHEST WIND DIRECTION     W (280)
  HIGHEST GUST SPEED    15   HIGHEST GUST DIRECTION     W (280)
  AVERAGE WIND SPEED     7.6


SKY COVER
  AVERAGE SKY COVER 0.0



RELATIVE HUMIDITY (PERCENT)
 HIGHEST    82           500 AM
 LOWEST     58          1200 PM
 AVERAGE    70

..........................................................


THE COLUMBIA ASOS CLIMATE NORMALS FOR TOMORROW
                         NORMAL    RECORD    YEAR
 MAXIMUM TEMPERATURE (F)   39        73      1957
 MINIMUM TEMPERATURE (F)   21       -11      1970


SUNRISE AND SUNSET
JANUARY 20 2015.......SUNRISE   724 AM CST   SUNSET   516 PM CST
JANUARY 21 2015.......SUNRISE   723 AM CST   SUNSET   518 PM CST


-  INDICATES NEGATIVE NUMBERS.
R  INDICATES RECORD WAS SET OR TIED.
MM INDICATES DATA IS MISSING.
T  INDICATES TRACE AMOUNT.




$$
