000
CDUS43 KLSX 052230
CLICOU


CLIMATE REPORT
NATIONAL WEATHER SERVICE ST LOUIS MO
529 PM CDT SAT JUL 5 2014


...................................

...THE COLUMBIA ASOS CLIMATE SUMMARY FOR JULY 5 2014...
VALID TODAY AS OF 0500 PM LOCAL TIME.

CLIMATE NORMAL PERIOD 1981 TO 2010
CLIMATE RECORD PERIOD 1890 TO 2014


WEATHER ITEM   OBSERVED TIME   RECORD YEAR NORMAL DEPARTURE LAST
                VALUE   (LST)  VALUE       VALUE  FROM      YEAR
                                                  NORMAL
..................................................................
TEMPERATURE (F)
 TODAY
  MAXIMUM         79    359 PM 105    2012  87     -8       85
                                      1911
  MINIMUM         61    511 AM  49    1972  67     -6       63
  AVERAGE         70                        77     -7       74

PRECIPITATION (IN)
  TODAY            T             1.64 1897   0.14  -0.14      T
  MONTH TO DATE    0.07                      0.75  -0.68      T
  SINCE JUN 1      5.14                      5.22  -0.08     2.05
  SINCE JAN 1     19.96                     21.77  -1.81    28.76

SNOWFALL (IN)
  TODAY            0.0           0.0  2013   0.0    0.0      0.0
  MONTH TO DATE    0.0                       0.0    0.0      0.0
  SINCE JUN 1      0.0                       0.0    0.0      0.0
  SINCE JUL 1      0.0                       0.0    0.0      0.0
  SNOW DEPTH       0

DEGREE DAYS
 HEATING
  TODAY            0                         0      0        0
  MONTH TO DATE    0                         0      0        0
  SINCE JUN 1      0                        11    -11        6
  SINCE JUL 1      0                         0      0        0

 COOLING
  TODAY            5                        12     -7        9
  MONTH TO DATE   24                        60    -36       31
  SINCE JUN 1    311                       308      3      298
  SINCE JAN 1    471                       411     60      432
..................................................................


WIND (MPH)
  HIGHEST WIND SPEED    21   HIGHEST WIND DIRECTION     S (170)
  HIGHEST GUST SPEED    27   HIGHEST GUST DIRECTION     S (170)
  AVERAGE WIND SPEED     9.2


SKY COVER
  AVERAGE SKY COVER 0.4



RELATIVE HUMIDITY (PERCENT)
 HIGHEST    90           400 AM
 LOWEST     67           400 PM
 AVERAGE    79

..........................................................


THE COLUMBIA ASOS CLIMATE NORMALS FOR TOMORROW
                         NORMAL    RECORD    YEAR
 MAXIMUM TEMPERATURE (F)   87       106      2012
 MINIMUM TEMPERATURE (F)   67        51      1972


SUNRISE AND SUNSET
JULY  5 2014..........SUNRISE   550 AM CDT   SUNSET   837 PM CDT
JULY  6 2014..........SUNRISE   550 AM CDT   SUNSET   837 PM CDT


-  INDICATES NEGATIVE NUMBERS.
R  INDICATES RECORD WAS SET OR TIED.
MM INDICATES DATA IS MISSING.
T  INDICATES TRACE AMOUNT.




$$
