459
CDUS43 KLSX 122228
CLICOU


CLIMATE REPORT
NATIONAL WEATHER SERVICE ST LOUIS MO
428 PM CST SUN FEB 12 2017


...................................

...THE COLUMBIA ASOS CLIMATE SUMMARY FOR FEBRUARY 12 2017...
VALID TODAY AS OF 0400 PM LOCAL TIME.

CLIMATE NORMAL PERIOD 1981 TO 2010
CLIMATE RECORD PERIOD 1890 TO 2017


WEATHER ITEM   OBSERVED TIME   RECORD YEAR NORMAL DEPARTURE LAST
                VALUE   (LST)  VALUE       VALUE  FROM      YEAR
                                                  NORMAL
..................................................................
TEMPERATURE (F)
 TODAY
  MAXIMUM         55    110 PM  75    1990  43     12       35
  MINIMUM         40    658 AM -26    1899  24     16       17
  AVERAGE         48                        33     15       26

PRECIPITATION (IN)
  TODAY            0.00          0.91 1931   0.09  -0.09      T
  MONTH TO DATE    0.00                      0.90  -0.90     0.13
  SINCE DEC 1      2.02                      5.26  -3.24     8.07
  SINCE JAN 1      1.01                      2.82  -1.81     1.03

SNOWFALL (IN)
  TODAY            0.0           8.0  1894   0.2   -0.2       T
  MONTH TO DATE    0.0                       2.2   -2.2      1.1
  SINCE DEC 1      1.6                      12.7  -11.1      8.0
  SINCE JUL 1      1.6                      13.6  -12.0      8.0
  SNOW DEPTH       0

DEGREE DAYS
 HEATING
  TODAY           17                        32    -15       39
  MONTH TO DATE  310                       396    -86      371
  SINCE DEC 1   2234                      2500   -266     2100
  SINCE JUL 1   2817                      3485   -668     2796

 COOLING
  TODAY            0                         0      0        0
  MONTH TO DATE    0                         0      0        0
  SINCE DEC 1      0                         0      0        0
  SINCE JAN 1      0                         0      0        0
..................................................................


WIND (MPH)
  HIGHEST WIND SPEED    25   HIGHEST WIND DIRECTION     N (360)
  HIGHEST GUST SPEED    32   HIGHEST GUST DIRECTION     N (360)
  AVERAGE WIND SPEED    15.0


SKY COVER
  AVERAGE SKY COVER 0.1



RELATIVE HUMIDITY (PERCENT)
 HIGHEST    86          1200 AM
 LOWEST     26           200 PM
 AVERAGE    56

..........................................................


THE COLUMBIA ASOS CLIMATE NORMALS FOR TOMORROW
                         NORMAL    RECORD    YEAR
 MAXIMUM TEMPERATURE (F)   43        75      1962
 MINIMUM TEMPERATURE (F)   24       -25      1905


SUNRISE AND SUNSET
FEBRUARY 12 2017......SUNRISE   703 AM CST   SUNSET   543 PM CST
FEBRUARY 13 2017......SUNRISE   702 AM CST   SUNSET   545 PM CST


-  INDICATES NEGATIVE NUMBERS.
R  INDICATES RECORD WAS SET OR TIED.
MM INDICATES DATA IS MISSING.
T  INDICATES TRACE AMOUNT.




$$
