000
CDUS43 KLSX 140727
CLICOU


CLIMATE REPORT
NATIONAL WEATHER SERVICE ST LOUIS MO
126 AM CST SUN DEC 14 2014


...................................

...THE COLUMBIA ASOS CLIMATE SUMMARY FOR DECEMBER 13 2014...

CLIMATE NORMAL PERIOD 1981 TO 2010
CLIMATE RECORD PERIOD 1890 TO 2014


WEATHER ITEM   OBSERVED TIME   RECORD YEAR NORMAL DEPARTURE LAST
                VALUE   (LST)  VALUE       VALUE  FROM      YEAR
                                                  NORMAL
..................................................................
TEMPERATURE (F)
 YESTERDAY
  MAXIMUM         50    328 PM  75    1948  41      9       35
  MINIMUM         37    338 AM  -6    1917  24     13       23
  AVERAGE         44                        33     11       29

PRECIPITATION (IN)
  YESTERDAY        0.00          0.97 1901   0.08  -0.08     0.91
  MONTH TO DATE    1.26                      1.15   0.11     0.95
  SINCE DEC 1      1.26                      1.15   0.11     0.95
  SINCE JAN 1     43.20                     41.33   1.87    40.76

SNOWFALL (IN)
  YESTERDAY        0.0           5.7  2003   0.1   -0.1      1.4
  MONTH TO DATE    T                         1.5   -1.5      1.6
  SINCE DEC 1      T                         1.5   -1.5      1.6
  SINCE JUL 1      0.8                       2.4   -1.6      1.6
  SNOW DEPTH       0

DEGREE DAYS
 HEATING
  YESTERDAY       21                        32    -11       36
  MONTH TO DATE  368                       393    -25      464
  SINCE DEC 1    368                       393    -25      464
  SINCE JUL 1   1449                      1378     71     1471

 COOLING
  YESTERDAY        0                         0      0        0
  MONTH TO DATE    0                         0      0        0
  SINCE DEC 1      0                         0      0        0
  SINCE JAN 1   1266                      1249     17     1322
..................................................................


WIND (MPH)
  HIGHEST WIND SPEED    13   HIGHEST WIND DIRECTION     S (170)
  HIGHEST GUST SPEED    15   HIGHEST GUST DIRECTION     S (170)
  AVERAGE WIND SPEED     7.8


SKY COVER
  AVERAGE SKY COVER 0.8


WEATHER CONDITIONS
 THE FOLLOWING WEATHER WAS RECORDED YESTERDAY.
  FOG


RELATIVE HUMIDITY (PERCENT)
 HIGHEST   100
 LOWEST     80
 AVERAGE    90

..........................................................


THE COLUMBIA ASOS CLIMATE NORMALS FOR TODAY
                         NORMAL    RECORD    YEAR
 MAXIMUM TEMPERATURE (F)   41        70      1975
 MINIMUM TEMPERATURE (F)   24       -12      1898


SUNRISE AND SUNSET
DECEMBER 14 2014......SUNRISE   719 AM CST   SUNSET   448 PM CST
DECEMBER 15 2014......SUNRISE   720 AM CST   SUNSET   448 PM CST


-  INDICATES NEGATIVE NUMBERS.
R  INDICATES RECORD WAS SET OR TIED.
MM INDICATES DATA IS MISSING.
T  INDICATES TRACE AMOUNT.




$$
