000
CDUS43 KLSX 230751
CLICOU


CLIMATE REPORT
NATIONAL WEATHER SERVICE ST LOUIS MO
147 AM CST MON FEB 23 2015


...................................

...THE COLUMBIA ASOS CLIMATE SUMMARY FOR FEBRUARY 22 2015...

CLIMATE NORMAL PERIOD 1981 TO 2010
CLIMATE RECORD PERIOD 1890 TO 2015


WEATHER ITEM   OBSERVED TIME   RECORD YEAR NORMAL DEPARTURE LAST
                VALUE   (LST)  VALUE       VALUE  FROM      YEAR
                                                  NORMAL
..................................................................
TEMPERATURE (F)
 YESTERDAY
  MAXIMUM         28   1206 AM  76    1995  46    -18       55
  MINIMUM         11   1159 PM   2    1978  27    -16       29
  AVERAGE         20                        37    -17       42

PRECIPITATION (IN)
  YESTERDAY        0.00          2.14 1985   0.09  -0.09      T
  MONTH TO DATE    1.04                      1.73  -0.69     1.36
  SINCE DEC 1      4.16                      6.09  -1.93     3.97
  SINCE JAN 1      1.98                      3.65  -1.67     2.26

SNOWFALL (IN)
  YESTERDAY        0.0           3.7  1952   0.1   -0.1      0.0
  MONTH TO DATE    5.0                       3.9    1.1      7.4
  SINCE DEC 1      6.1                      14.4   -8.3     17.3
  SINCE JUL 1      6.9                      15.3   -8.4     17.3
  SNOW DEPTH       0

DEGREE DAYS
 HEATING
  YESTERDAY       45                        28     17       23
  MONTH TO DATE  832                       694    138      876
  SINCE DEC 1   2710                      2798    -88     3187
  SINCE JUL 1   3791                      3783      8     4194

 COOLING
  YESTERDAY        0                         0      0        0
  MONTH TO DATE    0                         0      0        0
  SINCE DEC 1      0                         0      0        0
  SINCE JAN 1      0                         0      0        0
..................................................................


WIND (MPH)
  HIGHEST WIND SPEED    23   HIGHEST WIND DIRECTION     N (340)
  HIGHEST GUST SPEED    27   HIGHEST GUST DIRECTION     N (340)
  AVERAGE WIND SPEED    14.6


SKY COVER
  AVERAGE SKY COVER 0.5


WEATHER CONDITIONS
 THE FOLLOWING WEATHER WAS RECORDED YESTERDAY.
  NO SIGNIFICANT WEATHER WAS OBSERVED.


RELATIVE HUMIDITY (PERCENT)
 HIGHEST    81
 LOWEST     41
 AVERAGE    61

..........................................................


THE COLUMBIA ASOS CLIMATE NORMALS FOR TODAY
                         NORMAL    RECORD    YEAR
 MAXIMUM TEMPERATURE (F)   47        73      1933
 MINIMUM TEMPERATURE (F)   27        -1      1910


SUNRISE AND SUNSET
FEBRUARY 23 2015......SUNRISE   650 AM CST   SUNSET   555 PM CST
FEBRUARY 24 2015......SUNRISE   649 AM CST   SUNSET   556 PM CST


-  INDICATES NEGATIVE NUMBERS.
R  INDICATES RECORD WAS SET OR TIED.
MM INDICATES DATA IS MISSING.
T  INDICATES TRACE AMOUNT.




$$
