000
CDUS43 KLSX 152227
CLICOU


CLIMATE REPORT
NATIONAL WEATHER SERVICE ST LOUIS MO
526 PM CDT FRI JUL 15 2016


...................................

...THE COLUMBIA ASOS CLIMATE SUMMARY FOR JULY 15 2016...
VALID TODAY AS OF 0500 PM LOCAL TIME.

CLIMATE NORMAL PERIOD 1981 TO 2010
CLIMATE RECORD PERIOD 1890 TO 2016


WEATHER ITEM   OBSERVED TIME   RECORD YEAR NORMAL DEPARTURE LAST
                VALUE   (LST)  VALUE       VALUE  FROM      YEAR
                                                  NORMAL
..................................................................
TEMPERATURE (F)
 TODAY
  MAXIMUM         88    125 PM 111    1936  88      0       88
  MINIMUM         68    516 AM  47    1891  67      1       74
  AVERAGE         78                        78      0       81

PRECIPITATION (IN)
  TODAY            0.00          1.92 1981   0.15  -0.15      T
  MONTH TO DATE    7.85                      2.25   5.60     4.05
  SINCE JUN 1      9.31                      6.72   2.59    11.61
  SINCE JAN 1     19.44                     23.27  -3.83    24.47

SNOWFALL (IN)
  TODAY            0.0           0.0  2015   0.0    0.0      0.0
  MONTH TO DATE    0.0                       0.0    0.0      0.0
  SINCE JUN 1      0.0                       0.0    0.0      0.0
  SINCE JUL 1      0.0                       0.0    0.0      0.0
  SNOW DEPTH       0

DEGREE DAYS
 HEATING
  TODAY            0                         0      0        0
  MONTH TO DATE    0                         0      0        1
  SINCE JUN 1      0                        11    -11        8
  SINCE JUL 1      0                         0      0        1

 COOLING
  TODAY           13                        13      0       16
  MONTH TO DATE  173                       181     -8      164
  SINCE JUN 1    567                       429    138      475
  SINCE JAN 1    691                       532    159      594
..................................................................


WIND (MPH)
  HIGHEST WIND SPEED    15   HIGHEST WIND DIRECTION     N (360)
  HIGHEST GUST SPEED    18   HIGHEST GUST DIRECTION     N (340)
  AVERAGE WIND SPEED     7.2


SKY COVER
  AVERAGE SKY COVER 0.1



RELATIVE HUMIDITY (PERCENT)
 HIGHEST    93           500 AM
 LOWEST     50           100 PM
 AVERAGE    72

..........................................................


THE COLUMBIA ASOS CLIMATE NORMALS FOR TOMORROW
                         NORMAL    RECORD    YEAR
 MAXIMUM TEMPERATURE (F)   88       105      1936
 MINIMUM TEMPERATURE (F)   67        53      1930


SUNRISE AND SUNSET
JULY 15 2016..........SUNRISE   556 AM CDT   SUNSET   833 PM CDT
JULY 16 2016..........SUNRISE   557 AM CDT   SUNSET   832 PM CDT


-  INDICATES NEGATIVE NUMBERS.
R  INDICATES RECORD WAS SET OR TIED.
MM INDICATES DATA IS MISSING.
T  INDICATES TRACE AMOUNT.




$$
