000
CDUS43 KLSX 082243
CLICOU


CLIMATE REPORT
NATIONAL WEATHER SERVICE ST LOUIS MO
443 PM CST SUN JAN 8 2017


...................................

...THE COLUMBIA ASOS CLIMATE SUMMARY FOR JANUARY 8 2017...
VALID TODAY AS OF 0400 PM LOCAL TIME.

CLIMATE NORMAL PERIOD 1981 TO 2010
CLIMATE RECORD PERIOD 1890 TO 2017


WEATHER ITEM   OBSERVED TIME   RECORD YEAR NORMAL DEPARTURE LAST
                VALUE   (LST)  VALUE       VALUE  FROM      YEAR
                                                  NORMAL
..................................................................
TEMPERATURE (F)
 TODAY
  MAXIMUM         29    324 PM  69    1948  38     -9       49
  MINIMUM          8    541 AM  -6    1979  21    -13       38
                                      1976
  AVERAGE         19                        29    -10       44

PRECIPITATION (IN)
  TODAY            0.00          1.04 2008   0.06  -0.06     0.01
  MONTH TO DATE    0.14                      0.52  -0.38     0.38
  SINCE DEC 1      1.15                      2.96  -1.81     7.42
  SINCE JAN 1      0.14                      0.52  -0.38     0.38

SNOWFALL (IN)
  TODAY            0.0           4.6  1920   0.2   -0.2      0.0
  MONTH TO DATE    1.0                       1.6   -0.6       T
  SINCE DEC 1      1.5                       6.0   -4.5       T
  SINCE JUL 1      1.5                       6.9   -5.4       T
  SNOW DEPTH       T

DEGREE DAYS
 HEATING
  TODAY           46                        36     10       21
  MONTH TO DATE  335                       284     51      239
  SINCE DEC 1   1352                      1294     58      922
  SINCE JUL 1   1935                      2279   -344     1618

 COOLING
  TODAY            0                         0      0        0
  MONTH TO DATE    0                         0      0        0
  SINCE DEC 1      0                         0      0        0
  SINCE JAN 1      0                         0      0        0
..................................................................


WIND (MPH)
  HIGHEST WIND SPEED    17   HIGHEST WIND DIRECTION     S (160)
  HIGHEST GUST SPEED    22   HIGHEST GUST DIRECTION    SE (150)
  AVERAGE WIND SPEED     8.8


SKY COVER
  AVERAGE SKY COVER 0.3



RELATIVE HUMIDITY (PERCENT)
 HIGHEST    83           600 AM
 LOWEST     58           300 PM
 AVERAGE    71

..........................................................


THE COLUMBIA ASOS CLIMATE NORMALS FOR TOMORROW
                         NORMAL    RECORD    YEAR
 MAXIMUM TEMPERATURE (F)   38        67      1939
 MINIMUM TEMPERATURE (F)   21        -6      1962


SUNRISE AND SUNSET
JANUARY  8 2017.......SUNRISE   727 AM CST   SUNSET   504 PM CST
JANUARY  9 2017.......SUNRISE   727 AM CST   SUNSET   505 PM CST


-  INDICATES NEGATIVE NUMBERS.
R  INDICATES RECORD WAS SET OR TIED.
MM INDICATES DATA IS MISSING.
T  INDICATES TRACE AMOUNT.




$$
