000
CDUS43 KLSX 170745
CLICOU


CLIMATE REPORT
NATIONAL WEATHER SERVICE ST LOUIS MO
145 AM CST SAT JAN 17 2015


...................................

...THE COLUMBIA ASOS CLIMATE SUMMARY FOR JANUARY 16 2015...

CLIMATE NORMAL PERIOD 1981 TO 2010
CLIMATE RECORD PERIOD 1890 TO 2015


WEATHER ITEM   OBSERVED TIME   RECORD YEAR NORMAL DEPARTURE LAST
                VALUE   (LST)  VALUE       VALUE  FROM      YEAR
                                                  NORMAL
..................................................................
TEMPERATURE (F)
 YESTERDAY
  MAXIMUM         57    305 PM  70    2012  38     19       47
  MINIMUM         25    637 AM -15    1977  21      4       17
  AVERAGE         41                        29     12       32

PRECIPITATION (IN)
  YESTERDAY        0.00          1.55 1907   0.06  -0.06     0.01
  MONTH TO DATE    0.53                      0.99  -0.46     0.88
  SINCE DEC 1      2.71                      3.43  -0.72     2.59
  SINCE JAN 1      0.53                      0.99  -0.46     0.88

SNOWFALL (IN)
  YESTERDAY        0.0           6.1  1978   0.2   -0.2       T
  MONTH TO DATE    0.1                       3.1   -3.0      7.5
  SINCE DEC 1      1.1                       7.5   -6.4      9.9
  SINCE JUL 1      1.9                       8.4   -6.5      9.9
  SNOW DEPTH       0

DEGREE DAYS
 HEATING
  YESTERDAY       24                        36    -12       33
  MONTH TO DATE  638                       572     66      633
  SINCE DEC 1   1508                      1582    -74     1713
  SINCE JUL 1   2589                      2567     22     2720

 COOLING
  YESTERDAY        0                         0      0        0
  MONTH TO DATE    0                         0      0        0
  SINCE DEC 1      0                         0      0        0
  SINCE JAN 1      0                         0      0        0
..................................................................


WIND (MPH)
  HIGHEST WIND SPEED    14   HIGHEST WIND DIRECTION     S (180)
  HIGHEST GUST SPEED    19   HIGHEST GUST DIRECTION     S (200)
  AVERAGE WIND SPEED     9.1


SKY COVER
  AVERAGE SKY COVER 0.0


WEATHER CONDITIONS
 THE FOLLOWING WEATHER WAS RECORDED YESTERDAY.
  HAZE


RELATIVE HUMIDITY (PERCENT)
 HIGHEST    85
 LOWEST     33
 AVERAGE    59

..........................................................


THE COLUMBIA ASOS CLIMATE NORMALS FOR TODAY
                         NORMAL    RECORD    YEAR
 MAXIMUM TEMPERATURE (F)   38        74      1894
 MINIMUM TEMPERATURE (F)   21       -18      1977


SUNRISE AND SUNSET
JANUARY 17 2015.......SUNRISE   725 AM CST   SUNSET   513 PM CST
JANUARY 18 2015.......SUNRISE   725 AM CST   SUNSET   514 PM CST


-  INDICATES NEGATIVE NUMBERS.
R  INDICATES RECORD WAS SET OR TIED.
MM INDICATES DATA IS MISSING.
T  INDICATES TRACE AMOUNT.




$$
