633
CDUS43 KLSX 162244
CLICOU


CLIMATE REPORT
NATIONAL WEATHER SERVICE ST LOUIS MO
444 PM CST THU NOV 16 2017


...................................

...THE COLUMBIA ASOS CLIMATE SUMMARY FOR NOVEMBER 16 2017...
VALID TODAY AS OF 0400 PM LOCAL TIME.

CLIMATE NORMAL PERIOD 1981 TO 2010
CLIMATE RECORD PERIOD 1890 TO 2017


WEATHER ITEM   OBSERVED TIME   RECORD YEAR NORMAL DEPARTURE LAST
                VALUE   (LST)  VALUE       VALUE  FROM      YEAR
                                                  NORMAL
..................................................................
TEMPERATURE (F)
 TODAY
  MAXIMUM         50    325 PM  81    1952  54     -4       72
  MINIMUM         29    640 AM   8    1959  35     -6       44
                                      1932
  AVERAGE         40                        44     -4       58

PRECIPITATION (IN)
  TODAY            0.00          2.27 1928   0.11  -0.11     0.00
  MONTH TO DATE    0.14                      1.73  -1.59     1.75
  SINCE SEP 1      6.07                      8.91  -2.84    10.66
  SINCE JAN 1     37.18                     38.66  -1.48    39.00

SNOWFALL (IN)
  TODAY            0.0           0.5  2014   0.0    0.0      0.0
  MONTH TO DATE    0.0                       0.2   -0.2      0.0
  SINCE SEP 1      T                         0.2   -0.2      0.0
  SINCE JUL 1      T                         0.2   -0.2      0.0
  SNOW DEPTH       0

DEGREE DAYS
 HEATING
  TODAY           25                        21      4        7
  MONTH TO DATE  295                       277     18      160
  SINCE SEP 1    545                       640    -95      301
  SINCE JUL 1    548                       642    -94      301

 COOLING
  TODAY            0                         0      0        0
  MONTH TO DATE    0                         0      0       15
  SINCE SEP 1    287                       164    123      317
  SINCE JAN 1   1401                      1247    154     1628
..................................................................


WIND (MPH)
  HIGHEST WIND SPEED    12   HIGHEST WIND DIRECTION    NW (330)
  HIGHEST GUST SPEED    15   HIGHEST GUST DIRECTION     N (340)
  AVERAGE WIND SPEED     5.5


SKY COVER
  AVERAGE SKY COVER 0.0



RELATIVE HUMIDITY (PERCENT)
 HIGHEST    85           500 AM
 LOWEST     46           300 PM
 AVERAGE    66

..........................................................


THE COLUMBIA ASOS CLIMATE NORMALS FOR TOMORROW
                         NORMAL    RECORD    YEAR
 MAXIMUM TEMPERATURE (F)   53        80      2016
 MINIMUM TEMPERATURE (F)   34         4      1959


SUNRISE AND SUNSET
NOVEMBER 16 2017......SUNRISE   653 AM CST   SUNSET   454 PM CST
NOVEMBER 17 2017......SUNRISE   654 AM CST   SUNSET   454 PM CST


-  INDICATES NEGATIVE NUMBERS.
R  INDICATES RECORD WAS SET OR TIED.
MM INDICATES DATA IS MISSING.
T  INDICATES TRACE AMOUNT.




$$
