000
CDUS43 KLSX 240755
CLICOU


CLIMATE REPORT
NATIONAL WEATHER SERVICE ST LOUIS MO
253 AM CDT FRI JUL 24 2015


...................................

...THE COLUMBIA ASOS CLIMATE SUMMARY FOR JULY 23 2015...

CLIMATE NORMAL PERIOD 1981 TO 2010
CLIMATE RECORD PERIOD 1890 TO 2015


WEATHER ITEM   OBSERVED TIME   RECORD YEAR NORMAL DEPARTURE LAST
                VALUE   (LST)  VALUE       VALUE  FROM      YEAR
                                                  NORMAL
..................................................................
TEMPERATURE (F)
 YESTERDAY
  MAXIMUM         86    352 PM 110    1901  88     -2       88
  MINIMUM         69    408 AM  50    1894  67      2       64
  AVERAGE         78                        78      0       76

PRECIPITATION (IN)
  YESTERDAY        0.00          3.37 1981   0.13  -0.13     0.00
  MONTH TO DATE    6.67                      3.37   3.30     1.46
  SINCE JUN 1     14.23                      7.84   6.39     6.53
  SINCE JAN 1     27.09                     24.39   2.70    21.35

SNOWFALL (IN)
  YESTERDAY        0.0           0.0  2013   0.0    0.0      0.0
  MONTH TO DATE    0.0                       0.0    0.0      0.0
  SINCE JUN 1      0.0                       0.0    0.0      0.0
  SINCE JUL 1      0.0                       0.0    0.0      0.0
  SNOW DEPTH       0

DEGREE DAYS
 HEATING
  YESTERDAY        0                         0      0        0
  MONTH TO DATE    1                         0      1        0
  SINCE JUN 1      8                        11     -3        0
  SINCE JUL 1      1                         0      1        0

 COOLING
  YESTERDAY       13                        12      1       11
  MONTH TO DATE  277                       282     -5      190
  SINCE JUN 1    588                       530     58      477
  SINCE JAN 1    707                       633     74      637
..................................................................


WIND (MPH)
  HIGHEST WIND SPEED    12   HIGHEST WIND DIRECTION     E (80)
  HIGHEST GUST SPEED    14   HIGHEST GUST DIRECTION     E (80)
  AVERAGE WIND SPEED     6.7


SKY COVER
  AVERAGE SKY COVER 0.4


WEATHER CONDITIONS
 THE FOLLOWING WEATHER WAS RECORDED YESTERDAY.
  NO SIGNIFICANT WEATHER WAS OBSERVED.


RELATIVE HUMIDITY (PERCENT)
 HIGHEST    97
 LOWEST     61
 AVERAGE    79

..........................................................


THE COLUMBIA ASOS CLIMATE NORMALS FOR TODAY
                         NORMAL    RECORD    YEAR
 MAXIMUM TEMPERATURE (F)   88       110      1934
                                             1901
 MINIMUM TEMPERATURE (F)   67        52      1904


SUNRISE AND SUNSET
JULY 24 2015..........SUNRISE   603 AM CDT   SUNSET   827 PM CDT
JULY 25 2015..........SUNRISE   604 AM CDT   SUNSET   826 PM CDT


-  INDICATES NEGATIVE NUMBERS.
R  INDICATES RECORD WAS SET OR TIED.
MM INDICATES DATA IS MISSING.
T  INDICATES TRACE AMOUNT.




$$
