000
CDUS43 KLSX 250730
CLICOU


CLIMATE REPORT
NATIONAL WEATHER SERVICE ST LOUIS MO
229 AM CDT THU JUN 25 2015


...................................

...THE COLUMBIA ASOS CLIMATE SUMMARY FOR JUNE 24 2015...

CLIMATE NORMAL PERIOD 1981 TO 2010
CLIMATE RECORD PERIOD 1890 TO 2015


WEATHER ITEM   OBSERVED TIME   RECORD YEAR NORMAL DEPARTURE LAST
                VALUE   (LST)  VALUE       VALUE  FROM      YEAR
                                                  NORMAL
..................................................................
TEMPERATURE (F)
 YESTERDAY
  MAXIMUM         86    629 PM 103    1988  85      1       86
  MINIMUM         67    529 AM  50    1974  65      2       68
  AVERAGE         77                        75      2       77

PRECIPITATION (IN)
  YESTERDAY        0.00          3.27 1955   0.15  -0.15     0.00
  MONTH TO DATE    7.03                      3.60   3.43     4.88
  SINCE JUN 1      7.03                      3.60   3.43     4.88
  SINCE JAN 1     19.89                     20.15  -0.26    19.70

SNOWFALL (IN)
  YESTERDAY        0.0           0.0  2013   0.0    0.0      0.0
  MONTH TO DATE    0.0                       0.0    0.0      0.0
  SINCE JUN 1      0.0                       0.0    0.0      0.0
  SINCE JUL 1     12.0                      18.0   -6.0     17.8
  SNOW DEPTH       0

DEGREE DAYS
 HEATING
  YESTERDAY        0                         0      0        0
  MONTH TO DATE    7                         9     -2        0
  SINCE JUN 1      7                         9     -2        0
  SINCE JUL 1   4946                      5021    -75     5572

 COOLING
  YESTERDAY       12                        10      2       12
  MONTH TO DATE  249                       181     68      208
  SINCE JUN 1    249                       181     68      208
  SINCE JAN 1    368                       284     84      368
..................................................................


WIND (MPH)
  HIGHEST WIND SPEED    21   HIGHEST WIND DIRECTION    NE (40)
  HIGHEST GUST SPEED    25   HIGHEST GUST DIRECTION    NE (30)
  AVERAGE WIND SPEED     8.7


SKY COVER
  AVERAGE SKY COVER 0.1


WEATHER CONDITIONS
 THE FOLLOWING WEATHER WAS RECORDED YESTERDAY.
  NO SIGNIFICANT WEATHER WAS OBSERVED.


RELATIVE HUMIDITY (PERCENT)
 HIGHEST    93
 LOWEST     65
 AVERAGE    79

..........................................................


THE COLUMBIA ASOS CLIMATE NORMALS FOR TODAY
                         NORMAL    RECORD    YEAR
 MAXIMUM TEMPERATURE (F)   86       102      1988
                                             1901
 MINIMUM TEMPERATURE (F)   66        50      1974


SUNRISE AND SUNSET
JUNE 25 2015..........SUNRISE   545 AM CDT   SUNSET   838 PM CDT
JUNE 26 2015..........SUNRISE   545 AM CDT   SUNSET   838 PM CDT


-  INDICATES NEGATIVE NUMBERS.
R  INDICATES RECORD WAS SET OR TIED.
MM INDICATES DATA IS MISSING.
T  INDICATES TRACE AMOUNT.




$$
