000
CDUS43 KLSX 192139
CLICOU


CLIMATE REPORT
NATIONAL WEATHER SERVICE ST LOUIS MO
438 PM CDT TUE APR 19 2016


...................................

...THE COLUMBIA ASOS CLIMATE SUMMARY FOR APRIL 19 2016...
VALID TODAY AS OF 0400 PM LOCAL TIME.

CLIMATE NORMAL PERIOD 1981 TO 2010
CLIMATE RECORD PERIOD 1890 TO 2016


WEATHER ITEM   OBSERVED TIME   RECORD YEAR NORMAL DEPARTURE LAST
                VALUE   (LST)  VALUE       VALUE  FROM      YEAR
                                                  NORMAL
..................................................................
TEMPERATURE (F)
 TODAY
  MAXIMUM         75    205 PM  87    1996  67      8       68
                                      1987
  MINIMUM         60    611 AM  28    1983  45     15       52
                                      1949
  AVERAGE         68                        56     12       60

PRECIPITATION (IN)
  TODAY            0.29          2.39 1893   0.16   0.13     1.09
  MONTH TO DATE    0.93                      2.63  -1.70     3.03
  SINCE MAR 1      2.81                      5.54  -2.73     4.57
  SINCE JAN 1      4.46                      9.71  -5.25     6.92

SNOWFALL (IN)
  TODAY            0.0           T    1953   0.0    0.0      0.0
  MONTH TO DATE    0.0                       0.2   -0.2      0.0
  SINCE MAR 1      T                         1.9   -1.9      1.6
  SINCE JUL 1      9.0                      18.0   -9.0     12.0
  SNOW DEPTH       0

DEGREE DAYS
 HEATING
  TODAY            0                        10    -10        5
  MONTH TO DATE  198                       233    -35      110
  SINCE MAR 1    616                       869   -253      695
  SINCE JUL 1   3793                      4815  -1022     4750

 COOLING
  TODAY            3                         1      2        0
  MONTH TO DATE   14                        12      2       15
  SINCE MAR 1     18                        15      3       15
  SINCE JAN 1     18                        15      3       15
..................................................................


WIND (MPH)
  HIGHEST WIND SPEED     8   HIGHEST WIND DIRECTION     S (180)
  HIGHEST GUST SPEED    11   HIGHEST GUST DIRECTION    SW (230)
  AVERAGE WIND SPEED     3.4


SKY COVER
  AVERAGE SKY COVER 1.0



RELATIVE HUMIDITY (PERCENT)
 HIGHEST   100          1200 AM
 LOWEST     61           200 PM
 AVERAGE    81

..........................................................


THE COLUMBIA ASOS CLIMATE NORMALS FOR TOMORROW
                         NORMAL    RECORD    YEAR
 MAXIMUM TEMPERATURE (F)   68        90      1987
 MINIMUM TEMPERATURE (F)   46        28      1953


SUNRISE AND SUNSET
APRIL 19 2016.........SUNRISE   626 AM CDT   SUNSET   750 PM CDT
APRIL 20 2016.........SUNRISE   625 AM CDT   SUNSET   751 PM CDT


-  INDICATES NEGATIVE NUMBERS.
R  INDICATES RECORD WAS SET OR TIED.
MM INDICATES DATA IS MISSING.
T  INDICATES TRACE AMOUNT.




$$
