000
CDUS43 KLSX 232226
CLICOU


CLIMATE REPORT
NATIONAL WEATHER SERVICE ST LOUIS MO
526 PM CDT TUE SEP 23 2014


...................................

...THE COLUMBIA ASOS CLIMATE SUMMARY FOR SEPTEMBER 23 2014...
VALID TODAY AS OF 0500 PM LOCAL TIME.

CLIMATE NORMAL PERIOD 1981 TO 2010
CLIMATE RECORD PERIOD 1890 TO 2014


WEATHER ITEM   OBSERVED TIME   RECORD YEAR NORMAL DEPARTURE LAST
                VALUE   (LST)  VALUE       VALUE  FROM      YEAR
                                                  NORMAL
..................................................................
TEMPERATURE (F)
 TODAY
  MAXIMUM         75    259 PM  94    2007  76     -1       78
                                      1891
  MINIMUM         48    516 AM  33    1896  53     -5       52
  AVERAGE         62                        64     -2       65

PRECIPITATION (IN)
  TODAY            0.00          2.72 1959   0.13  -0.13     0.00
  MONTH TO DATE    6.15                      2.94   3.21     2.21
  SINCE SEP 1      6.15                      2.94   3.21     2.21
  SINCE JAN 1     30.44                     32.69  -2.25    35.30

SNOWFALL (IN)
  TODAY            0.0           0.0  2013   0.0    0.0      0.0
  MONTH TO DATE    0.0                       0.0    0.0      0.0
  SINCE SEP 1      0.0                       0.0    0.0      0.0
  SINCE JUL 1      0.0                       0.0    0.0      0.0
  SNOW DEPTH       0

DEGREE DAYS
 HEATING
  TODAY            3                         4     -1        0
  MONTH TO DATE   47                        32     15       12
  SINCE SEP 1     47                        32     15       12
  SINCE JUL 1     47                        34     13       12

 COOLING
  TODAY            0                         3     -3        0
  MONTH TO DATE   97                       128    -31      185
  SINCE SEP 1     97                       128    -31      185
  SINCE JAN 1   1207                      1211     -4     1252
..................................................................


WIND (MPH)
  HIGHEST WIND SPEED    13   HIGHEST WIND DIRECTION    SE (150)
  HIGHEST GUST SPEED    19   HIGHEST GUST DIRECTION    SE (120)
  AVERAGE WIND SPEED     7.2


SKY COVER
  AVERAGE SKY COVER 0.0



RELATIVE HUMIDITY (PERCENT)
 HIGHEST    86           600 AM
 LOWEST     38           300 PM
 AVERAGE    62

..........................................................


THE COLUMBIA ASOS CLIMATE NORMALS FOR TOMORROW
                         NORMAL    RECORD    YEAR
 MAXIMUM TEMPERATURE (F)   75        95      1891
 MINIMUM TEMPERATURE (F)   53        33      1989


SUNRISE AND SUNSET
SEPTEMBER 23 2014.....SUNRISE   657 AM CDT   SUNSET   704 PM CDT
SEPTEMBER 24 2014.....SUNRISE   658 AM CDT   SUNSET   703 PM CDT


-  INDICATES NEGATIVE NUMBERS.
R  INDICATES RECORD WAS SET OR TIED.
MM INDICATES DATA IS MISSING.
T  INDICATES TRACE AMOUNT.




$$
