000
CDUS43 KLSX 120728
CLICOU


CLIMATE REPORT
NATIONAL WEATHER SERVICE ST LOUIS MO
226 AM CDT MON JUN 12 2017


...................................

...THE COLUMBIA ASOS CLIMATE SUMMARY FOR JUNE 11 2017...

CLIMATE NORMAL PERIOD 1981 TO 2010
CLIMATE RECORD PERIOD 1890 TO 2017


WEATHER ITEM   OBSERVED TIME   RECORD YEAR NORMAL DEPARTURE LAST
                VALUE   (LST)  VALUE       VALUE  FROM      YEAR
                                                  NORMAL
..................................................................
TEMPERATURE (F)
 YESTERDAY
  MAXIMUM         88    252 PM 100    1918  82      6       91
  MINIMUM         67    519 AM  43    1913  62      5       67
  AVERAGE         78                        72      6       79

PRECIPITATION (IN)
  YESTERDAY        0.00          1.46 1985   0.15  -0.15     0.00
  MONTH TO DATE    0.86                      1.64  -0.78     0.04
  SINCE JUN 1      0.86                      1.64  -0.78     0.04
  SINCE JAN 1     20.76                     18.19   2.57    10.17

SNOWFALL (IN)
  YESTERDAY        0.0           0.0  2015   0.0    0.0      0.0
  MONTH TO DATE    0.0                       0.0    0.0      0.0
  SINCE JUN 1      0.0                       0.0    0.0      0.0
  SINCE JUL 1      1.6                      18.0  -16.4      9.0
  SNOW DEPTH       0

DEGREE DAYS
 HEATING
  YESTERDAY        0                         0      0        0
  MONTH TO DATE    0                         9     -9        0
  SINCE JUN 1      0                         9     -9        0
  SINCE JUL 1   3816                      5021  -1205     3952

 COOLING
  YESTERDAY       13                         7      6       14
  MONTH TO DATE   89                        66     23       91
  SINCE JUN 1     89                        66     23       91
  SINCE JAN 1    223                       169     54      215
..................................................................


WIND (MPH)
  HIGHEST WIND SPEED    22   HIGHEST WIND DIRECTION     S (170)
  HIGHEST GUST SPEED    29   HIGHEST GUST DIRECTION     S (190)
  AVERAGE WIND SPEED    13.3


SKY COVER
  AVERAGE SKY COVER 0.1


WEATHER CONDITIONS
 THE FOLLOWING WEATHER WAS RECORDED YESTERDAY.
  NO SIGNIFICANT WEATHER WAS OBSERVED.


RELATIVE HUMIDITY (PERCENT)
 HIGHEST    87
 LOWEST     51
 AVERAGE    69

..........................................................


THE COLUMBIA ASOS CLIMATE NORMALS FOR TODAY
                         NORMAL    RECORD    YEAR
 MAXIMUM TEMPERATURE (F)   82        98      1952
 MINIMUM TEMPERATURE (F)   62        43      1903


SUNRISE AND SUNSET
JUNE 12 2017..........SUNRISE   543 AM CDT   SUNSET   835 PM CDT
JUNE 13 2017..........SUNRISE   543 AM CDT   SUNSET   835 PM CDT


-  INDICATES NEGATIVE NUMBERS.
R  INDICATES RECORD WAS SET OR TIED.
MM INDICATES DATA IS MISSING.
T  INDICATES TRACE AMOUNT.




$$
