000
CDUS43 KLSX 302234
CLICOU


CLIMATE REPORT
NATIONAL WEATHER SERVICE ST LOUIS MO
434 PM CST THU NOV 30 2017


...................................

...THE COLUMBIA ASOS CLIMATE SUMMARY FOR NOVEMBER 30 2017...
VALID TODAY AS OF 0400 PM LOCAL TIME.

CLIMATE NORMAL PERIOD 1981 TO 2010
CLIMATE RECORD PERIOD 1890 TO 2017


WEATHER ITEM   OBSERVED TIME   RECORD YEAR NORMAL DEPARTURE LAST
                VALUE   (LST)  VALUE       VALUE  FROM      YEAR
                                                  NORMAL
..................................................................
TEMPERATURE (F)
 TODAY
  MAXIMUM         57    303 PM  70    1970  46     11       40
  MINIMUM         42    751 AM  -3    1929  29     13       28
  AVERAGE         50                        37     13       34

PRECIPITATION (IN)
  TODAY            0.00          1.52 1985   0.11  -0.11     0.00
  MONTH TO DATE    0.36                      3.25  -2.89     1.80
  SINCE SEP 1      6.29                     10.43  -4.14    10.71
  SINCE JAN 1     37.40                     40.18  -2.78    39.05

SNOWFALL (IN)
  TODAY            0.0           4.5  1927   0.1   -0.1      0.0
  MONTH TO DATE    0.0                       0.9   -0.9      0.0
  SINCE SEP 1      T                         0.9   -0.9      0.0
  SINCE JUL 1      T                         0.9   -0.9      0.0
  SNOW DEPTH       0

DEGREE DAYS
 HEATING
  TODAY           15                        28    -13       31
  MONTH TO DATE  525                       620    -95      442
  SINCE SEP 1    775                       983   -208      583
  SINCE JUL 1    778                       985   -207      583

 COOLING
  TODAY            0                         0      0        0
  MONTH TO DATE    0                         2     -2       19
  SINCE SEP 1    287                       166    121      321
  SINCE JAN 1   1401                      1249    152     1632
..................................................................


WIND (MPH)
  HIGHEST WIND SPEED    17   HIGHEST WIND DIRECTION    NW (310)
  HIGHEST GUST SPEED    20   HIGHEST GUST DIRECTION    NW (310)
  AVERAGE WIND SPEED     9.4


SKY COVER
  AVERAGE SKY COVER 0.3



RELATIVE HUMIDITY (PERCENT)
 HIGHEST    57           800 AM
 LOWEST     25           300 PM
 AVERAGE    41

..........................................................


THE COLUMBIA ASOS CLIMATE NORMALS FOR TOMORROW
                         NORMAL    RECORD    YEAR
 MAXIMUM TEMPERATURE (F)   46        68      1982
 MINIMUM TEMPERATURE (F)   28         4      1893


SUNRISE AND SUNSET
NOVEMBER 30 2017......SUNRISE   708 AM CST   SUNSET   448 PM CST
DECEMBER  1 2017......SUNRISE   708 AM CST   SUNSET   447 PM CST


-  INDICATES NEGATIVE NUMBERS.
R  INDICATES RECORD WAS SET OR TIED.
MM INDICATES DATA IS MISSING.
T  INDICATES TRACE AMOUNT.




$$
