000
CDUS43 KLSX 021245
CLICOU


CLIMATE REPORT
NATIONAL WEATHER SERVICE ST LOUIS MO
745 AM CDT THU JUL 2 2015


...................................

...THE COLUMBIA ASOS CLIMATE SUMMARY FOR JULY 1 2015...

CLIMATE NORMAL PERIOD 1981 TO 2010
CLIMATE RECORD PERIOD 1890 TO 2015


WEATHER ITEM   OBSERVED TIME   RECORD YEAR NORMAL DEPARTURE LAST
                VALUE   (LST)  VALUE       VALUE  FROM      YEAR
                                                  NORMAL
..................................................................
TEMPERATURE (F)
 YESTERDAY
  MAXIMUM         81    448 PM 110    1980  87     -6       83
  MINIMUM         68    638 AM  45    1892  67      1       69
  AVERAGE         75                        77     -2       76

PRECIPITATION (IN)
  YESTERDAY        1.70          2.30 1902   0.15   1.55     0.07
  MONTH TO DATE    1.70                      0.15   1.55     0.07
  SINCE JUN 1      9.26                      4.62   4.64     5.14
  SINCE JAN 1     22.12                     21.17   0.95    19.96

SNOWFALL (IN)
  YESTERDAY        0.0           0.0  2013   0.0    0.0      0.0
  MONTH TO DATE    0.0                       0.0    0.0      0.0
  SINCE JUN 1      0.0                       0.0    0.0      0.0
  SINCE JUL 1      0.0                       0.0    0.0      0.0
  SNOW DEPTH       0

DEGREE DAYS
 HEATING
  YESTERDAY        0                         0      0        0
  MONTH TO DATE    0                         0      0        0
  SINCE JUN 1      7                        11     -4        0
  SINCE JUL 1      0                         0      0        0

 COOLING
  YESTERDAY       10                        12     -2       11
  MONTH TO DATE   10                        12     -2       11
  SINCE JUN 1    321                       260     61      298
  SINCE JAN 1    440                       363     77      458
..................................................................


WIND (MPH)
  HIGHEST WIND SPEED    33   HIGHEST WIND DIRECTION     N (20)
  HIGHEST GUST SPEED    39   HIGHEST GUST DIRECTION     N (20)
  AVERAGE WIND SPEED     8.0


SKY COVER
  AVERAGE SKY COVER 0.5


WEATHER CONDITIONS
 THE FOLLOWING WEATHER WAS RECORDED YESTERDAY.
  THUNDERSTORM
  HEAVY RAIN
  RAIN
  LIGHT RAIN
  FOG


RELATIVE HUMIDITY (PERCENT)
 HIGHEST    97
 LOWEST     74
 AVERAGE    86

..........................................................


THE COLUMBIA ASOS CLIMATE NORMALS FOR TODAY
                         NORMAL    RECORD    YEAR
 MAXIMUM TEMPERATURE (F)   87       102      1901
 MINIMUM TEMPERATURE (F)   67        49      1959


SUNRISE AND SUNSET
JULY  2 2015..........SUNRISE   548 AM CDT   SUNSET   838 PM CDT
JULY  3 2015..........SUNRISE   548 AM CDT   SUNSET   838 PM CDT


-  INDICATES NEGATIVE NUMBERS.
R  INDICATES RECORD WAS SET OR TIED.
MM INDICATES DATA IS MISSING.
T  INDICATES TRACE AMOUNT.




$$
