000
CDUS43 KLSX 260733
CLICOU


CLIMATE REPORT
NATIONAL WEATHER SERVICE ST LOUIS MO
131 AM CST THU FEB 26 2015


...................................

...THE COLUMBIA ASOS CLIMATE SUMMARY FOR FEBRUARY 25 2015...

CLIMATE NORMAL PERIOD 1981 TO 2010
CLIMATE RECORD PERIOD 1890 TO 2015


WEATHER ITEM   OBSERVED TIME   RECORD YEAR NORMAL DEPARTURE LAST
                VALUE   (LST)  VALUE       VALUE  FROM      YEAR
                                                  NORMAL
..................................................................
TEMPERATURE (F)
 YESTERDAY
  MAXIMUM         49    335 PM  74    1981  48      1       29
                                      1946
  MINIMUM         20    438 AM  -1    2003  28     -8       16
  AVERAGE         35                        38     -3       23

PRECIPITATION (IN)
  YESTERDAY        T             1.45 1899   0.09  -0.09      T
  MONTH TO DATE    1.04                      1.99  -0.95     1.36
  SINCE DEC 1      4.16                      6.35  -2.19     3.97
  SINCE JAN 1      1.98                      3.91  -1.93     2.26

SNOWFALL (IN)
  YESTERDAY       MM             9.8  1993   0.1   MM         T
  MONTH TO DATE    5.0                       4.3    0.7      7.4
  SINCE DEC 1      6.1                      14.8   -8.7     17.3
  SINCE JUL 1      6.9                      15.7   -8.8     17.3
  SNOW DEPTH       0

DEGREE DAYS
 HEATING
  YESTERDAY       30                        27      3       42
  MONTH TO DATE  954                       777    177      989
  SINCE DEC 1   2832                      2881    -49     3300
  SINCE JUL 1   3913                      3866     47     4307

 COOLING
  YESTERDAY        0                         0      0        0
  MONTH TO DATE    0                         0      0        0
  SINCE DEC 1      0                         0      0        0
  SINCE JAN 1      0                         0      0        0
..................................................................


WIND (MPH)
  HIGHEST WIND SPEED    15   HIGHEST WIND DIRECTION     S (190)
  HIGHEST GUST SPEED    21   HIGHEST GUST DIRECTION    SE (150)
  AVERAGE WIND SPEED     5.8


SKY COVER
  AVERAGE SKY COVER 0.2


WEATHER CONDITIONS
 THE FOLLOWING WEATHER WAS RECORDED YESTERDAY.
  NO SIGNIFICANT WEATHER WAS OBSERVED.


RELATIVE HUMIDITY (PERCENT)
 HIGHEST    84
 LOWEST     31
 AVERAGE    58

..........................................................


THE COLUMBIA ASOS CLIMATE NORMALS FOR TODAY
                         NORMAL    RECORD    YEAR
 MAXIMUM TEMPERATURE (F)   48        77      1996
 MINIMUM TEMPERATURE (F)   28        -1      1934


SUNRISE AND SUNSET
FEBRUARY 26 2015......SUNRISE   646 AM CST   SUNSET   558 PM CST
FEBRUARY 27 2015......SUNRISE   644 AM CST   SUNSET   559 PM CST


-  INDICATES NEGATIVE NUMBERS.
R  INDICATES RECORD WAS SET OR TIED.
MM INDICATES DATA IS MISSING.
T  INDICATES TRACE AMOUNT.




$$
