000
CDUS43 KLSX 150737
CLICOU


CLIMATE REPORT
NATIONAL WEATHER SERVICE ST LOUIS MO
136 AM CST WED FEB 15 2017


...................................

...THE COLUMBIA ASOS CLIMATE SUMMARY FOR FEBRUARY 14 2017...

CLIMATE NORMAL PERIOD 1981 TO 2010
CLIMATE RECORD PERIOD 1890 TO 2017


WEATHER ITEM   OBSERVED TIME   RECORD YEAR NORMAL DEPARTURE LAST
                VALUE   (LST)  VALUE       VALUE  FROM      YEAR
                                                  NORMAL
..................................................................
TEMPERATURE (F)
 YESTERDAY
  MAXIMUM         54    339 PM  76    1954  44     10       33
  MINIMUM         35    558 AM  -5    1905  25     10       20
  AVERAGE         45                        34     11       27

PRECIPITATION (IN)
  YESTERDAY        T             0.93 1990   0.08  -0.08     0.15
  MONTH TO DATE    0.01                      1.06  -1.05     0.28
  SINCE DEC 1      2.03                      5.42  -3.39     8.22
  SINCE JAN 1      1.02                      2.98  -1.96     1.18

SNOWFALL (IN)
  YESTERDAY        0.0           3.4  1930   0.1   -0.1      1.0
  MONTH TO DATE    0.0                       2.5   -2.5      2.1
  SINCE DEC 1      1.6                      13.0  -11.4      9.0
  SINCE JUL 1      1.6                      13.9  -12.3      9.0
  SNOW DEPTH       0

DEGREE DAYS
 HEATING
  YESTERDAY       20                        31    -11       38
  MONTH TO DATE  358                       458   -100      457
  SINCE DEC 1   2282                      2562   -280     2186
  SINCE JUL 1   2865                      3547   -682     2882

 COOLING
  YESTERDAY        0                         0      0        0
  MONTH TO DATE    0                         0      0        0
  SINCE DEC 1      0                         0      0        0
  SINCE JAN 1      0                         0      0        0
..................................................................


WIND (MPH)
  HIGHEST WIND SPEED    14   HIGHEST WIND DIRECTION    NW (330)
  HIGHEST GUST SPEED    19   HIGHEST GUST DIRECTION    NW (330)
  AVERAGE WIND SPEED     7.2


SKY COVER
  AVERAGE SKY COVER 0.0


WEATHER CONDITIONS
 THE FOLLOWING WEATHER WAS RECORDED YESTERDAY.
  LIGHT RAIN
  HAZE


RELATIVE HUMIDITY (PERCENT)
 HIGHEST    70
 LOWEST     38
 AVERAGE    54

..........................................................


THE COLUMBIA ASOS CLIMATE NORMALS FOR TODAY
                         NORMAL    RECORD    YEAR
 MAXIMUM TEMPERATURE (F)   44        78      1911
 MINIMUM TEMPERATURE (F)   25       -15      1905


SUNRISE AND SUNSET
FEBRUARY 15 2017......SUNRISE   700 AM CST   SUNSET   547 PM CST
FEBRUARY 16 2017......SUNRISE   658 AM CST   SUNSET   548 PM CST


-  INDICATES NEGATIVE NUMBERS.
R  INDICATES RECORD WAS SET OR TIED.
MM INDICATES DATA IS MISSING.
T  INDICATES TRACE AMOUNT.




$$
