000
CDUS43 KLSX 240745
CLICOU


CLIMATE REPORT
NATIONAL WEATHER SERVICE ST LOUIS MO
245 AM CDT TUE MAR 24 2015


...................................

...THE COLUMBIA ASOS CLIMATE SUMMARY FOR MARCH 23 2015...

CLIMATE NORMAL PERIOD 1981 TO 2010
CLIMATE RECORD PERIOD 1890 TO 2015


WEATHER ITEM   OBSERVED TIME   RECORD YEAR NORMAL DEPARTURE LAST
                VALUE   (LST)  VALUE       VALUE  FROM      YEAR
                                                  NORMAL
..................................................................
TEMPERATURE (F)
 YESTERDAY
  MAXIMUM         61    237 PM  88    1910  58      3       43
  MINIMUM         38   1159 PM   8    1974  36      2       24
  AVERAGE         50                        47      3       34

PRECIPITATION (IN)
  YESTERDAY        0.00          1.63 1936   0.10  -0.10     0.00
  MONTH TO DATE    0.77                      2.06  -1.29     0.57
  SINCE MAR 1      0.77                      2.06  -1.29     0.57
  SINCE JAN 1      3.12                      6.23  -3.11     2.83

SNOWFALL (IN)
  YESTERDAY        0.0           6.1  1974   0.0    0.0      0.0
  MONTH TO DATE    1.6                       1.5    0.1      0.5
  SINCE MAR 1      1.6                       1.5    0.1      0.5
  SINCE JUL 1     12.0                      17.6   -5.6     17.8
  SNOW DEPTH       0

DEGREE DAYS
 HEATING
  YESTERDAY       15                        18     -3       31
  MONTH TO DATE  435                       503    -68      562
  SINCE MAR 1    435                       503    -68      562
  SINCE JUL 1   4490                      4449     41     4991

 COOLING
  YESTERDAY        0                         0      0        0
  MONTH TO DATE    0                         0      0        0
  SINCE MAR 1      0                         0      0        0
  SINCE JAN 1      0                         0      0        0
..................................................................


WIND (MPH)
  HIGHEST WIND SPEED    23   HIGHEST WIND DIRECTION     W (250)
  HIGHEST GUST SPEED    29   HIGHEST GUST DIRECTION     W (250)
  AVERAGE WIND SPEED    11.5


SKY COVER
  AVERAGE SKY COVER 0.2


WEATHER CONDITIONS
 THE FOLLOWING WEATHER WAS RECORDED YESTERDAY.
  NO SIGNIFICANT WEATHER WAS OBSERVED.


RELATIVE HUMIDITY (PERCENT)
 HIGHEST    80
 LOWEST     47
 AVERAGE    64

..........................................................


THE COLUMBIA ASOS CLIMATE NORMALS FOR TODAY
                         NORMAL    RECORD    YEAR
 MAXIMUM TEMPERATURE (F)   58        89      1929
 MINIMUM TEMPERATURE (F)   37         0      1974


SUNRISE AND SUNSET
MARCH 24 2015.........SUNRISE   706 AM CDT   SUNSET   725 PM CDT
MARCH 25 2015.........SUNRISE   705 AM CDT   SUNSET   725 PM CDT


-  INDICATES NEGATIVE NUMBERS.
R  INDICATES RECORD WAS SET OR TIED.
MM INDICATES DATA IS MISSING.
T  INDICATES TRACE AMOUNT.




$$
