000
CDUS43 KLSX 280745
CLICOU


CLIMATE REPORT
NATIONAL WEATHER SERVICE ST LOUIS MO
245 AM CDT SUN JUN 28 2015


...................................

...THE COLUMBIA ASOS CLIMATE SUMMARY FOR JUNE 27 2015...

CLIMATE NORMAL PERIOD 1981 TO 2010
CLIMATE RECORD PERIOD 1890 TO 2015


WEATHER ITEM   OBSERVED TIME   RECORD YEAR NORMAL DEPARTURE LAST
                VALUE   (LST)  VALUE       VALUE  FROM      YEAR
                                                  NORMAL
..................................................................
TEMPERATURE (F)
 YESTERDAY
  MAXIMUM         81    337 PM 103    2012  86     -5       87
  MINIMUM         65   1159 PM  48    1926  66     -1       68
  AVERAGE         73                        76     -3       78

PRECIPITATION (IN)
  YESTERDAY        0.00          2.58 1909   0.14  -0.14     0.00
  MONTH TO DATE    7.50                      4.03   3.47     4.88
  SINCE JUN 1      7.50                      4.03   3.47     4.88
  SINCE JAN 1     20.36                     20.58  -0.22    19.70

SNOWFALL (IN)
  YESTERDAY        0.0           0.0  2013   0.0    0.0      0.0
  MONTH TO DATE    0.0                       0.0    0.0      0.0
  SINCE JUN 1      0.0                       0.0    0.0      0.0
  SINCE JUL 1     12.0                      18.0   -6.0     17.8
  SNOW DEPTH       0

DEGREE DAYS
 HEATING
  YESTERDAY        0                         0      0        0
  MONTH TO DATE    7                         9     -2        0
  SINCE JUN 1      7                         9     -2        0
  SINCE JUL 1   4946                      5021    -75     5572

 COOLING
  YESTERDAY        8                        11     -3       13
  MONTH TO DATE  281                       214     67      244
  SINCE JUN 1    281                       214     67      244
  SINCE JAN 1    400                       317     83      404
..................................................................


WIND (MPH)
  HIGHEST WIND SPEED    17   HIGHEST WIND DIRECTION     N (360)
  HIGHEST GUST SPEED    21   HIGHEST GUST DIRECTION     N (20)
  AVERAGE WIND SPEED     8.1


SKY COVER
  AVERAGE SKY COVER 0.4


WEATHER CONDITIONS
 THE FOLLOWING WEATHER WAS RECORDED YESTERDAY.
  NO SIGNIFICANT WEATHER WAS OBSERVED.


RELATIVE HUMIDITY (PERCENT)
 HIGHEST    93
 LOWEST     51
 AVERAGE    72

..........................................................


THE COLUMBIA ASOS CLIMATE NORMALS FOR TODAY
                         NORMAL    RECORD    YEAR
 MAXIMUM TEMPERATURE (F)   86       107      2012
 MINIMUM TEMPERATURE (F)   66        53      1985
                                             1926


SUNRISE AND SUNSET
JUNE 28 2015..........SUNRISE   546 AM CDT   SUNSET   838 PM CDT
JUNE 29 2015..........SUNRISE   546 AM CDT   SUNSET   838 PM CDT


-  INDICATES NEGATIVE NUMBERS.
R  INDICATES RECORD WAS SET OR TIED.
MM INDICATES DATA IS MISSING.
T  INDICATES TRACE AMOUNT.




$$
