846
CDUS43 KLSX 300735
CLICOU


CLIMATE REPORT
NATIONAL WEATHER SERVICE ST LOUIS MO
232 AM CDT SAT APR 30 2016


...................................

...THE COLUMBIA ASOS CLIMATE SUMMARY FOR APRIL 29 2016...

CLIMATE NORMAL PERIOD 1981 TO 2010
CLIMATE RECORD PERIOD 1890 TO 2016


WEATHER ITEM   OBSERVED TIME   RECORD YEAR NORMAL DEPARTURE LAST
                VALUE   (LST)  VALUE       VALUE  FROM      YEAR
                                                  NORMAL
..................................................................
TEMPERATURE (F)
 YESTERDAY
  MAXIMUM         64    102 PM  91    1910  70     -6       74
  MINIMUM         49    606 AM  32    2008  48      1       45
  AVERAGE         57                        59     -2       60

PRECIPITATION (IN)
  YESTERDAY        0.24          3.08 2012   0.17   0.07     0.00
  MONTH TO DATE    2.29                      4.32  -2.03     3.29
  SINCE MAR 1      4.17                      7.23  -3.06     4.83
  SINCE JAN 1      5.82                     11.40  -5.58     7.18

SNOWFALL (IN)
  YESTERDAY        0.0           0.0  2015   0.0    0.0      0.0
  MONTH TO DATE    0.0                       0.2   -0.2      0.0
  SINCE MAR 1      T                         1.9   -1.9      1.6
  SINCE JUL 1      9.0                      18.0   -9.0     12.0
  SNOW DEPTH       0

DEGREE DAYS
 HEATING
  YESTERDAY        8                         7      1        5
  MONTH TO DATE  229                       313    -84      213
  SINCE MAR 1    647                       949   -302      798
  SINCE JUL 1   3824                      4895  -1071     4853

 COOLING
  YESTERDAY        0                         1     -1        0
  MONTH TO DATE   28                        22      6       15
  SINCE MAR 1     32                        25      7       15
  SINCE JAN 1     32                        25      7       15
..................................................................


WIND (MPH)
  HIGHEST WIND SPEED    24   HIGHEST WIND DIRECTION    SE (120)
  HIGHEST GUST SPEED    30   HIGHEST GUST DIRECTION    SE (120)
  AVERAGE WIND SPEED     9.2


SKY COVER
  AVERAGE SKY COVER 0.6


WEATHER CONDITIONS
 THE FOLLOWING WEATHER WAS RECORDED YESTERDAY.
  RAIN
  LIGHT RAIN
  FOG


RELATIVE HUMIDITY (PERCENT)
 HIGHEST    93
 LOWEST     63
 AVERAGE    78

..........................................................


THE COLUMBIA ASOS CLIMATE NORMALS FOR TODAY
                         NORMAL    RECORD    YEAR
 MAXIMUM TEMPERATURE (F)   70        90      1942
                                             1936
                                             1895
 MINIMUM TEMPERATURE (F)   49        28      1908


SUNRISE AND SUNSET
APRIL 30 2016.........SUNRISE   612 AM CDT   SUNSET   801 PM CDT
MAY  1 2016...........SUNRISE   611 AM CDT   SUNSET   802 PM CDT


-  INDICATES NEGATIVE NUMBERS.
R  INDICATES RECORD WAS SET OR TIED.
MM INDICATES DATA IS MISSING.
T  INDICATES TRACE AMOUNT.




$$
