000
CDUS43 KLSX 160728
CLICOU


CLIMATE REPORT
NATIONAL WEATHER SERVICE ST LOUIS MO
227 AM CDT SAT AUG 16 2014


...................................

...THE COLUMBIA ASOS CLIMATE SUMMARY FOR AUGUST 15 2014...

CLIMATE NORMAL PERIOD 1981 TO 2010
CLIMATE RECORD PERIOD 1890 TO 2014


WEATHER ITEM   OBSERVED TIME   RECORD YEAR NORMAL DEPARTURE LAST
                VALUE   (LST)  VALUE       VALUE  FROM      YEAR
                                                  NORMAL
..................................................................
TEMPERATURE (F)
 YESTERDAY
  MAXIMUM         81    201 PM 108    1936  88     -7       76
  MINIMUM         64    448 AM  47    1992  66     -2       57
  AVERAGE         73                        77     -4       67

PRECIPITATION (IN)
  YESTERDAY        0.03          2.94 1982   0.14  -0.11     0.00
  MONTH TO DATE    1.70                      2.04  -0.34     1.87
  SINCE JUN 1      8.23                     10.88  -2.65     6.37
  SINCE JAN 1     23.05                     27.43  -4.38    33.08

SNOWFALL (IN)
  YESTERDAY        0.0           0.0  2013   0.0    0.0      0.0
  MONTH TO DATE    0.0                       0.0    0.0      0.0
  SINCE JUN 1      0.0                       0.0    0.0      0.0
  SINCE JUL 1      0.0                       0.0    0.0      0.0
  SNOW DEPTH       0

DEGREE DAYS
 HEATING
  YESTERDAY        0                         0      0        0
  MONTH TO DATE    0                         0      0        0
  SINCE JUN 1      0                        11    -11        6
  SINCE JUL 1      0                         0      0        0

 COOLING
  YESTERDAY        8                        12     -4        2
  MONTH TO DATE  143                       180    -37      125
  SINCE JUN 1    696                       810   -114      714
  SINCE JAN 1    856                       913    -57      848
..................................................................


WIND (MPH)
  HIGHEST WIND SPEED    14   HIGHEST WIND DIRECTION     E (90)
  HIGHEST GUST SPEED    18   HIGHEST GUST DIRECTION     E (90)
  AVERAGE WIND SPEED     6.7


SKY COVER
  AVERAGE SKY COVER 0.3


WEATHER CONDITIONS
 THE FOLLOWING WEATHER WAS RECORDED YESTERDAY.
  LIGHT RAIN


RELATIVE HUMIDITY (PERCENT)
 HIGHEST    90
 LOWEST     62
 AVERAGE    76

..........................................................


THE COLUMBIA ASOS CLIMATE NORMALS FOR TODAY
                         NORMAL    RECORD    YEAR
 MAXIMUM TEMPERATURE (F)   87       103      2007
 MINIMUM TEMPERATURE (F)   66        48      1992


SUNRISE AND SUNSET
AUGUST 16 2014........SUNRISE   624 AM CDT   SUNSET   802 PM CDT
AUGUST 17 2014........SUNRISE   624 AM CDT   SUNSET   801 PM CDT


-  INDICATES NEGATIVE NUMBERS.
R  INDICATES RECORD WAS SET OR TIED.
MM INDICATES DATA IS MISSING.
T  INDICATES TRACE AMOUNT.




$$
