000
CDUS43 KLSX 160731
CLICOU


CLIMATE REPORT
NATIONAL WEATHER SERVICE ST LOUIS MO
230 AM CDT THU OCT 16 2014


...................................

...THE COLUMBIA ASOS CLIMATE SUMMARY FOR OCTOBER 15 2014...

CLIMATE NORMAL PERIOD 1981 TO 2010
CLIMATE RECORD PERIOD 1890 TO 2014


WEATHER ITEM   OBSERVED TIME   RECORD YEAR NORMAL DEPARTURE LAST
                VALUE   (LST)  VALUE       VALUE  FROM      YEAR
                                                  NORMAL
..................................................................
TEMPERATURE (F)
 YESTERDAY
  MAXIMUM         67    323 PM  91    1897  68     -1       63
  MINIMUM         48    709 AM  29    1893  45      3       47
                                      1891
  AVERAGE         58                        56      2       55

PRECIPITATION (IN)
  YESTERDAY        0.00          1.22 1980   0.11  -0.11     0.38
  MONTH TO DATE    9.86                      1.71   8.15     0.99
  SINCE SEP 1     16.01                      5.58  10.43     3.41
  SINCE JAN 1     40.30                     35.33   4.97    36.50

SNOWFALL (IN)
  YESTERDAY        0.0           0.0  2013   0.0    0.0      0.0
  MONTH TO DATE    0.0                       0.0    0.0      0.0
  SINCE SEP 1      0.0                       0.0    0.0      0.0
  SINCE JUL 1      0.0                       0.0    0.0      0.0
  SNOW DEPTH       0

DEGREE DAYS
 HEATING
  YESTERDAY        7                         9     -2       10
  MONTH TO DATE  107                       112     -5       58
  SINCE SEP 1    154                       178    -24       74
  SINCE JUL 1    154                       180    -26       74

 COOLING
  YESTERDAY        0                         0      0        0
  MONTH TO DATE    6                        15     -9       47
  SINCE SEP 1    144                       159    -15      254
  SINCE JAN 1   1254                      1242     12     1321
..................................................................


WIND (MPH)
  HIGHEST WIND SPEED    23   HIGHEST WIND DIRECTION    NW (310)
  HIGHEST GUST SPEED    32   HIGHEST GUST DIRECTION    NW (330)
  AVERAGE WIND SPEED    11.7


SKY COVER
  AVERAGE SKY COVER 0.3


WEATHER CONDITIONS
 THE FOLLOWING WEATHER WAS RECORDED YESTERDAY.
  NO SIGNIFICANT WEATHER WAS OBSERVED.


RELATIVE HUMIDITY (PERCENT)
 HIGHEST    86
 LOWEST     32
 AVERAGE    59

..........................................................


THE COLUMBIA ASOS CLIMATE NORMALS FOR TODAY
                         NORMAL    RECORD    YEAR
 MAXIMUM TEMPERATURE (F)   67        86      1950
                                             1938
 MINIMUM TEMPERATURE (F)   45        30      1976


SUNRISE AND SUNSET
OCTOBER 16 2014.......SUNRISE   719 AM CDT   SUNSET   629 PM CDT
OCTOBER 17 2014.......SUNRISE   720 AM CDT   SUNSET   628 PM CDT


-  INDICATES NEGATIVE NUMBERS.
R  INDICATES RECORD WAS SET OR TIED.
MM INDICATES DATA IS MISSING.
T  INDICATES TRACE AMOUNT.




$$
