000
CDUS43 KLSX 142230
CLICOU


CLIMATE REPORT
NATIONAL WEATHER SERVICE ST LOUIS MO
529 PM CDT THU JUL 14 2016


...................................

...THE COLUMBIA ASOS CLIMATE SUMMARY FOR JULY 14 2016...
VALID TODAY AS OF 0500 PM LOCAL TIME.

CLIMATE NORMAL PERIOD 1981 TO 2010
CLIMATE RECORD PERIOD 1890 TO 2016


WEATHER ITEM   OBSERVED TIME   RECORD YEAR NORMAL DEPARTURE LAST
                VALUE   (LST)  VALUE       VALUE  FROM      YEAR
                                                  NORMAL
..................................................................
TEMPERATURE (F)
 TODAY
  MAXIMUM         88    139 PM 113    1954  88      0       94
  MINIMUM         69    542 AM  50    1967  67      2       76
  AVERAGE         79                        78      1       85

PRECIPITATION (IN)
  TODAY            0.00          1.35 1907   0.14  -0.14     0.00
  MONTH TO DATE    7.85                      2.10   5.75     4.05
  SINCE JUN 1      9.31                      6.57   2.74    11.61
  SINCE JAN 1     19.44                     23.12  -3.68    24.47

SNOWFALL (IN)
  TODAY            0.0           0.0  2015   0.0    0.0      0.0
  MONTH TO DATE    0.0                       0.0    0.0      0.0
  SINCE JUN 1      0.0                       0.0    0.0      0.0
  SINCE JUL 1      0.0                       0.0    0.0      0.0
  SNOW DEPTH       0

DEGREE DAYS
 HEATING
  TODAY            0                         0      0        0
  MONTH TO DATE    0                         0      0        1
  SINCE JUN 1      0                        11    -11        8
  SINCE JUL 1      0                         0      0        1

 COOLING
  TODAY           14                        12      2       20
  MONTH TO DATE  160                       168     -8      148
  SINCE JUN 1    554                       416    138      459
  SINCE JAN 1    678                       519    159      578
..................................................................


WIND (MPH)
  HIGHEST WIND SPEED    21   HIGHEST WIND DIRECTION     W (270)
  HIGHEST GUST SPEED    26   HIGHEST GUST DIRECTION     W (270)
  AVERAGE WIND SPEED     6.6


SKY COVER
  AVERAGE SKY COVER 0.2



RELATIVE HUMIDITY (PERCENT)
 HIGHEST   100           400 AM
 LOWEST     65          1100 AM
 AVERAGE    83

..........................................................


THE COLUMBIA ASOS CLIMATE NORMALS FOR TOMORROW
                         NORMAL    RECORD    YEAR
 MAXIMUM TEMPERATURE (F)   88       111      1936
 MINIMUM TEMPERATURE (F)   67        47      1891


SUNRISE AND SUNSET
JULY 14 2016..........SUNRISE   556 AM CDT   SUNSET   833 PM CDT
JULY 15 2016..........SUNRISE   556 AM CDT   SUNSET   833 PM CDT


-  INDICATES NEGATIVE NUMBERS.
R  INDICATES RECORD WAS SET OR TIED.
MM INDICATES DATA IS MISSING.
T  INDICATES TRACE AMOUNT.




$$
