000
CDUS43 KLSX 221136 CCA
CLICOU

CLIMATE REPORT
NATIONAL WEATHER SERVICE ST LOUIS MO
133 AM CST SUN FEB 22 2015


...................................

...THE COLUMBIA ASOS CLIMATE SUMMARY FOR FEBRUARY 21 2015...

CLIMATE NORMAL PERIOD 1981 TO 2010
CLIMATE RECORD PERIOD 1890 TO 2015


WEATHER ITEM   OBSERVED TIME   RECORD YEAR NORMAL DEPARTURE LAST
                VALUE   (LST)  VALUE       VALUE  FROM      YEAR
                                                  NORMAL
..................................................................
TEMPERATURE (F)
 YESTERDAY
  MAXIMUM         41    440 PM  76    1935  46     -5       57
  MINIMUM         27    128 AM   2    1939  27      0       30
  AVERAGE         34                        36     -2       44

PRECIPITATION (IN)
  YESTERDAY        0.15          2.40 1985   0.08   0.07      T
  MONTH TO DATE    1.04                      1.64  -0.60     1.36
  SINCE DEC 1      4.16                      6.00  -1.84     3.97
  SINCE JAN 1      1.98                      3.56  -1.58     2.26

SNOWFALL (IN)
  YESTERDAY        0.3          10.2  2013   0.2    0.1      0.0
  MONTH TO DATE    5.0                       3.8    1.2      7.4
  SINCE DEC 1      6.1                      14.3   -8.2     17.3
  SINCE JUL 1      6.9                      15.2   -8.3     17.3
  SNOW DEPTH       1

DEGREE DAYS
 HEATING
  YESTERDAY       31                        29      2       21
  MONTH TO DATE  787                       666    121      853
  SINCE DEC 1   2665                      2770   -105     3164
  SINCE JUL 1   3746                      3755     -9     4171

 COOLING
  YESTERDAY        0                         0      0        0
  MONTH TO DATE    0                         0      0        0
  SINCE DEC 1      0                         0      0        0
  SINCE JAN 1      0                         0      0        0
..................................................................


WIND (MPH)
  HIGHEST WIND SPEED    20   HIGHEST WIND DIRECTION     N (360)
  HIGHEST GUST SPEED    22   HIGHEST GUST DIRECTION     N (10)
  AVERAGE WIND SPEED     7.5


SKY COVER
  AVERAGE SKY COVER 0.7


WEATHER CONDITIONS
 THE FOLLOWING WEATHER WAS RECORDED YESTERDAY.
  LT FREEZING RAIN
  LIGHT SNOW
  FOG
  HAZE


RELATIVE HUMIDITY (PERCENT)
 HIGHEST   100
 LOWEST     70
 AVERAGE    85

..........................................................


THE COLUMBIA ASOS CLIMATE NORMALS FOR TODAY
                         NORMAL    RECORD    YEAR
 MAXIMUM TEMPERATURE (F)   46        76      1995
 MINIMUM TEMPERATURE (F)   27         2      1978


SUNRISE AND SUNSET
FEBRUARY 22 2015......SUNRISE   651 AM CST   SUNSET   554 PM CST
FEBRUARY 23 2015......SUNRISE   650 AM CST   SUNSET   555 PM CST


-  INDICATES NEGATIVE NUMBERS.
R  INDICATES RECORD WAS SET OR TIED.
MM INDICATES DATA IS MISSING.
T  INDICATES TRACE AMOUNT.




$$
