000
CDUS43 KLSX 222136
CLICOU


CLIMATE REPORT
NATIONAL WEATHER SERVICE ST LOUIS MO
436 PM CDT SUN MAR 22 2015


...................................

...THE COLUMBIA ASOS CLIMATE SUMMARY FOR MARCH 22 2015...
VALID TODAY AS OF 0400 PM LOCAL TIME.

CLIMATE NORMAL PERIOD 1981 TO 2010
CLIMATE RECORD PERIOD 1890 TO 2015


WEATHER ITEM   OBSERVED TIME   RECORD YEAR NORMAL DEPARTURE LAST
                VALUE   (LST)  VALUE       VALUE  FROM      YEAR
                                                  NORMAL
..................................................................
TEMPERATURE (F)
 TODAY
  MAXIMUM         72    224 PM  90    1910  58     14       50
                                      1907
  MINIMUM         45    618 AM  13    2002  36      9       31
  AVERAGE         59                        47     12       41

PRECIPITATION (IN)
  TODAY            0.00          1.03 1898   0.10  -0.10     0.00
  MONTH TO DATE    0.77                      1.96  -1.19     0.57
  SINCE MAR 1      0.77                      1.96  -1.19     0.57
  SINCE JAN 1      3.12                      6.13  -3.01     2.83

SNOWFALL (IN)
  TODAY            0.0           0.2  1955   0.1   -0.1      0.0
  MONTH TO DATE    1.6                       1.5    0.1      0.5
  SINCE MAR 1      1.6                       1.5    0.1      0.5
  SINCE JUL 1     12.0                      17.6   -5.6     17.8
  SNOW DEPTH       0

DEGREE DAYS
 HEATING
  TODAY            6                        18    -12       24
  MONTH TO DATE  420                       485    -65      531
  SINCE MAR 1    420                       485    -65      531
  SINCE JUL 1   4475                      4431     44     4960

 COOLING
  TODAY            0                         0      0        0
  MONTH TO DATE    0                         0      0        0
  SINCE MAR 1      0                         0      0        0
  SINCE JAN 1      0                         0      0        0
..................................................................


WIND (MPH)
  HIGHEST WIND SPEED    13   HIGHEST WIND DIRECTION     E (110)
  HIGHEST GUST SPEED    17   HIGHEST GUST DIRECTION     E (110)
  AVERAGE WIND SPEED     7.3


SKY COVER
  AVERAGE SKY COVER 0.0



RELATIVE HUMIDITY (PERCENT)
 HIGHEST    83           600 AM
 LOWEST     35           300 PM
 AVERAGE    59

..........................................................


THE COLUMBIA ASOS CLIMATE NORMALS FOR TOMORROW
                         NORMAL    RECORD    YEAR
 MAXIMUM TEMPERATURE (F)   58        88      1910
 MINIMUM TEMPERATURE (F)   36         8      1974


SUNRISE AND SUNSET
MARCH 22 2015.........SUNRISE   710 AM CDT   SUNSET   723 PM CDT
MARCH 23 2015.........SUNRISE   708 AM CDT   SUNSET   724 PM CDT


-  INDICATES NEGATIVE NUMBERS.
R  INDICATES RECORD WAS SET OR TIED.
MM INDICATES DATA IS MISSING.
T  INDICATES TRACE AMOUNT.




$$
