000
CDUS43 KLSX 040729
CLICOU


CLIMATE REPORT
NATIONAL WEATHER SERVICE ST LOUIS MO
227 AM CDT SAT NOV 4 2017


...................................

...THE COLUMBIA ASOS CLIMATE SUMMARY FOR NOVEMBER 3 2017...

CLIMATE NORMAL PERIOD 1981 TO 2010
CLIMATE RECORD PERIOD 1890 TO 2017


WEATHER ITEM   OBSERVED TIME   RECORD YEAR NORMAL DEPARTURE LAST
                VALUE   (LST)  VALUE       VALUE  FROM      YEAR
                                                  NORMAL
..................................................................
TEMPERATURE (F)
 YESTERDAY
  MAXIMUM         60    222 PM  79    1987  60      0       68
                                      1978
                                      1964
  MINIMUM         40    525 AM  12    1991  40      0       53
  AVERAGE         50                        50      0       61

PRECIPITATION (IN)
  YESTERDAY        0.00          1.36 1938   0.10  -0.10     0.05
  MONTH TO DATE    0.00                      0.30  -0.30     1.54
  SINCE SEP 1      5.93                      7.48  -1.55    10.45
  SINCE JAN 1     37.04                     37.23  -0.19    38.79

SNOWFALL (IN)
  YESTERDAY        0.0           0.5  1992   0.0    0.0      0.0
  MONTH TO DATE    0.0                       0.0    0.0      0.0
  SINCE SEP 1      T                         0.0    0.0      0.0
  SINCE JUL 1      T                         0.0    0.0      0.0
  SNOW DEPTH       0

DEGREE DAYS
 HEATING
  YESTERDAY       15                        15      0        4
  MONTH TO DATE   40                        44     -4        4
  SINCE SEP 1    290                       407   -117      145
  SINCE JUL 1    293                       409   -116      145

 COOLING
  YESTERDAY        0                         0      0        0
  MONTH TO DATE    0                         0      0       15
  SINCE SEP 1    287                       164    123      317
  SINCE JAN 1   1401                      1247    154     1628
..................................................................


WIND (MPH)
  HIGHEST WIND SPEED    18   HIGHEST WIND DIRECTION     E (70)
  HIGHEST GUST SPEED    22   HIGHEST GUST DIRECTION    NE (60)
  AVERAGE WIND SPEED    11.5


SKY COVER
  AVERAGE SKY COVER 0.6


WEATHER CONDITIONS
 THE FOLLOWING WEATHER WAS RECORDED YESTERDAY.
  FOG


RELATIVE HUMIDITY (PERCENT)
 HIGHEST    93
 LOWEST     53
 AVERAGE    73

..........................................................


THE COLUMBIA ASOS CLIMATE NORMALS FOR TODAY
                         NORMAL    RECORD    YEAR
 MAXIMUM TEMPERATURE (F)   60        83      1978
 MINIMUM TEMPERATURE (F)   40        13      1991


SUNRISE AND SUNSET
NOVEMBER  4 2017......SUNRISE   739 AM CDT   SUNSET   605 PM CDT
NOVEMBER  5 2017......SUNRISE   641 AM CST   SUNSET   504 PM CST


-  INDICATES NEGATIVE NUMBERS.
R  INDICATES RECORD WAS SET OR TIED.
MM INDICATES DATA IS MISSING.
T  INDICATES TRACE AMOUNT.




$$
