000
CDUS43 KLSX 032137
CLICOU


CLIMATE REPORT
NATIONAL WEATHER SERVICE ST LOUIS MO
437 PM CDT THU JUL 3 2014


...................................

...THE COLUMBIA ASOS CLIMATE SUMMARY FOR JULY 3 2014...
VALID TODAY AS OF 0400 PM LOCAL TIME.

CLIMATE NORMAL PERIOD 1981 TO 2010
CLIMATE RECORD PERIOD 1890 TO 2014


WEATHER ITEM   OBSERVED TIME   RECORD YEAR NORMAL DEPARTURE LAST
                VALUE   (LST)  VALUE       VALUE  FROM      YEAR
                                                  NORMAL
..................................................................
TEMPERATURE (F)
 TODAY
  MAXIMUM         80    253 PM 104    1901  87     -7       84
  MINIMUM         54    438 AM  51    1924  67    -13       56
  AVERAGE         67                        77    -10       70

PRECIPITATION (IN)
  TODAY            0.00          3.14 1984   0.15  -0.15      T
  MONTH TO DATE    0.07                      0.46  -0.39      T
  SINCE JUN 1      5.14                      4.93   0.21     2.05
  SINCE JAN 1     19.96                     21.48  -1.52    28.76

SNOWFALL (IN)
  TODAY            0.0           0.0  2013   0.0    0.0      0.0
  MONTH TO DATE    0.0                       0.0    0.0      0.0
  SINCE JUN 1      0.0                       0.0    0.0      0.0
  SINCE JUL 1      0.0                       0.0    0.0      0.0
  SNOW DEPTH       0

DEGREE DAYS
 HEATING
  TODAY            0                         0      0        0
  MONTH TO DATE    0                         0      0        0
  SINCE JUN 1      0                        11    -11        6
  SINCE JUL 1      0                         0      0        0

 COOLING
  TODAY            2                        12    -10        5
  MONTH TO DATE   15                        36    -21       15
  SINCE JUN 1    302                       284     18      282
  SINCE JAN 1    462                       387     75      416
..................................................................


WIND (MPH)
  HIGHEST WIND SPEED    15   HIGHEST WIND DIRECTION     N (350)
  HIGHEST GUST SPEED    25   HIGHEST GUST DIRECTION     N (340)
  AVERAGE WIND SPEED     7.7


SKY COVER
  AVERAGE SKY COVER 0.0



RELATIVE HUMIDITY (PERCENT)
 HIGHEST   100           300 AM
 LOWEST     35           300 PM
 AVERAGE    68

..........................................................


THE COLUMBIA ASOS CLIMATE NORMALS FOR TOMORROW
                         NORMAL    RECORD    YEAR
 MAXIMUM TEMPERATURE (F)   87       106      1901
 MINIMUM TEMPERATURE (F)   67        50      1924
                                             1922


SUNRISE AND SUNSET
JULY  3 2014..........SUNRISE   548 AM CDT   SUNSET   838 PM CDT
JULY  4 2014..........SUNRISE   549 AM CDT   SUNSET   837 PM CDT


-  INDICATES NEGATIVE NUMBERS.
R  INDICATES RECORD WAS SET OR TIED.
MM INDICATES DATA IS MISSING.
T  INDICATES TRACE AMOUNT.




$$
