000
CDUS43 KLSX 300729
CLICOU


CLIMATE REPORT
NATIONAL WEATHER SERVICE ST LOUIS MO
228 AM CDT SAT AUG 30 2014


...................................

...THE COLUMBIA ASOS CLIMATE SUMMARY FOR AUGUST 29 2014...

CLIMATE NORMAL PERIOD 1981 TO 2010
CLIMATE RECORD PERIOD 1890 TO 2014


WEATHER ITEM   OBSERVED TIME   RECORD YEAR NORMAL DEPARTURE LAST
                VALUE   (LST)  VALUE       VALUE  FROM      YEAR
                                                  NORMAL
..................................................................
TEMPERATURE (F)
 YESTERDAY
  MAXIMUM         92   1250 PM 110    1984  85      7       97
  MINIMUM         69    448 AM  43    1986  63      6       69
  AVERAGE         81                        74      7       83

PRECIPITATION (IN)
  YESTERDAY        0.04          2.60 1955   0.14  -0.10     0.00
  MONTH TO DATE    2.82                      4.08  -1.26     1.88
  SINCE JUN 1      9.35                     12.92  -3.57     6.38
  SINCE JAN 1     24.17                     29.47  -5.30    33.09

SNOWFALL (IN)
  YESTERDAY        0.0           0.0  2013   0.0    0.0      0.0
  MONTH TO DATE    0.0                       0.0    0.0      0.0
  SINCE JUN 1      0.0                       0.0    0.0      0.0
  SINCE JUL 1      0.0                       0.0    0.0      0.0
  SNOW DEPTH       0

DEGREE DAYS
 HEATING
  YESTERDAY        0                         0      0        0
  MONTH TO DATE    0                         0      0        0
  SINCE JUN 1      0                        11    -11        6
  SINCE JUL 1      0                         0      0        0

 COOLING
  YESTERDAY       16                         9      7       18
  MONTH TO DATE  367                       330     37      300
  SINCE JUN 1    920                       960    -40      889
  SINCE JAN 1   1080                      1063     17     1023
..................................................................


WIND (MPH)
  HIGHEST WIND SPEED    29   HIGHEST WIND DIRECTION    SW (240)
  HIGHEST GUST SPEED    38   HIGHEST GUST DIRECTION    SW (240)
  AVERAGE WIND SPEED     9.8


SKY COVER
  AVERAGE SKY COVER 0.1


WEATHER CONDITIONS
 THE FOLLOWING WEATHER WAS RECORDED YESTERDAY.
  THUNDERSTORM
  RAIN
  LIGHT RAIN
  FOG


RELATIVE HUMIDITY (PERCENT)
 HIGHEST    94
 LOWEST     41
 AVERAGE    68

..........................................................


THE COLUMBIA ASOS CLIMATE NORMALS FOR TODAY
                         NORMAL    RECORD    YEAR
 MAXIMUM TEMPERATURE (F)   85       104      1947
 MINIMUM TEMPERATURE (F)   63        44      1893


SUNRISE AND SUNSET
AUGUST 30 2014........SUNRISE   636 AM CDT   SUNSET   742 PM CDT
AUGUST 31 2014........SUNRISE   637 AM CDT   SUNSET   741 PM CDT


-  INDICATES NEGATIVE NUMBERS.
R  INDICATES RECORD WAS SET OR TIED.
MM INDICATES DATA IS MISSING.
T  INDICATES TRACE AMOUNT.




$$
