000
CDUS43 KLSX 250736
CLICOU


CLIMATE REPORT
NATIONAL WEATHER SERVICE ST LOUIS MO
130 AM CST TUE NOV 25 2014


...................................

...THE COLUMBIA ASOS CLIMATE SUMMARY FOR NOVEMBER 24 2014...

CLIMATE NORMAL PERIOD 1981 TO 2010
CLIMATE RECORD PERIOD 1890 TO 2014


WEATHER ITEM   OBSERVED TIME   RECORD YEAR NORMAL DEPARTURE LAST
                VALUE   (LST)  VALUE       VALUE  FROM      YEAR
                                                  NORMAL
..................................................................
TEMPERATURE (F)
 YESTERDAY
  MAXIMUM         42   1224 AM  70    1966  49     -7       29
  MINIMUM         31   1159 PM   4    1950  31      0       11
  AVERAGE         37                        40     -3       20

PRECIPITATION (IN)
  YESTERDAY        0.18          1.42 1987   0.10   0.08     0.00
  MONTH TO DATE    1.20                      2.60  -1.40     1.47
  SINCE SEP 1     17.53                      9.78   7.75     6.72
  SINCE JAN 1     41.82                     39.53   2.29    39.81

SNOWFALL (IN)
  YESTERDAY        0.0           4.7  2004   0.1   -0.1      0.0
  MONTH TO DATE    0.5                       0.6   -0.1      0.0
  SINCE SEP 1      0.5                       0.6   -0.1      0.0
  SINCE JUL 1      0.5                       0.6   -0.1      0.0
  SNOW DEPTH       0

DEGREE DAYS
 HEATING
  YESTERDAY       28                        25      3       45
  MONTH TO DATE  636                       461    175      492
  SINCE SEP 1    930                       824    106      816
  SINCE JUL 1    930                       826    104      816

 COOLING
  YESTERDAY        0                         0      0        0
  MONTH TO DATE    0                         0      0        0
  SINCE SEP 1    156                       164     -8      255
  SINCE JAN 1   1266                      1247     19     1322
..................................................................


WIND (MPH)
  HIGHEST WIND SPEED    31   HIGHEST WIND DIRECTION     W (290)
  HIGHEST GUST SPEED    40   HIGHEST GUST DIRECTION     W (290)
  AVERAGE WIND SPEED    15.4


SKY COVER
  AVERAGE SKY COVER 0.9


WEATHER CONDITIONS
 THE FOLLOWING WEATHER WAS RECORDED YESTERDAY.
  HEAVY RAIN
  RAIN
  LIGHT RAIN
  FOG


RELATIVE HUMIDITY (PERCENT)
 HIGHEST    96
 LOWEST     59
 AVERAGE    78

..........................................................


THE COLUMBIA ASOS CLIMATE NORMALS FOR TODAY
                         NORMAL    RECORD    YEAR
 MAXIMUM TEMPERATURE (F)   49        72      1990
 MINIMUM TEMPERATURE (F)   31         5      1950


SUNRISE AND SUNSET
NOVEMBER 25 2014......SUNRISE   702 AM CST   SUNSET   449 PM CST
NOVEMBER 26 2014......SUNRISE   703 AM CST   SUNSET   449 PM CST


-  INDICATES NEGATIVE NUMBERS.
R  INDICATES RECORD WAS SET OR TIED.
MM INDICATES DATA IS MISSING.
T  INDICATES TRACE AMOUNT.




$$
