000
CDUS43 KLSX 042141
CLICOU


CLIMATE REPORT
NATIONAL WEATHER SERVICE ST LOUIS MO
438 PM CDT SAT NOV 4 2017


...................................

...THE COLUMBIA ASOS CLIMATE SUMMARY FOR NOVEMBER 4 2017...
VALID TODAY AS OF 0400 PM LOCAL TIME.

CLIMATE NORMAL PERIOD 1981 TO 2010
CLIMATE RECORD PERIOD 1890 TO 2017


WEATHER ITEM   OBSERVED TIME   RECORD YEAR NORMAL DEPARTURE LAST
                VALUE   (LST)  VALUE       VALUE  FROM      YEAR
                                                  NORMAL
..................................................................
TEMPERATURE (F)
 TODAY
  MAXIMUM         60    218 PM  83    1978  60      0       70
  MINIMUM         55    247 AM  13    1991  40     15       50
  AVERAGE         58                        50      8       60

PRECIPITATION (IN)
  TODAY            0.00          2.27 1935   0.11  -0.11     0.00
  MONTH TO DATE    0.00                      0.41  -0.41     1.54
  SINCE SEP 1      5.93                      7.59  -1.66    10.45
  SINCE JAN 1     37.04                     37.34  -0.30    38.79

SNOWFALL (IN)
  TODAY            0.0           0.4  1966   0.0    0.0      0.0
  MONTH TO DATE    0.0                       0.0    0.0      0.0
  SINCE SEP 1      T                         0.0    0.0      0.0
  SINCE JUL 1      T                         0.0    0.0      0.0
  SNOW DEPTH       0

DEGREE DAYS
 HEATING
  TODAY            7                        15     -8        5
  MONTH TO DATE   47                        59    -12        9
  SINCE SEP 1    297                       422   -125      150
  SINCE JUL 1    300                       424   -124      150

 COOLING
  TODAY            0                         0      0        0
  MONTH TO DATE    0                         0      0       15
  SINCE SEP 1    287                       164    123      317
  SINCE JAN 1   1401                      1247    154     1628
..................................................................


WIND (MPH)
  HIGHEST WIND SPEED    16   HIGHEST WIND DIRECTION    SW (240)
  HIGHEST GUST SPEED    23   HIGHEST GUST DIRECTION    SW (230)
  AVERAGE WIND SPEED     8.4


SKY COVER
  AVERAGE SKY COVER 1.0



RELATIVE HUMIDITY (PERCENT)
 HIGHEST    93           800 AM
 LOWEST     72          1200 AM
 AVERAGE    83

..........................................................


THE COLUMBIA ASOS CLIMATE NORMALS FOR TOMORROW
                         NORMAL    RECORD    YEAR
 MAXIMUM TEMPERATURE (F)   59        82      1915
 MINIMUM TEMPERATURE (F)   39        19      1976


SUNRISE AND SUNSET
NOVEMBER  4 2017......SUNRISE   739 AM CDT   SUNSET   605 PM CDT
NOVEMBER  5 2017......SUNRISE   641 AM CST   SUNSET   504 PM CST


-  INDICATES NEGATIVE NUMBERS.
R  INDICATES RECORD WAS SET OR TIED.
MM INDICATES DATA IS MISSING.
T  INDICATES TRACE AMOUNT.




$$
