000
CDUS43 KLSX 162234
CLICOU


CLIMATE REPORT
NATIONAL WEATHER SERVICE ST LOUIS MO
530 PM CDT WED JUL 16 2014


...................................

...THE COLUMBIA ASOS CLIMATE SUMMARY FOR JULY 16 2014...
VALID TODAY AS OF 0500 PM LOCAL TIME.

CLIMATE NORMAL PERIOD 1981 TO 2010
CLIMATE RECORD PERIOD 1890 TO 2014


WEATHER ITEM   OBSERVED TIME   RECORD YEAR NORMAL DEPARTURE LAST
                VALUE   (LST)  VALUE       VALUE  FROM      YEAR
                                                  NORMAL
..................................................................
TEMPERATURE (F)
 TODAY
  MAXIMUM         76    359 PM 105    1936  88    -12       90
  MINIMUM         56    542 AM  53    1930  67    -11       71
  AVERAGE         66                        78    -12       81

PRECIPITATION (IN)
  TODAY            0.00          2.30 1924   0.16  -0.16     0.00
  MONTH TO DATE    1.46                      2.41  -0.95     0.99
  SINCE JUN 1      6.53                      6.88  -0.35     3.04
  SINCE JAN 1     21.35                     23.43  -2.08    29.75

SNOWFALL (IN)
  TODAY            0.0           0.0  2013   0.0    0.0      0.0
  MONTH TO DATE    0.0                       0.0    0.0      0.0
  SINCE JUN 1      0.0                       0.0    0.0      0.0
  SINCE JUL 1      0.0                       0.0    0.0      0.0
  SNOW DEPTH       0

DEGREE DAYS
 HEATING
  TODAY            0                         0      0        0
  MONTH TO DATE    0                         0      0        0
  SINCE JUN 1      0                        11    -11        6
  SINCE JUL 1      0                         0      0        0

 COOLING
  TODAY            1                        13    -12       16
  MONTH TO DATE  131                       194    -63      173
  SINCE JUN 1    418                       442    -24      440
  SINCE JAN 1    578                       545     33      574
..................................................................


WIND (MPH)
  HIGHEST WIND SPEED    10   HIGHEST WIND DIRECTION     N (340)
  HIGHEST GUST SPEED    14   HIGHEST GUST DIRECTION     N (340)
  AVERAGE WIND SPEED     4.6


SKY COVER
  AVERAGE SKY COVER 0.3



RELATIVE HUMIDITY (PERCENT)
 HIGHEST    93          1200 AM
 LOWEST     43           400 PM
 AVERAGE    68

..........................................................


THE COLUMBIA ASOS CLIMATE NORMALS FOR TOMORROW
                         NORMAL    RECORD    YEAR
 MAXIMUM TEMPERATURE (F)   88       108      1954
 MINIMUM TEMPERATURE (F)   67        53      1976


SUNRISE AND SUNSET
JULY 16 2014..........SUNRISE   557 AM CDT   SUNSET   833 PM CDT
JULY 17 2014..........SUNRISE   558 AM CDT   SUNSET   832 PM CDT


-  INDICATES NEGATIVE NUMBERS.
R  INDICATES RECORD WAS SET OR TIED.
MM INDICATES DATA IS MISSING.
T  INDICATES TRACE AMOUNT.




$$
