000
CDUS43 KLSX 182132
CLICOU


CLIMATE REPORT
NATIONAL WEATHER SERVICE ST LOUIS MO
430 PM CDT SUN SEP 18 2016


...................................

...THE COLUMBIA ASOS CLIMATE SUMMARY FOR SEPTEMBER 18 2016...
VALID TODAY AS OF 0400 PM LOCAL TIME.

CLIMATE NORMAL PERIOD 1981 TO 2010
CLIMATE RECORD PERIOD 1890 TO 2016


WEATHER ITEM   OBSERVED TIME   RECORD YEAR NORMAL DEPARTURE LAST
                VALUE   (LST)  VALUE       VALUE  FROM      YEAR
                                                  NORMAL
..................................................................
TEMPERATURE (F)
 TODAY
  MAXIMUM         83    259 PM  98    1893  78      5       84
  MINIMUM         58    602 AM  32    1901  55      3       65
  AVERAGE         71                        67      4       75

PRECIPITATION (IN)
  TODAY            0.00          1.73 1905   0.12  -0.12      T
  MONTH TO DATE    7.30                      2.30   5.00     1.14
  SINCE SEP 1      7.30                      2.30   5.00     1.14
  SINCE JAN 1     35.64                     32.05   3.59    33.10

SNOWFALL (IN)
  TODAY            0.0           0.0  2015   0.0    0.0      0.0
  MONTH TO DATE    0.0                       0.0    0.0      0.0
  SINCE SEP 1      0.0                       0.0    0.0      0.0
  SINCE JUL 1      0.0                       0.0    0.0      0.0
  SNOW DEPTH       0

DEGREE DAYS
 HEATING
  TODAY            0                         2     -2        0
  MONTH TO DATE    0                        16    -16       12
  SINCE SEP 1      0                        16    -16       12
  SINCE JUL 1      0                        18    -18       14

 COOLING
  TODAY            6                         4      2       10
  MONTH TO DATE  147                       111     36      186
  SINCE SEP 1    147                       111     36      186
  SINCE JAN 1   1458                      1194    264     1307
..................................................................


WIND (MPH)
  HIGHEST WIND SPEED    13   HIGHEST WIND DIRECTION    SE (150)
  HIGHEST GUST SPEED    15   HIGHEST GUST DIRECTION    SE (140)
  AVERAGE WIND SPEED     5.2


SKY COVER
  AVERAGE SKY COVER 0.1



RELATIVE HUMIDITY (PERCENT)
 HIGHEST   100           600 AM
 LOWEST     43           300 PM
 AVERAGE    72

..........................................................


THE COLUMBIA ASOS CLIMATE NORMALS FOR TOMORROW
                         NORMAL    RECORD    YEAR
 MAXIMUM TEMPERATURE (F)   77        94      2000
                                             1978
                                             1972
 MINIMUM TEMPERATURE (F)   55        35      1991
                                             1889


SUNRISE AND SUNSET
SEPTEMBER 18 2016.....SUNRISE   653 AM CDT   SUNSET   711 PM CDT
SEPTEMBER 19 2016.....SUNRISE   654 AM CDT   SUNSET   710 PM CDT


-  INDICATES NEGATIVE NUMBERS.
R  INDICATES RECORD WAS SET OR TIED.
MM INDICATES DATA IS MISSING.
T  INDICATES TRACE AMOUNT.




$$
