000
CDUS43 KLSX 022227
CLICOU


CLIMATE REPORT
NATIONAL WEATHER SERVICE ST LOUIS MO
427 PM CST THU FEB 2 2017


...................................

...THE COLUMBIA ASOS CLIMATE SUMMARY FOR FEBRUARY 2 2017...
VALID TODAY AS OF 0400 PM LOCAL TIME.

CLIMATE NORMAL PERIOD 1981 TO 2010
CLIMATE RECORD PERIOD 1890 TO 2017


WEATHER ITEM   OBSERVED TIME   RECORD YEAR NORMAL DEPARTURE LAST
                VALUE   (LST)  VALUE       VALUE  FROM      YEAR
                                                  NORMAL
..................................................................
TEMPERATURE (F)
 TODAY
  MAXIMUM         35    329 PM  68    1992  40     -5       65
  MINIMUM         22    745 AM -15    1895  22      0       38
  AVERAGE         29                        31     -2       52

PRECIPITATION (IN)
  TODAY            0.00          1.24 1986   0.06  -0.06     0.02
  MONTH TO DATE    0.00                      0.13  -0.13     0.02
  SINCE DEC 1      2.02                      4.49  -2.47     7.96
  SINCE JAN 1      1.01                      2.05  -1.04     0.92

SNOWFALL (IN)
  TODAY            0.0           5.0  1976   0.2   -0.2      0.0
  MONTH TO DATE    0.0                       0.4   -0.4      0.0
  SINCE DEC 1      1.6                      10.9   -9.3      6.9
  SINCE JUL 1      1.6                      11.8  -10.2      6.9
  SNOW DEPTH       0

DEGREE DAYS
 HEATING
  TODAY           36                        34      2       13
  MONTH TO DATE   65                        68     -3       33
  SINCE DEC 1   1989                      2172   -183     1762
  SINCE JUL 1   2572                      3157   -585     2458

 COOLING
  TODAY            0                         0      0        0
  MONTH TO DATE    0                         0      0        0
  SINCE DEC 1      0                         0      0        0
  SINCE JAN 1      0                         0      0        0
..................................................................


WIND (MPH)
  HIGHEST WIND SPEED    17   HIGHEST WIND DIRECTION     N (10)
  HIGHEST GUST SPEED    20   HIGHEST GUST DIRECTION     N (10)
  AVERAGE WIND SPEED     9.5


SKY COVER
  AVERAGE SKY COVER 0.3



RELATIVE HUMIDITY (PERCENT)
 HIGHEST    81           700 AM
 LOWEST     35           300 PM
 AVERAGE    58

..........................................................


THE COLUMBIA ASOS CLIMATE NORMALS FOR TOMORROW
                         NORMAL    RECORD    YEAR
 MAXIMUM TEMPERATURE (F)   40        70      1962
                                             1890
 MINIMUM TEMPERATURE (F)   22       -13      1996


SUNRISE AND SUNSET
FEBRUARY  2 2017......SUNRISE   714 AM CST   SUNSET   532 PM CST
FEBRUARY  3 2017......SUNRISE   713 AM CST   SUNSET   533 PM CST


-  INDICATES NEGATIVE NUMBERS.
R  INDICATES RECORD WAS SET OR TIED.
MM INDICATES DATA IS MISSING.
T  INDICATES TRACE AMOUNT.




$$
