000
CDUS43 KLSX 222138
CLICOU


CLIMATE REPORT
NATIONAL WEATHER SERVICE ST LOUIS MO
436 PM CDT SAT AUG 22 2015


...................................

...THE COLUMBIA ASOS CLIMATE SUMMARY FOR AUGUST 22 2015...
VALID TODAY AS OF 0400 PM LOCAL TIME.

CLIMATE NORMAL PERIOD 1981 TO 2010
CLIMATE RECORD PERIOD 1890 TO 2015


WEATHER ITEM   OBSERVED TIME   RECORD YEAR NORMAL DEPARTURE LAST
                VALUE   (LST)  VALUE       VALUE  FROM      YEAR
                                                  NORMAL
..................................................................
TEMPERATURE (F)
 TODAY
  MAXIMUM         80    259 PM 104    1936  87     -7       93
  MINIMUM         63    443 AM  53    1956  65     -2       73
  AVERAGE         72                        76     -4       83

PRECIPITATION (IN)
  TODAY            1.95          2.44 1905   0.14   1.81     0.00
  MONTH TO DATE    3.11                      3.08   0.03     2.78
  SINCE JUN 1     19.07                     11.92   7.15     9.31
  SINCE JAN 1     31.93                     28.47   3.46    24.13

SNOWFALL (IN)
  TODAY            0.0           0.0  2013   0.0    0.0      0.0
  MONTH TO DATE    0.0                       0.0    0.0      0.0
  SINCE JUN 1      0.0                       0.0    0.0      0.0
  SINCE JUL 1      0.0                       0.0    0.0      0.0
  SNOW DEPTH       0

DEGREE DAYS
 HEATING
  TODAY            0                         0      0        0
  MONTH TO DATE    1                         0      1        0
  SINCE JUN 1      9                        11     -2        0
  SINCE JUL 1      2                         0      2        0

 COOLING
  TODAY            7                        11     -4       18
  MONTH TO DATE  241                       259    -18      238
  SINCE JUN 1    950                       889     61      791
  SINCE JAN 1   1069                       992     77      951
..................................................................


WIND (MPH)
  HIGHEST WIND SPEED    16   HIGHEST WIND DIRECTION     E (80)
  HIGHEST GUST SPEED    19   HIGHEST GUST DIRECTION     E (80)
  AVERAGE WIND SPEED     8.4


SKY COVER
  AVERAGE SKY COVER 0.7



RELATIVE HUMIDITY (PERCENT)
 HIGHEST   100           500 AM
 LOWEST     69           300 PM
 AVERAGE    85

..........................................................


THE COLUMBIA ASOS CLIMATE NORMALS FOR TOMORROW
                         NORMAL    RECORD    YEAR
 MAXIMUM TEMPERATURE (F)   87       103      1936
 MINIMUM TEMPERATURE (F)   65        48      1923
                                             1891


SUNRISE AND SUNSET
AUGUST 22 2015........SUNRISE   629 AM CDT   SUNSET   754 PM CDT
AUGUST 23 2015........SUNRISE   630 AM CDT   SUNSET   753 PM CDT


-  INDICATES NEGATIVE NUMBERS.
R  INDICATES RECORD WAS SET OR TIED.
MM INDICATES DATA IS MISSING.
T  INDICATES TRACE AMOUNT.




$$
