000
CDUS43 KLSX 212241
CLICOU


CLIMATE REPORT
NATIONAL WEATHER SERVICE ST LOUIS MO
440 PM CST MON NOV 21 2016


...................................

...THE COLUMBIA ASOS CLIMATE SUMMARY FOR NOVEMBER 21 2016...
VALID TODAY AS OF 0400 PM LOCAL TIME.

CLIMATE NORMAL PERIOD 1981 TO 2010
CLIMATE RECORD PERIOD 1890 TO 2016


WEATHER ITEM   OBSERVED TIME   RECORD YEAR NORMAL DEPARTURE LAST
                VALUE   (LST)  VALUE       VALUE  FROM      YEAR
                                                  NORMAL
..................................................................
TEMPERATURE (F)
 TODAY
  MAXIMUM         55    232 PM  77    1913  51      4       43
  MINIMUM         29    713 AM   6    1937  33     -4       24
  AVERAGE         42                        42      0       34

PRECIPITATION (IN)
  TODAY            0.00          0.97 1898   0.11  -0.11     0.31
  MONTH TO DATE    1.75                      2.28  -0.53     5.92
  SINCE SEP 1     10.66                      9.46   1.20     8.24
  SINCE JAN 1     39.00                     39.21  -0.21    40.20

SNOWFALL (IN)
  TODAY            0.0           1.0  1906   0.0    0.0       T
  MONTH TO DATE    0.0                       0.4   -0.4       T
  SINCE SEP 1      0.0                       0.4   -0.4       T
  SINCE JUL 1      0.0                       0.4   -0.4       T
  SNOW DEPTH       0

DEGREE DAYS
 HEATING
  TODAY           23                        23      0       31
  MONTH TO DATE  250                       388   -138      279
  SINCE SEP 1    391                       751   -360      511
  SINCE JUL 1    391                       753   -362      513

 COOLING
  TODAY            0                         0      0        0
  MONTH TO DATE   19                         0     19        0
  SINCE SEP 1    321                       164    157      266
  SINCE JAN 1   1632                      1247    385     1387
..................................................................


WIND (MPH)
  HIGHEST WIND SPEED    13   HIGHEST WIND DIRECTION     E (100)
  HIGHEST GUST SPEED    17   HIGHEST GUST DIRECTION     E (100)
  AVERAGE WIND SPEED     8.0


SKY COVER
  AVERAGE SKY COVER 0.0



RELATIVE HUMIDITY (PERCENT)
 HIGHEST    75           700 AM
 LOWEST     35           200 PM
 AVERAGE    55

..........................................................


THE COLUMBIA ASOS CLIMATE NORMALS FOR TOMORROW
                         NORMAL    RECORD    YEAR
 MAXIMUM TEMPERATURE (F)   50        75      1955
 MINIMUM TEMPERATURE (F)   32         9      1926


SUNRISE AND SUNSET
NOVEMBER 21 2016......SUNRISE   658 AM CST   SUNSET   451 PM CST
NOVEMBER 22 2016......SUNRISE   700 AM CST   SUNSET   450 PM CST


-  INDICATES NEGATIVE NUMBERS.
R  INDICATES RECORD WAS SET OR TIED.
MM INDICATES DATA IS MISSING.
T  INDICATES TRACE AMOUNT.




$$
