000
CDUS43 KLSX 172231
CLICOU


CLIMATE REPORT
NATIONAL WEATHER SERVICE ST LOUIS MO
527 PM CDT SUN APR 17 2016


...................................

...THE COLUMBIA ASOS CLIMATE SUMMARY FOR APRIL 17 2016...
VALID TODAY AS OF 0500 PM LOCAL TIME.

CLIMATE NORMAL PERIOD 1981 TO 2010
CLIMATE RECORD PERIOD 1890 TO 2016


WEATHER ITEM   OBSERVED TIME   RECORD YEAR NORMAL DEPARTURE LAST
                VALUE   (LST)  VALUE       VALUE  FROM      YEAR
                                                  NORMAL
..................................................................
TEMPERATURE (F)
 TODAY
  MAXIMUM         80    252 PM  87    1909  67     13       79
                                      1896
  MINIMUM         58    551 AM  26    1905  45     13       56
  AVERAGE         69                        56     13       68

PRECIPITATION (IN)
  TODAY            0.00          1.32 1995   0.15  -0.15     0.00
  MONTH TO DATE    0.59                      2.32  -1.73     1.87
  SINCE MAR 1      2.47                      5.23  -2.76     3.41
  SINCE JAN 1      4.12                      9.40  -5.28     5.76

SNOWFALL (IN)
  TODAY            0.0           0.2  1953   0.0    0.0      0.0
  MONTH TO DATE    0.0                       0.2   -0.2      0.0
  SINCE MAR 1      T                         1.9   -1.9      1.6
  SINCE JUL 1      9.0                      18.0   -9.0     12.0
  SNOW DEPTH       0

DEGREE DAYS
 HEATING
  TODAY            0                        10    -10        0
  MONTH TO DATE  198                       213    -15      105
  SINCE MAR 1    616                       849   -233      690
  SINCE JUL 1   3793                      4795  -1002     4745

 COOLING
  TODAY            4                         1      3        3
  MONTH TO DATE    7                        10     -3       12
  SINCE MAR 1     11                        13     -2       12
  SINCE JAN 1     11                        13     -2       12
..................................................................


WIND (MPH)
  HIGHEST WIND SPEED    22   HIGHEST WIND DIRECTION     S (160)
  HIGHEST GUST SPEED    28   HIGHEST GUST DIRECTION    SE (120)
  AVERAGE WIND SPEED    11.6


SKY COVER
  AVERAGE SKY COVER 0.2



RELATIVE HUMIDITY (PERCENT)
 HIGHEST    80           500 AM
 LOWEST     36           400 PM
 AVERAGE    58

..........................................................


THE COLUMBIA ASOS CLIMATE NORMALS FOR TOMORROW
                         NORMAL    RECORD    YEAR
 MAXIMUM TEMPERATURE (F)   67        87      1948
                                             1925
 MINIMUM TEMPERATURE (F)   45        30      1953
                                             1921
                                             1905


SUNRISE AND SUNSET
APRIL 17 2016.........SUNRISE   629 AM CDT   SUNSET   748 PM CDT
APRIL 18 2016.........SUNRISE   627 AM CDT   SUNSET   749 PM CDT


-  INDICATES NEGATIVE NUMBERS.
R  INDICATES RECORD WAS SET OR TIED.
MM INDICATES DATA IS MISSING.
T  INDICATES TRACE AMOUNT.




$$
