000
CDUS43 KLSX 190745
CLICOU


CLIMATE REPORT
NATIONAL WEATHER SERVICE ST LOUIS MO
245 AM CDT SUN OCT 19 2014


...................................

...THE COLUMBIA ASOS CLIMATE SUMMARY FOR OCTOBER 18 2014...

CLIMATE NORMAL PERIOD 1981 TO 2010
CLIMATE RECORD PERIOD 1890 TO 2014


WEATHER ITEM   OBSERVED TIME   RECORD YEAR NORMAL DEPARTURE LAST
                VALUE   (LST)  VALUE       VALUE  FROM      YEAR
                                                  NORMAL
..................................................................
TEMPERATURE (F)
 YESTERDAY
  MAXIMUM         64    259 PM  86    1953  67     -3       57
  MINIMUM         43   1158 PM  25    1952  44     -1       40
  AVERAGE         54                        55     -1       49

PRECIPITATION (IN)
  YESTERDAY        0.00          0.60 2004   0.11  -0.11     0.07
                                      1934
                                      1905
  MONTH TO DATE    9.86                      2.03   7.83     1.11
  SINCE SEP 1     16.01                      5.90  10.11     3.53
  SINCE JAN 1     40.30                     35.65   4.65    36.62

SNOWFALL (IN)
  YESTERDAY        0.0           T    1976   0.0    0.0      0.0
  MONTH TO DATE    0.0                       0.0    0.0      0.0
  SINCE SEP 1      0.0                       0.0    0.0      0.0
  SINCE JUL 1      0.0                       0.0    0.0      0.0
  SNOW DEPTH       0

DEGREE DAYS
 HEATING
  YESTERDAY       11                        10      1       16
  MONTH TO DATE  133                       141     -8      101
  SINCE SEP 1    180                       207    -27      117
  SINCE JUL 1    180                       209    -29      117

 COOLING
  YESTERDAY        0                         0      0        0
  MONTH TO DATE    6                        15     -9       47
  SINCE SEP 1    144                       159    -15      254
  SINCE JAN 1   1254                      1242     12     1321
..................................................................


WIND (MPH)
  HIGHEST WIND SPEED    15   HIGHEST WIND DIRECTION     N (340)
  HIGHEST GUST SPEED    19   HIGHEST GUST DIRECTION     N (340)
  AVERAGE WIND SPEED     8.0


SKY COVER
  AVERAGE SKY COVER 0.1


WEATHER CONDITIONS
 THE FOLLOWING WEATHER WAS RECORDED YESTERDAY.
  NO SIGNIFICANT WEATHER WAS OBSERVED.


RELATIVE HUMIDITY (PERCENT)
 HIGHEST    93
 LOWEST     48
 AVERAGE    71

..........................................................


THE COLUMBIA ASOS CLIMATE NORMALS FOR TODAY
                         NORMAL    RECORD    YEAR
 MAXIMUM TEMPERATURE (F)   66        87      1894
 MINIMUM TEMPERATURE (F)   44        22      1972


SUNRISE AND SUNSET
OCTOBER 19 2014.......SUNRISE   722 AM CDT   SUNSET   625 PM CDT
OCTOBER 20 2014.......SUNRISE   723 AM CDT   SUNSET   623 PM CDT


-  INDICATES NEGATIVE NUMBERS.
R  INDICATES RECORD WAS SET OR TIED.
MM INDICATES DATA IS MISSING.
T  INDICATES TRACE AMOUNT.




$$
