000
CDUS43 KLSX 080730
CLICOU


CLIMATE REPORT
NATIONAL WEATHER SERVICE ST LOUIS MO
230 AM CDT MON SEP 8 2014


...................................

...THE COLUMBIA ASOS CLIMATE SUMMARY FOR SEPTEMBER 7 2014...

CLIMATE NORMAL PERIOD 1981 TO 2010
CLIMATE RECORD PERIOD 1890 TO 2014


WEATHER ITEM   OBSERVED TIME   RECORD YEAR NORMAL DEPARTURE LAST
                VALUE   (LST)  VALUE       VALUE  FROM      YEAR
                                                  NORMAL
..................................................................
TEMPERATURE (F)
 YESTERDAY
  MAXIMUM         77    341 PM 102    1939  82     -5       96
  MINIMUM         52    410 AM  40    1956  60     -8       62
  AVERAGE         65                        71     -6       79

PRECIPITATION (IN)
  YESTERDAY        0.00          1.79 1972   0.13  -0.13     0.00
  MONTH TO DATE    5.52                      0.92   4.60      T
  SINCE SEP 1      5.52                      0.92   4.60      T
  SINCE JAN 1     29.81                     30.67  -0.86    33.09

SNOWFALL (IN)
  YESTERDAY        0.0           0.0  2013   0.0    0.0      0.0
  MONTH TO DATE    0.0                       0.0    0.0      0.0
  SINCE SEP 1      0.0                       0.0    0.0      0.0
  SINCE JUL 1      0.0                       0.0    0.0      0.0
  SNOW DEPTH       0

DEGREE DAYS
 HEATING
  YESTERDAY        0                         1     -1        0
  MONTH TO DATE    0                         1     -1        0
  SINCE SEP 1      0                         1     -1        0
  SINCE JUL 1      0                         3     -3        0

 COOLING
  YESTERDAY        0                         7     -7       14
  MONTH TO DATE   57                        54      3       74
  SINCE SEP 1     57                        54      3       74
  SINCE JAN 1   1167                      1137     30     1141
..................................................................


WIND (MPH)
  HIGHEST WIND SPEED    10   HIGHEST WIND DIRECTION    SE (140)
  HIGHEST GUST SPEED    16   HIGHEST GUST DIRECTION     E (110)
  AVERAGE WIND SPEED     6.4


SKY COVER
  AVERAGE SKY COVER 0.0


WEATHER CONDITIONS
 THE FOLLOWING WEATHER WAS RECORDED YESTERDAY.
  NO SIGNIFICANT WEATHER WAS OBSERVED.


RELATIVE HUMIDITY (PERCENT)
 HIGHEST    93
 LOWEST     43
 AVERAGE    68

..........................................................


THE COLUMBIA ASOS CLIMATE NORMALS FOR TODAY
                         NORMAL    RECORD    YEAR
 MAXIMUM TEMPERATURE (F)   82       103      1947
 MINIMUM TEMPERATURE (F)   60        43      1986
                                             1898


SUNRISE AND SUNSET
SEPTEMBER  8 2014.....SUNRISE   644 AM CDT   SUNSET   728 PM CDT
SEPTEMBER  9 2014.....SUNRISE   645 AM CDT   SUNSET   727 PM CDT


-  INDICATES NEGATIVE NUMBERS.
R  INDICATES RECORD WAS SET OR TIED.
MM INDICATES DATA IS MISSING.
T  INDICATES TRACE AMOUNT.




$$
