000
CDUS43 KLSX 082228
CLICOU


CLIMATE REPORT
NATIONAL WEATHER SERVICE ST LOUIS MO
528 PM CDT TUE APR 8 2014


...................................

...THE COLUMBIA ASOS CLIMATE SUMMARY FOR APRIL 8 2014...
VALID TODAY AS OF 0500 PM LOCAL TIME.

CLIMATE NORMAL PERIOD 1981 TO 2010
CLIMATE RECORD PERIOD 1890 TO 2014


WEATHER ITEM   OBSERVED TIME   RECORD YEAR NORMAL DEPARTURE LAST
                VALUE   (LST)  VALUE       VALUE  FROM      YEAR
                                                  NORMAL
..................................................................
TEMPERATURE (F)
 TODAY
  MAXIMUM         59   1230 PM  86    2001  64     -5       79
                                      1905
  MINIMUM         46    628 AM  23    2007  42      4       58
  AVERAGE         53                        53      0       69

PRECIPITATION (IN)
  TODAY            0.06          1.17 1922   0.14  -0.08     0.05
  MONTH TO DATE    6.41                      1.03   5.38     0.22
  SINCE MAR 1      7.64                      3.94   3.70     3.51
  SINCE JAN 1      9.90                      8.11   1.79     9.75

SNOWFALL (IN)
  TODAY            0.0           5.8  1938   0.0    0.0      0.0
  MONTH TO DATE    0.0                       0.1   -0.1      0.0
  SINCE MAR 1      0.5                       1.8   -1.3     10.3
  SINCE JUL 1     17.8                      17.9   -0.1     35.0
  SNOW DEPTH       0

DEGREE DAYS
 HEATING
  TODAY           12                        13     -1        0
  MONTH TO DATE  122                       111     11      108
  SINCE MAR 1    852                       747    105      922
  SINCE JUL 1   5281                      4693    588     4505

 COOLING
  TODAY            0                         1     -1        4
  MONTH TO DATE    0                         1     -1        4
  SINCE MAR 1      0                         4     -4        4
  SINCE JAN 1      0                         4     -4        5
..................................................................


WIND (MPH)
  HIGHEST WIND SPEED    28   HIGHEST WIND DIRECTION     N (350)
  HIGHEST GUST SPEED    35   HIGHEST GUST DIRECTION    NW (330)
  AVERAGE WIND SPEED    12.5


SKY COVER
  AVERAGE SKY COVER 0.4



RELATIVE HUMIDITY (PERCENT)
 HIGHEST    86           500 AM
 LOWEST     44           400 PM
 AVERAGE    65

..........................................................


THE COLUMBIA ASOS CLIMATE NORMALS FOR TOMORROW
                         NORMAL    RECORD    YEAR
 MAXIMUM TEMPERATURE (F)   64        90      1905
 MINIMUM TEMPERATURE (F)   42        20      1997


SUNRISE AND SUNSET
APRIL  8 2014.........SUNRISE   643 AM CDT   SUNSET   739 PM CDT
APRIL  9 2014.........SUNRISE   641 AM CDT   SUNSET   740 PM CDT


-  INDICATES NEGATIVE NUMBERS.
R  INDICATES RECORD WAS SET OR TIED.
MM INDICATES DATA IS MISSING.
T  INDICATES TRACE AMOUNT.




$$
