680
CDUS43 KLSX 240727
CLICOU


CLIMATE REPORT
NATIONAL WEATHER SERVICE ST LOUIS MO
226 AM CDT SUN APR 24 2016


...................................

...THE COLUMBIA ASOS CLIMATE SUMMARY FOR APRIL 23 2016...

CLIMATE NORMAL PERIOD 1981 TO 2010
CLIMATE RECORD PERIOD 1890 TO 2016


WEATHER ITEM   OBSERVED TIME   RECORD YEAR NORMAL DEPARTURE LAST
                VALUE   (LST)  VALUE       VALUE  FROM      YEAR
                                                  NORMAL
..................................................................
TEMPERATURE (F)
 YESTERDAY
  MAXIMUM         77    411 PM  90    1965  69      8       67
  MINIMUM         48    515 AM  26    1893  47      1       36
  AVERAGE         63                        58      5       52

PRECIPITATION (IN)
  YESTERDAY        0.00          2.48 1923   0.17  -0.17     0.00
  MONTH TO DATE    0.97                      3.29  -2.32     3.03
  SINCE MAR 1      2.85                      6.20  -3.35     4.57
  SINCE JAN 1      4.50                     10.37  -5.87     6.92

SNOWFALL (IN)
  YESTERDAY        0.0           T    2013   0.0    0.0      0.0
                                      1956
  MONTH TO DATE    0.0                       0.2   -0.2      0.0
  SINCE MAR 1      T                         1.9   -1.9      1.6
  SINCE JUL 1      9.0                      18.0   -9.0     12.0
  SNOW DEPTH       0

DEGREE DAYS
 HEATING
  YESTERDAY        2                         8     -6       13
  MONTH TO DATE  214                       268    -54      165
  SINCE MAR 1    632                       904   -272      750
  SINCE JUL 1   3809                      4850  -1041     4805

 COOLING
  YESTERDAY        0                         1     -1        0
  MONTH TO DATE   15                        16     -1       15
  SINCE MAR 1     19                        19      0       15
  SINCE JAN 1     19                        19      0       15
..................................................................


WIND (MPH)
  HIGHEST WIND SPEED    17   HIGHEST WIND DIRECTION    SE (140)
  HIGHEST GUST SPEED    20   HIGHEST GUST DIRECTION    SE (140)
  AVERAGE WIND SPEED     7.4


SKY COVER
  AVERAGE SKY COVER 0.0


WEATHER CONDITIONS
 THE FOLLOWING WEATHER WAS RECORDED YESTERDAY.
  FOG
  HAZE


RELATIVE HUMIDITY (PERCENT)
 HIGHEST   100
 LOWEST     36
 AVERAGE    68

..........................................................


THE COLUMBIA ASOS CLIMATE NORMALS FOR TODAY
                         NORMAL    RECORD    YEAR
 MAXIMUM TEMPERATURE (F)   69        88      1965
 MINIMUM TEMPERATURE (F)   47        27      1910


SUNRISE AND SUNSET
APRIL 24 2016.........SUNRISE   619 AM CDT   SUNSET   755 PM CDT
APRIL 25 2016.........SUNRISE   618 AM CDT   SUNSET   756 PM CDT


-  INDICATES NEGATIVE NUMBERS.
R  INDICATES RECORD WAS SET OR TIED.
MM INDICATES DATA IS MISSING.
T  INDICATES TRACE AMOUNT.




$$
