000
CDUS43 KLSX 102228
CLICOU


CLIMATE REPORT
NATIONAL WEATHER SERVICE ST LOUIS MO
428 PM CST FRI MAR 10 2017


...................................

...THE COLUMBIA ASOS CLIMATE SUMMARY FOR MARCH 10 2017...
VALID TODAY AS OF 0400 PM LOCAL TIME.

CLIMATE NORMAL PERIOD 1981 TO 2010
CLIMATE RECORD PERIOD 1890 TO 2017


WEATHER ITEM   OBSERVED TIME   RECORD YEAR NORMAL DEPARTURE LAST
                VALUE   (LST)  VALUE       VALUE  FROM      YEAR
                                                  NORMAL
..................................................................
TEMPERATURE (F)
 TODAY
  MAXIMUM         42    359 PM  82    1955  53    -11       58
                                      1894
  MINIMUM         29    700 AM   4    1948  32     -3       44
  AVERAGE         36                        43     -7       51

PRECIPITATION (IN)
  TODAY            0.00          1.79 1973   0.08  -0.08     0.02
  MONTH TO DATE    1.12                      0.86   0.26     0.84
  SINCE MAR 1      1.12                      0.86   0.26     0.84
  SINCE JAN 1      2.34                      5.03  -2.69     2.49

SNOWFALL (IN)
  TODAY            0.0           2.6  1948   0.1   -0.1      0.0
  MONTH TO DATE    0.0                       0.9   -0.9       T
  SINCE MAR 1      0.0                       0.9   -0.9       T
  SINCE JUL 1      1.6                      17.0  -15.4      9.0
  SNOW DEPTH       0

DEGREE DAYS
 HEATING
  TODAY           29                        23      6       14
  MONTH TO DATE  160                       243    -83      148
  SINCE MAR 1    160                       243    -83      148
  SINCE JUL 1   3201                      4189   -988     3325

 COOLING
  TODAY            0                         0      0        0
  MONTH TO DATE    0                         0      0        4
  SINCE MAR 1      0                         0      0        4
  SINCE JAN 1      4                         0      4        4
..................................................................


WIND (MPH)
  HIGHEST WIND SPEED    22   HIGHEST WIND DIRECTION     N (10)
  HIGHEST GUST SPEED    25   HIGHEST GUST DIRECTION     N (10)
  AVERAGE WIND SPEED    12.8


SKY COVER
  AVERAGE SKY COVER 0.0



RELATIVE HUMIDITY (PERCENT)
 HIGHEST    75           300 AM
 LOWEST     34           300 PM
 AVERAGE    55

..........................................................


THE COLUMBIA ASOS CLIMATE NORMALS FOR TOMORROW
                         NORMAL    RECORD    YEAR
 MAXIMUM TEMPERATURE (F)   53        83      1972
 MINIMUM TEMPERATURE (F)   32        -2      1948


SUNRISE AND SUNSET
MARCH 10 2017.........SUNRISE   627 AM CST   SUNSET   611 PM CST
MARCH 11 2017.........SUNRISE   626 AM CST   SUNSET   612 PM CST


-  INDICATES NEGATIVE NUMBERS.
R  INDICATES RECORD WAS SET OR TIED.
MM INDICATES DATA IS MISSING.
T  INDICATES TRACE AMOUNT.




$$
