000
CDUS43 KLSX 142133
CLICOU


CLIMATE REPORT
NATIONAL WEATHER SERVICE ST LOUIS MO
433 PM CDT THU AUG 14 2014


...................................

...THE COLUMBIA ASOS CLIMATE SUMMARY FOR AUGUST 14 2014...
VALID TODAY AS OF 0400 PM LOCAL TIME.

CLIMATE NORMAL PERIOD 1981 TO 2010
CLIMATE RECORD PERIOD 1890 TO 2014


WEATHER ITEM   OBSERVED TIME   RECORD YEAR NORMAL DEPARTURE LAST
                VALUE   (LST)  VALUE       VALUE  FROM      YEAR
                                                  NORMAL
..................................................................
TEMPERATURE (F)
 TODAY
  MAXIMUM         85    249 PM 105    1936  88     -3       77
  MINIMUM         58    515 AM  50    1890  66     -8       55
  AVERAGE         72                        77     -5       66

PRECIPITATION (IN)
  TODAY            0.00          2.43 1946   0.14  -0.14     0.00
  MONTH TO DATE    1.67                      1.90  -0.23     1.87
  SINCE JUN 1      8.20                     10.74  -2.54     6.37
  SINCE JAN 1     23.02                     27.29  -4.27    33.08

SNOWFALL (IN)
  TODAY            0.0           0.0  2013   0.0    0.0      0.0
  MONTH TO DATE    0.0                       0.0    0.0      0.0
  SINCE JUN 1      0.0                       0.0    0.0      0.0
  SINCE JUL 1      0.0                       0.0    0.0      0.0
  SNOW DEPTH       0

DEGREE DAYS
 HEATING
  TODAY            0                         0      0        0
  MONTH TO DATE    0                         0      0        0
  SINCE JUN 1      0                        11    -11        6
  SINCE JUL 1      0                         0      0        0

 COOLING
  TODAY            7                        12     -5        1
  MONTH TO DATE  135                       168    -33      123
  SINCE JUN 1    688                       798   -110      712
  SINCE JAN 1    848                       901    -53      846
..................................................................


WIND (MPH)
  HIGHEST WIND SPEED     9   HIGHEST WIND DIRECTION     N (340)
  HIGHEST GUST SPEED    14   HIGHEST GUST DIRECTION     N (350)
  AVERAGE WIND SPEED     2.7


SKY COVER
  AVERAGE SKY COVER 0.0



RELATIVE HUMIDITY (PERCENT)
 HIGHEST    90           400 AM
 LOWEST     43           300 PM
 AVERAGE    67

..........................................................


THE COLUMBIA ASOS CLIMATE NORMALS FOR TOMORROW
                         NORMAL    RECORD    YEAR
 MAXIMUM TEMPERATURE (F)   88       108      1936
 MINIMUM TEMPERATURE (F)   66        47      1992


SUNRISE AND SUNSET
AUGUST 14 2014........SUNRISE   622 AM CDT   SUNSET   805 PM CDT
AUGUST 15 2014........SUNRISE   623 AM CDT   SUNSET   803 PM CDT


-  INDICATES NEGATIVE NUMBERS.
R  INDICATES RECORD WAS SET OR TIED.
MM INDICATES DATA IS MISSING.
T  INDICATES TRACE AMOUNT.




$$
