000
CDUS43 KLSX 130734
CLICOU


CLIMATE REPORT
NATIONAL WEATHER SERVICE ST LOUIS MO
231 AM CDT THU APR 13 2017


...................................

...THE COLUMBIA ASOS CLIMATE SUMMARY FOR APRIL 12 2017...

CLIMATE NORMAL PERIOD 1981 TO 2010
CLIMATE RECORD PERIOD 1890 TO 2017


WEATHER ITEM   OBSERVED TIME   RECORD YEAR NORMAL DEPARTURE LAST
                VALUE   (LST)  VALUE       VALUE  FROM      YEAR
                                                  NORMAL
..................................................................
TEMPERATURE (F)
 YESTERDAY
  MAXIMUM         77    312 PM  90    1972  65     12       59
  MINIMUM         44    246 AM  21    1940  43      1       34
  AVERAGE         61                        54      7       47

PRECIPITATION (IN)
  YESTERDAY        0.00          1.15 1927   0.13  -0.13     0.00
  MONTH TO DATE    1.44                      1.57  -0.13     0.59
  SINCE MAR 1      4.65                      4.48   0.17     2.47
  SINCE JAN 1      5.87                      8.65  -2.78     4.12

SNOWFALL (IN)
  YESTERDAY        0.0           0.5  1951   0.0    0.0      0.0
  MONTH TO DATE    0.0                       0.1   -0.1      0.0
  SINCE MAR 1      T                         1.8   -1.8       T
  SINCE JUL 1      1.6                      17.9  -16.3      9.0
  SNOW DEPTH       0

DEGREE DAYS
 HEATING
  YESTERDAY        4                        12     -8       18
  MONTH TO DATE   99                       160    -61      180
  SINCE MAR 1    598                       796   -198      598
  SINCE JUL 1   3639                      4742  -1103     3775

 COOLING
  YESTERDAY        0                         1     -1        0
  MONTH TO DATE    7                         5      2        0
  SINCE MAR 1     11                         8      3        4
  SINCE JAN 1     15                         8      7        4
..................................................................


WIND (MPH)
  HIGHEST WIND SPEED    17   HIGHEST WIND DIRECTION     S (170)
  HIGHEST GUST SPEED    21   HIGHEST GUST DIRECTION     S (190)
  AVERAGE WIND SPEED     9.3


SKY COVER
  AVERAGE SKY COVER 0.0


WEATHER CONDITIONS
 THE FOLLOWING WEATHER WAS RECORDED YESTERDAY.
  NO SIGNIFICANT WEATHER WAS OBSERVED.


RELATIVE HUMIDITY (PERCENT)
 HIGHEST    89
 LOWEST     25
 AVERAGE    57

..........................................................


THE COLUMBIA ASOS CLIMATE NORMALS FOR TODAY
                         NORMAL    RECORD    YEAR
 MAXIMUM TEMPERATURE (F)   65        88      2006
 MINIMUM TEMPERATURE (F)   43        22      1950


SUNRISE AND SUNSET
APRIL 13 2017.........SUNRISE   635 AM CDT   SUNSET   744 PM CDT
APRIL 14 2017.........SUNRISE   634 AM CDT   SUNSET   745 PM CDT


-  INDICATES NEGATIVE NUMBERS.
R  INDICATES RECORD WAS SET OR TIED.
MM INDICATES DATA IS MISSING.
T  INDICATES TRACE AMOUNT.




$$
