000
CDUS43 KLSX 240733
CLICOU


CLIMATE REPORT
NATIONAL WEATHER SERVICE ST LOUIS MO
232 AM CDT TUE MAY 24 2016


...................................

...THE COLUMBIA ASOS CLIMATE SUMMARY FOR MAY 23 2016...

CLIMATE NORMAL PERIOD 1981 TO 2010
CLIMATE RECORD PERIOD 1890 TO 2016


WEATHER ITEM   OBSERVED TIME   RECORD YEAR NORMAL DEPARTURE LAST
                VALUE   (LST)  VALUE       VALUE  FROM      YEAR
                                                  NORMAL
..................................................................
TEMPERATURE (F)
 YESTERDAY
  MAXIMUM         79    334 PM  92    1912  76      3       73
  MINIMUM         55    446 AM  36    1963  56     -1       58
  AVERAGE         67                        66      1       66

PRECIPITATION (IN)
  YESTERDAY        0.00          1.86 1938   0.15  -0.15     0.01
  MONTH TO DATE    1.50                      3.74  -2.24     3.14
  SINCE MAR 1      6.02                     11.14  -5.12     7.97
  SINCE JAN 1      7.67                     15.31  -7.64    10.32

SNOWFALL (IN)
  YESTERDAY        0.0           0.0  2015   0.0    0.0      0.0
  MONTH TO DATE    0.0                       0.0    0.0      0.0
  SINCE MAR 1      T                         1.9   -1.9      1.6
  SINCE JUL 1      9.0                      18.0   -9.0     12.0
  SNOW DEPTH       0

DEGREE DAYS
 HEATING
  YESTERDAY        0                         2     -2        0
  MONTH TO DATE  128                        95     33       73
  SINCE MAR 1    775                      1052   -277      877
  SINCE JUL 1   3952                      4998  -1046     4932

 COOLING
  YESTERDAY        2                         3     -1        1
  MONTH TO DATE   28                        46    -18       60
  SINCE MAR 1     60                        71    -11       75
  SINCE JAN 1     60                        71    -11       75
..................................................................


WIND (MPH)
  HIGHEST WIND SPEED    20   HIGHEST WIND DIRECTION     S (170)
  HIGHEST GUST SPEED    24   HIGHEST GUST DIRECTION     S (160)
  AVERAGE WIND SPEED     8.7


SKY COVER
  AVERAGE SKY COVER 0.1


WEATHER CONDITIONS
 THE FOLLOWING WEATHER WAS RECORDED YESTERDAY.
  NO SIGNIFICANT WEATHER WAS OBSERVED.


RELATIVE HUMIDITY (PERCENT)
 HIGHEST    77
 LOWEST     42
 AVERAGE    60

..........................................................


THE COLUMBIA ASOS CLIMATE NORMALS FOR TODAY
                         NORMAL    RECORD    YEAR
 MAXIMUM TEMPERATURE (F)   77        94      1911
 MINIMUM TEMPERATURE (F)   56        36      1925


SUNRISE AND SUNSET
MAY 24 2016...........SUNRISE   549 AM CDT   SUNSET   823 PM CDT
MAY 25 2016...........SUNRISE   549 AM CDT   SUNSET   823 PM CDT


-  INDICATES NEGATIVE NUMBERS.
R  INDICATES RECORD WAS SET OR TIED.
MM INDICATES DATA IS MISSING.
T  INDICATES TRACE AMOUNT.




$$
