000
CDUS43 KLSX 282237
CLICOU


CLIMATE REPORT
NATIONAL WEATHER SERVICE ST LOUIS MO
435 PM CST THU JAN 28 2016


...................................

...THE COLUMBIA ASOS CLIMATE SUMMARY FOR JANUARY 28 2016...
VALID TODAY AS OF 0400 PM LOCAL TIME.

CLIMATE NORMAL PERIOD 1981 TO 2010
CLIMATE RECORD PERIOD 1890 TO 2016


WEATHER ITEM   OBSERVED TIME   RECORD YEAR NORMAL DEPARTURE LAST
                VALUE   (LST)  VALUE       VALUE  FROM      YEAR
                                                  NORMAL
..................................................................
TEMPERATURE (F)
 TODAY
  MAXIMUM         51    318 PM  77    2013  39     12       60
  MINIMUM         34    532 AM -13    1915  21     13       31
  AVERAGE         43                        30     13       46

PRECIPITATION (IN)
  TODAY            0.00          1.16 1909   0.07  -0.07     0.00
  MONTH TO DATE    0.90                      1.73  -0.83     0.67
  SINCE DEC 1      7.94                      4.17   3.77     2.85
  SINCE JAN 1      0.90                      1.73  -0.83     0.67

SNOWFALL (IN)
  TODAY            0.0           3.1  1973   0.2   -0.2      0.0
  MONTH TO DATE    6.9                       5.5    1.4      0.1
  SINCE DEC 1      6.9                       9.9   -3.0      1.1
  SINCE JUL 1      6.9                      10.8   -3.9      1.9
  SNOW DEPTH       0

DEGREE DAYS
 HEATING
  TODAY           22                        35    -13       19
  MONTH TO DATE  993                       993      0      921
  SINCE DEC 1   1638                      2003   -365     1791
  SINCE JUL 1   2334                      2988   -654     2872

 COOLING
  TODAY            0                         0      0        0
  MONTH TO DATE    0                         0      0        0
  SINCE DEC 1      0                         0      0        0
  SINCE JAN 1      0                         0      0        0
..................................................................


WIND (MPH)
  HIGHEST WIND SPEED    24   HIGHEST WIND DIRECTION     W (280)
  HIGHEST GUST SPEED    31   HIGHEST GUST DIRECTION    NW (300)
  AVERAGE WIND SPEED    13.1


SKY COVER
  AVERAGE SKY COVER 0.1



RELATIVE HUMIDITY (PERCENT)
 HIGHEST    75           500 AM
 LOWEST     44           100 PM
 AVERAGE    60

..........................................................


THE COLUMBIA ASOS CLIMATE NORMALS FOR TOMORROW
                         NORMAL    RECORD    YEAR
 MAXIMUM TEMPERATURE (F)   40        70      2013
 MINIMUM TEMPERATURE (F)   21       -14      1904
                                             1899


SUNRISE AND SUNSET
JANUARY 28 2016.......SUNRISE   719 AM CST   SUNSET   525 PM CST
JANUARY 29 2016.......SUNRISE   718 AM CST   SUNSET   526 PM CST


-  INDICATES NEGATIVE NUMBERS.
R  INDICATES RECORD WAS SET OR TIED.
MM INDICATES DATA IS MISSING.
T  INDICATES TRACE AMOUNT.




$$
