000
CDUS43 KLSX 152242
CLICOU


CLIMATE REPORT
NATIONAL WEATHER SERVICE ST LOUIS MO
534 PM CDT TUE JUL 15 2014


...................................

...THE COLUMBIA ASOS CLIMATE SUMMARY FOR JULY 15 2014...
VALID TODAY AS OF 0500 PM LOCAL TIME.

CLIMATE NORMAL PERIOD 1981 TO 2010
CLIMATE RECORD PERIOD 1890 TO 2014


WEATHER ITEM   OBSERVED TIME   RECORD YEAR NORMAL DEPARTURE LAST
                VALUE   (LST)  VALUE       VALUE  FROM      YEAR
                                                  NORMAL
..................................................................
TEMPERATURE (F)
 TODAY
  MAXIMUM         74    346 PM 111    1936  88    -14       89
  MINIMUM         55    530 AM  47    1891  67    -12       69
  AVERAGE         65                        78    -13       79

PRECIPITATION (IN)
  TODAY            0.00          1.92 1981   0.15  -0.15     0.32
  MONTH TO DATE    1.46                      2.25  -0.79     0.99
  SINCE JUN 1      6.53                      6.72  -0.19     3.04
  SINCE JAN 1     21.35                     23.27  -1.92    29.75

SNOWFALL (IN)
  TODAY            0.0           0.0  2013   0.0    0.0      0.0
  MONTH TO DATE    0.0                       0.0    0.0      0.0
  SINCE JUN 1      0.0                       0.0    0.0      0.0
  SINCE JUL 1      0.0                       0.0    0.0      0.0
  SNOW DEPTH       0

DEGREE DAYS
 HEATING
  TODAY            0                         0      0        0
  MONTH TO DATE    0                         0      0        0
  SINCE JUN 1      0                        11    -11        6
  SINCE JUL 1      0                         0      0        0

 COOLING
  TODAY            0                        13    -13       14
  MONTH TO DATE  130                       181    -51      157
  SINCE JUN 1    417                       429    -12      424
  SINCE JAN 1    577                       532     45      558
..................................................................


WIND (MPH)
  HIGHEST WIND SPEED    17   HIGHEST WIND DIRECTION    NW (320)
  HIGHEST GUST SPEED    21   HIGHEST GUST DIRECTION    NW (320)
  AVERAGE WIND SPEED     9.6


SKY COVER
  AVERAGE SKY COVER 0.3



RELATIVE HUMIDITY (PERCENT)
 HIGHEST    86           100 AM
 LOWEST     49          1200 PM
 AVERAGE    68

..........................................................


THE COLUMBIA ASOS CLIMATE NORMALS FOR TOMORROW
                         NORMAL    RECORD    YEAR
 MAXIMUM TEMPERATURE (F)   88       105      1936
 MINIMUM TEMPERATURE (F)   67        53      1930


SUNRISE AND SUNSET
JULY 15 2014..........SUNRISE   556 AM CDT   SUNSET   833 PM CDT
JULY 16 2014..........SUNRISE   557 AM CDT   SUNSET   833 PM CDT


-  INDICATES NEGATIVE NUMBERS.
R  INDICATES RECORD WAS SET OR TIED.
MM INDICATES DATA IS MISSING.
T  INDICATES TRACE AMOUNT.




$$
