000
CDUS43 KLSX 280745
CLICOU


CLIMATE REPORT
NATIONAL WEATHER SERVICE ST LOUIS MO
144 AM CST WED DEC 28 2016


...................................

...THE COLUMBIA ASOS CLIMATE SUMMARY FOR DECEMBER 27 2016...

CLIMATE NORMAL PERIOD 1981 TO 2010
CLIMATE RECORD PERIOD 1890 TO 2016


WEATHER ITEM   OBSERVED TIME   RECORD YEAR NORMAL DEPARTURE LAST
                VALUE   (LST)  VALUE       VALUE  FROM      YEAR
                                                  NORMAL
..................................................................
TEMPERATURE (F)
 YESTERDAY
  MAXIMUM         48    338 PM  71    1946  39      9       41
  MINIMUM         26    626 AM  -7    1924  21      5       35
  AVERAGE         37                        30      7       38

PRECIPITATION (IN)
  YESTERDAY        0.00          2.05 1968   0.07  -0.07     1.14
  MONTH TO DATE    1.01                      2.17  -1.16     5.89
  SINCE DEC 1      1.01                      2.17  -1.16     5.89
  SINCE JAN 1     40.06                     42.35  -2.29    48.60

SNOWFALL (IN)
  YESTERDAY        0.0           4.0  1915   0.2   -0.2      0.0
  MONTH TO DATE    0.5                       3.7   -3.2       T
  SINCE DEC 1      0.5                       3.7   -3.2       T
  SINCE JUL 1      0.5                       4.6   -4.1       T
  SNOW DEPTH       0

DEGREE DAYS
 HEATING
  YESTERDAY       28                        35     -7       27
  MONTH TO DATE  922                       869     53      547
  SINCE DEC 1    922                       869     53      547
  SINCE JUL 1   1505                      1854   -349     1243

 COOLING
  YESTERDAY        0                         0      0        0
  MONTH TO DATE    0                         0      0        0
  SINCE DEC 1      0                         0      0        0
  SINCE JAN 1   1632                      1249    383     1387
..................................................................


WIND (MPH)
  HIGHEST WIND SPEED    13   HIGHEST WIND DIRECTION     W (260)
  HIGHEST GUST SPEED    16   HIGHEST GUST DIRECTION     W (270)
  AVERAGE WIND SPEED     7.4


SKY COVER
  AVERAGE SKY COVER 0.0


WEATHER CONDITIONS
 THE FOLLOWING WEATHER WAS RECORDED YESTERDAY.
  NO SIGNIFICANT WEATHER WAS OBSERVED.


RELATIVE HUMIDITY (PERCENT)
 HIGHEST    75
 LOWEST     34
 AVERAGE    55

..........................................................


THE COLUMBIA ASOS CLIMATE NORMALS FOR TODAY
                         NORMAL    RECORD    YEAR
 MAXIMUM TEMPERATURE (F)   39        71      1984
 MINIMUM TEMPERATURE (F)   21       -12      1924


SUNRISE AND SUNSET
DECEMBER 28 2016......SUNRISE   727 AM CST   SUNSET   455 PM CST
DECEMBER 29 2016......SUNRISE   727 AM CST   SUNSET   456 PM CST


-  INDICATES NEGATIVE NUMBERS.
R  INDICATES RECORD WAS SET OR TIED.
MM INDICATES DATA IS MISSING.
T  INDICATES TRACE AMOUNT.




$$
