000
CDUS43 KLSX 160750
CLICOU


CLIMATE REPORT
NATIONAL WEATHER SERVICE ST LOUIS MO
249 AM CDT SAT APR 16 2016


...................................

...THE COLUMBIA ASOS CLIMATE SUMMARY FOR APRIL 15 2016...

CLIMATE NORMAL PERIOD 1981 TO 2010
CLIMATE RECORD PERIOD 1890 TO 2016


WEATHER ITEM   OBSERVED TIME   RECORD YEAR NORMAL DEPARTURE LAST
                VALUE   (LST)  VALUE       VALUE  FROM      YEAR
                                                  NORMAL
..................................................................
TEMPERATURE (F)
 YESTERDAY
  MAXIMUM         77    417 PM  90    1896  66     11       67
  MINIMUM         51    541 AM  25    1928  44      7       55
  AVERAGE         64                        55      9       61

PRECIPITATION (IN)
  YESTERDAY        0.00          2.38 1998   0.15  -0.15      T
  MONTH TO DATE    0.59                      2.01  -1.42     1.87
  SINCE MAR 1      2.47                      4.92  -2.45     3.41
  SINCE JAN 1      4.12                      9.09  -4.97     5.76

SNOWFALL (IN)
  YESTERDAY        0.0           0.2  1905   0.0    0.0      0.0
  MONTH TO DATE    0.0                       0.2   -0.2      0.0
  SINCE MAR 1      T                         1.9   -1.9      1.6
  SINCE JUL 1      9.0                      18.0   -9.0     12.0
  SNOW DEPTH       0

DEGREE DAYS
 HEATING
  YESTERDAY        1                        11    -10        4
  MONTH TO DATE  198                       193      5      105
  SINCE MAR 1    616                       829   -213      690
  SINCE JUL 1   3793                      4775   -982     4745

 COOLING
  YESTERDAY        0                         1     -1        0
  MONTH TO DATE    0                         8     -8        9
  SINCE MAR 1      4                        11     -7        9
  SINCE JAN 1      4                        11     -7        9
..................................................................


WIND (MPH)
  HIGHEST WIND SPEED    21   HIGHEST WIND DIRECTION    SE (140)
  HIGHEST GUST SPEED    27   HIGHEST GUST DIRECTION    SE (130)
  AVERAGE WIND SPEED    11.0


SKY COVER
  AVERAGE SKY COVER 0.3


WEATHER CONDITIONS
 THE FOLLOWING WEATHER WAS RECORDED YESTERDAY.
  NO SIGNIFICANT WEATHER WAS OBSERVED.


RELATIVE HUMIDITY (PERCENT)
 HIGHEST    68
 LOWEST     43
 AVERAGE    56

..........................................................


THE COLUMBIA ASOS CLIMATE NORMALS FOR TODAY
                         NORMAL    RECORD    YEAR
 MAXIMUM TEMPERATURE (F)   66        86      1964
 MINIMUM TEMPERATURE (F)   44        26      1962


SUNRISE AND SUNSET
APRIL 16 2016.........SUNRISE   630 AM CDT   SUNSET   747 PM CDT
APRIL 17 2016.........SUNRISE   629 AM CDT   SUNSET   748 PM CDT


-  INDICATES NEGATIVE NUMBERS.
R  INDICATES RECORD WAS SET OR TIED.
MM INDICATES DATA IS MISSING.
T  INDICATES TRACE AMOUNT.




$$
