000
CDUS43 KLSX 142233
CLICOU


CLIMATE REPORT
NATIONAL WEATHER SERVICE ST LOUIS MO
533 PM CDT SAT MAY 14 2016


...................................

...THE COLUMBIA ASOS CLIMATE SUMMARY FOR MAY 14 2016...
VALID TODAY AS OF 0500 PM LOCAL TIME.

CLIMATE NORMAL PERIOD 1981 TO 2010
CLIMATE RECORD PERIOD 1890 TO 2016


WEATHER ITEM   OBSERVED TIME   RECORD YEAR NORMAL DEPARTURE LAST
                VALUE   (LST)  VALUE       VALUE  FROM      YEAR
                                                  NORMAL
..................................................................
TEMPERATURE (F)
 TODAY
  MAXIMUM         60    352 PM  90    1987  74    -14       68
                                      1932
                                      1915
  MINIMUM         44    600 AM  33    1895  53     -9       55
  AVERAGE         52                        63    -11       62

PRECIPITATION (IN)
  TODAY            0.00          4.10 1970   0.16  -0.16     0.86
  MONTH TO DATE    0.32                      2.37  -2.05     1.96
  SINCE MAR 1      4.84                      9.77  -4.93     6.79
  SINCE JAN 1      6.49                     13.94  -7.45     9.14

SNOWFALL (IN)
  TODAY            0.0           0.0  2015   0.0    0.0      0.0
  MONTH TO DATE    0.0                       0.0    0.0      0.0
  SINCE MAR 1      T                         1.9   -1.9      1.6
  SINCE JUL 1      9.0                      18.0   -9.0     12.0
  SNOW DEPTH       0

DEGREE DAYS
 HEATING
  TODAY           13                         4      9        3
  MONTH TO DATE   64                        68     -4       31
  SINCE MAR 1    711                      1025   -314      835
  SINCE JUL 1   3888                      4971  -1083     4890

 COOLING
  TODAY            0                         2     -2        0
  MONTH TO DATE   25                        21      4       39
  SINCE MAR 1     57                        46     11       54
  SINCE JAN 1     57                        46     11       54
..................................................................


WIND (MPH)
  HIGHEST WIND SPEED    24   HIGHEST WIND DIRECTION    NW (330)
  HIGHEST GUST SPEED    32   HIGHEST GUST DIRECTION    NW (300)
  AVERAGE WIND SPEED    14.4


SKY COVER
  AVERAGE SKY COVER 0.3



RELATIVE HUMIDITY (PERCENT)
 HIGHEST    76          1200 AM
 LOWEST     36           300 PM
 AVERAGE    56

..........................................................


THE COLUMBIA ASOS CLIMATE NORMALS FOR TOMORROW
                         NORMAL    RECORD    YEAR
 MAXIMUM TEMPERATURE (F)   74        90      1944
                                             1941
                                             1911
 MINIMUM TEMPERATURE (F)   53        36      1959
                                             1926
                                             1907


SUNRISE AND SUNSET
MAY 14 2016...........SUNRISE   557 AM CDT   SUNSET   814 PM CDT
MAY 15 2016...........SUNRISE   556 AM CDT   SUNSET   815 PM CDT


-  INDICATES NEGATIVE NUMBERS.
R  INDICATES RECORD WAS SET OR TIED.
MM INDICATES DATA IS MISSING.
T  INDICATES TRACE AMOUNT.




$$
