000
CDUS43 KLSX 182243
CLICOU


CLIMATE REPORT
NATIONAL WEATHER SERVICE ST LOUIS MO
439 PM CST TUE NOV 18 2014


...................................

...THE COLUMBIA ASOS CLIMATE SUMMARY FOR NOVEMBER 18 2014...
VALID TODAY AS OF 0400 PM LOCAL TIME.

CLIMATE NORMAL PERIOD 1981 TO 2010
CLIMATE RECORD PERIOD 1890 TO 2014


WEATHER ITEM   OBSERVED TIME   RECORD YEAR NORMAL DEPARTURE LAST
                VALUE   (LST)  VALUE       VALUE  FROM      YEAR
                                                  NORMAL
..................................................................
TEMPERATURE (F)
 TODAY
  MAXIMUM         31    308 PM  78    1930  53    -22       54
  MINIMUM          9    643 AM   8    1891  34    -25       35
  AVERAGE         20                        43    -23       45

PRECIPITATION (IN)
  TODAY            0.00          2.77 1985   0.11  -0.11     0.00
  MONTH TO DATE    0.36                      1.95  -1.59     0.98
  SINCE SEP 1     16.69                      9.13   7.56     6.23
  SINCE JAN 1     40.98                     38.88   2.10    39.32

SNOWFALL (IN)
  TODAY            0.0           2.4  1961   0.0    0.0      0.0
  MONTH TO DATE    0.5                       0.3    0.2      0.0
  SINCE SEP 1      0.5                       0.3    0.2      0.0
  SINCE JUL 1      0.5                       0.3    0.2      0.0
  SNOW DEPTH       0

DEGREE DAYS
 HEATING
  TODAY           45                        22     23       20
  MONTH TO DATE  479                       320    159      313
  SINCE SEP 1    773                       683     90      637
  SINCE JUL 1    773                       685     88      637

 COOLING
  TODAY            0                         0      0        0
  MONTH TO DATE    0                         0      0        0
  SINCE SEP 1    156                       164     -8      255
  SINCE JAN 1   1266                      1247     19     1322
..................................................................


WIND (MPH)
  HIGHEST WIND SPEED    20   HIGHEST WIND DIRECTION     W (260)
  HIGHEST GUST SPEED    28   HIGHEST GUST DIRECTION     W (290)
  AVERAGE WIND SPEED    11.8


SKY COVER
  AVERAGE SKY COVER 0.1



RELATIVE HUMIDITY (PERCENT)
 HIGHEST    73           500 AM
 LOWEST     42           100 PM
 AVERAGE    58

..........................................................


THE COLUMBIA ASOS CLIMATE NORMALS FOR TOMORROW
                         NORMAL    RECORD    YEAR
 MAXIMUM TEMPERATURE (F)   52        80      1942
 MINIMUM TEMPERATURE (F)   34         9      1914


SUNRISE AND SUNSET
NOVEMBER 18 2014......SUNRISE   655 AM CST   SUNSET   453 PM CST
NOVEMBER 19 2014......SUNRISE   656 AM CST   SUNSET   452 PM CST


-  INDICATES NEGATIVE NUMBERS.
R  INDICATES RECORD WAS SET OR TIED.
MM INDICATES DATA IS MISSING.
T  INDICATES TRACE AMOUNT.




$$
