000
CDUS43 KLSX 182128
CLICOU


CLIMATE REPORT
NATIONAL WEATHER SERVICE ST LOUIS MO
427 PM CDT THU AUG 18 2016


...................................

...THE COLUMBIA ASOS CLIMATE SUMMARY FOR AUGUST 18 2016...
VALID TODAY AS OF 0400 PM LOCAL TIME.

CLIMATE NORMAL PERIOD 1981 TO 2010
CLIMATE RECORD PERIOD 1890 TO 2016


WEATHER ITEM   OBSERVED TIME   RECORD YEAR NORMAL DEPARTURE LAST
                VALUE   (LST)  VALUE       VALUE  FROM      YEAR
                                                  NORMAL
..................................................................
TEMPERATURE (F)
 TODAY
  MAXIMUM         88    219 PM 106    1936  87      1       85
  MINIMUM         68    557 AM  47    1890  66      2       66
  AVERAGE         78                        76      2       76

PRECIPITATION (IN)
  TODAY            0.00          4.06 2002   0.15  -0.15     0.75
  MONTH TO DATE    5.16                      2.48   2.68     1.15
  SINCE JUN 1     17.53                     11.32   6.21    17.11
  SINCE JAN 1     27.66                     27.87  -0.21    29.97

SNOWFALL (IN)
  TODAY            0.0           0.0  2015   0.0    0.0      0.0
  MONTH TO DATE    0.0                       0.0    0.0      0.0
  SINCE JUN 1      0.0                       0.0    0.0      0.0
  SINCE JUL 1      0.0                       0.0    0.0      0.0
  SNOW DEPTH       0

DEGREE DAYS
 HEATING
  TODAY            0                         0      0        0
  MONTH TO DATE    0                         0      0        0
  SINCE JUN 1      0                        11    -11        8
  SINCE JUL 1      0                         0      0        1

 COOLING
  TODAY           13                        11      2       11
  MONTH TO DATE  226                       215     11      226
  SINCE JUN 1   1044                       845    199      935
  SINCE JAN 1   1168                       948    220     1054
..................................................................


WIND (MPH)
  HIGHEST WIND SPEED    13   HIGHEST WIND DIRECTION    SW (210)
  HIGHEST GUST SPEED    16   HIGHEST GUST DIRECTION    SW (220)
  AVERAGE WIND SPEED     6.7


SKY COVER
  AVERAGE SKY COVER 0.1



RELATIVE HUMIDITY (PERCENT)
 HIGHEST   100           200 AM
 LOWEST     59           100 PM
 AVERAGE    80

..........................................................


THE COLUMBIA ASOS CLIMATE NORMALS FOR TOMORROW
                         NORMAL    RECORD    YEAR
 MAXIMUM TEMPERATURE (F)   87       104      1936
 MINIMUM TEMPERATURE (F)   65        52      1897
                                             1890


SUNRISE AND SUNSET
AUGUST 18 2016........SUNRISE   626 AM CDT   SUNSET   759 PM CDT
AUGUST 19 2016........SUNRISE   627 AM CDT   SUNSET   757 PM CDT


-  INDICATES NEGATIVE NUMBERS.
R  INDICATES RECORD WAS SET OR TIED.
MM INDICATES DATA IS MISSING.
T  INDICATES TRACE AMOUNT.




$$
