000
CDUS43 KLSX 242238
CLICOU


CLIMATE REPORT
NATIONAL WEATHER SERVICE ST LOUIS MO
436 PM CST THU NOV 24 2016


...................................

...THE COLUMBIA ASOS CLIMATE SUMMARY FOR NOVEMBER 24 2016...
VALID TODAY AS OF 0400 PM LOCAL TIME.

CLIMATE NORMAL PERIOD 1981 TO 2010
CLIMATE RECORD PERIOD 1890 TO 2016


WEATHER ITEM   OBSERVED TIME   RECORD YEAR NORMAL DEPARTURE LAST
                VALUE   (LST)  VALUE       VALUE  FROM      YEAR
                                                  NORMAL
..................................................................
TEMPERATURE (F)
 TODAY
  MAXIMUM         47    341 PM  70    1966  49     -2       65
  MINIMUM         41    919 AM   4    1950  31     10       38
  AVERAGE         44                        40      4       52

PRECIPITATION (IN)
  TODAY            0.00          1.42 1987   0.10  -0.10     0.00
  MONTH TO DATE    1.79                      2.60  -0.81     5.92
  SINCE SEP 1     10.70                      9.78   0.92     8.24
  SINCE JAN 1     39.04                     39.53  -0.49    40.20

SNOWFALL (IN)
  TODAY            0.0           4.7  2004   0.1   -0.1      0.0
  MONTH TO DATE    0.0                       0.6   -0.6       T
  SINCE SEP 1      0.0                       0.6   -0.6       T
  SINCE JUL 1      0.0                       0.6   -0.6       T
  SNOW DEPTH       0

DEGREE DAYS
 HEATING
  TODAY           21                        25     -4       13
  MONTH TO DATE  307                       461   -154      343
  SINCE SEP 1    448                       824   -376      575
  SINCE JUL 1    448                       826   -378      577

 COOLING
  TODAY            0                         0      0        0
  MONTH TO DATE   19                         0     19        0
  SINCE SEP 1    321                       164    157      266
  SINCE JAN 1   1632                      1247    385     1387
..................................................................


WIND (MPH)
  HIGHEST WIND SPEED    12   HIGHEST WIND DIRECTION    NW (310)
  HIGHEST GUST SPEED    16   HIGHEST GUST DIRECTION     W (270)
  AVERAGE WIND SPEED     6.3


SKY COVER
  AVERAGE SKY COVER 0.8



RELATIVE HUMIDITY (PERCENT)
 HIGHEST    79           500 AM
 LOWEST     65           200 PM
 AVERAGE    72

..........................................................


THE COLUMBIA ASOS CLIMATE NORMALS FOR TOMORROW
                         NORMAL    RECORD    YEAR
 MAXIMUM TEMPERATURE (F)   49        72      1990
 MINIMUM TEMPERATURE (F)   31         5      1950


SUNRISE AND SUNSET
NOVEMBER 24 2016......SUNRISE   702 AM CST   SUNSET   450 PM CST
NOVEMBER 25 2016......SUNRISE   703 AM CST   SUNSET   449 PM CST


-  INDICATES NEGATIVE NUMBERS.
R  INDICATES RECORD WAS SET OR TIED.
MM INDICATES DATA IS MISSING.
T  INDICATES TRACE AMOUNT.




$$
