000
CDUS43 KLSX 052232
CLICOU


CLIMATE REPORT
NATIONAL WEATHER SERVICE ST LOUIS MO
526 PM CDT SAT AUG 5 2017


...................................

...THE COLUMBIA ASOS CLIMATE SUMMARY FOR AUGUST 5 2017...
VALID TODAY AS OF 0500 PM LOCAL TIME.

CLIMATE NORMAL PERIOD 1981 TO 2010
CLIMATE RECORD PERIOD 1890 TO 2017


WEATHER ITEM   OBSERVED TIME   RECORD YEAR NORMAL DEPARTURE LAST
                VALUE   (LST)  VALUE       VALUE  FROM      YEAR
                                                  NORMAL
..................................................................
TEMPERATURE (F)
 TODAY
  MAXIMUM         72   1040 AM 106    1918  88    -16       85
  MINIMUM         52    313 AM  50    1894  67    -15       71
  AVERAGE         62                        77    -15       78

PRECIPITATION (IN)
  TODAY            0.01          1.22 1945   0.14  -0.13     0.14
  MONTH TO DATE    0.01                      0.65  -0.64     3.69
  SINCE JUN 1      7.03                      9.49  -2.46    16.06
  SINCE JAN 1     26.93                     26.04   0.89    26.19

SNOWFALL (IN)
  TODAY            0.0           0.0  2015   0.0    0.0      0.0
  MONTH TO DATE    0.0                       0.0    0.0      0.0
  SINCE JUN 1      0.0                       0.0    0.0      0.0
  SINCE JUL 1      0.0                       0.0    0.0      0.0
  SNOW DEPTH       0

DEGREE DAYS
 HEATING
  TODAY            3                         0      3        0
  MONTH TO DATE    3                         0      3        0
  SINCE JUN 1      4                        11     -7        0
  SINCE JUL 1      3                         0      3        0

 COOLING
  TODAY            0                        12    -12       13
  MONTH TO DATE   41                        60    -19       68
  SINCE JUN 1    769                       690     79      886
  SINCE JAN 1    903                       793    110     1010
..................................................................


WIND (MPH)
  HIGHEST WIND SPEED    20   HIGHEST WIND DIRECTION     S (160)
  HIGHEST GUST SPEED    27   HIGHEST GUST DIRECTION     S (170)
  AVERAGE WIND SPEED     6.6


SKY COVER
  AVERAGE SKY COVER 0.4



RELATIVE HUMIDITY (PERCENT)
 HIGHEST   100           400 AM
 LOWEST     61          1100 AM
 AVERAGE    81

..........................................................


THE COLUMBIA ASOS CLIMATE NORMALS FOR TOMORROW
                         NORMAL    RECORD    YEAR
 MAXIMUM TEMPERATURE (F)   88       107      1934
 MINIMUM TEMPERATURE (F)   67        49      1994


SUNRISE AND SUNSET
AUGUST  5 2017........SUNRISE   614 AM CDT   SUNSET   815 PM CDT
AUGUST  6 2017........SUNRISE   615 AM CDT   SUNSET   814 PM CDT


-  INDICATES NEGATIVE NUMBERS.
R  INDICATES RECORD WAS SET OR TIED.
MM INDICATES DATA IS MISSING.
T  INDICATES TRACE AMOUNT.




$$
