000
CDUS43 KLSX 200747
CLICOU


CLIMATE REPORT
NATIONAL WEATHER SERVICE ST LOUIS MO
245 AM CDT TUE SEP 20 2016


...................................

...THE COLUMBIA ASOS CLIMATE SUMMARY FOR SEPTEMBER 19 2016...

CLIMATE NORMAL PERIOD 1981 TO 2010
CLIMATE RECORD PERIOD 1890 TO 2016


WEATHER ITEM   OBSERVED TIME   RECORD YEAR NORMAL DEPARTURE LAST
                VALUE   (LST)  VALUE       VALUE  FROM      YEAR
                                                  NORMAL
..................................................................
TEMPERATURE (F)
 YESTERDAY
  MAXIMUM         88    229 PM  94    2000  77     11       74
                                      1978
                                      1972
  MINIMUM         62    628 AM  35    1991  55      7       55
                                      1889
  AVERAGE         75                        66      9       65

PRECIPITATION (IN)
  YESTERDAY        0.00          4.25 1904   0.13  -0.13     0.00
  MONTH TO DATE    7.30                      2.43   4.87     1.14
  SINCE SEP 1      7.30                      2.43   4.87     1.14
  SINCE JAN 1     35.64                     32.18   3.46    33.10

SNOWFALL (IN)
  YESTERDAY        0.0           0.0  2015   0.0    0.0      0.0
  MONTH TO DATE    0.0                       0.0    0.0      0.0
  SINCE SEP 1      0.0                       0.0    0.0      0.0
  SINCE JUL 1      0.0                       0.0    0.0      0.0
  SNOW DEPTH       0

DEGREE DAYS
 HEATING
  YESTERDAY        0                         3     -3        0
  MONTH TO DATE    0                        19    -19       12
  SINCE SEP 1      0                        19    -19       12
  SINCE JUL 1      0                        21    -21       14

 COOLING
  YESTERDAY       10                         4      6        0
  MONTH TO DATE  157                       115     42      186
  SINCE SEP 1    157                       115     42      186
  SINCE JAN 1   1468                      1198    270     1307
..................................................................


WIND (MPH)
  HIGHEST WIND SPEED    14   HIGHEST WIND DIRECTION     S (190)
  HIGHEST GUST SPEED    17   HIGHEST GUST DIRECTION     S (190)
  AVERAGE WIND SPEED     7.0


SKY COVER
  AVERAGE SKY COVER 0.0


WEATHER CONDITIONS
 THE FOLLOWING WEATHER WAS RECORDED YESTERDAY.
  NO SIGNIFICANT WEATHER WAS OBSERVED.


RELATIVE HUMIDITY (PERCENT)
 HIGHEST   100
 LOWEST     51
 AVERAGE    76

..........................................................


THE COLUMBIA ASOS CLIMATE NORMALS FOR TODAY
                         NORMAL    RECORD    YEAR
 MAXIMUM TEMPERATURE (F)   77        98      1893
 MINIMUM TEMPERATURE (F)   54        36      1991
                                             1918


SUNRISE AND SUNSET
SEPTEMBER 20 2016.....SUNRISE   655 AM CDT   SUNSET   708 PM CDT
SEPTEMBER 21 2016.....SUNRISE   656 AM CDT   SUNSET   707 PM CDT


-  INDICATES NEGATIVE NUMBERS.
R  INDICATES RECORD WAS SET OR TIED.
MM INDICATES DATA IS MISSING.
T  INDICATES TRACE AMOUNT.




$$
