000
CDUS43 KLSX 192127
CLICOU


CLIMATE REPORT
NATIONAL WEATHER SERVICE ST LOUIS MO
426 PM CDT MON JUN 19 2017


...................................

...THE COLUMBIA ASOS CLIMATE SUMMARY FOR JUNE 19 2017...
VALID TODAY AS OF 0400 PM LOCAL TIME.

CLIMATE NORMAL PERIOD 1981 TO 2010
CLIMATE RECORD PERIOD 1890 TO 2017


WEATHER ITEM   OBSERVED TIME   RECORD YEAR NORMAL DEPARTURE LAST
                VALUE   (LST)  VALUE       VALUE  FROM      YEAR
                                                  NORMAL
..................................................................
TEMPERATURE (F)
 TODAY
  MAXIMUM         84    242 PM 105    1936  84      0       92
  MINIMUM         61    447 AM  48    1912  64     -3       66
  AVERAGE         73                        74     -1       79

PRECIPITATION (IN)
  TODAY            0.00          4.79 1928   0.14  -0.14     0.00
  MONTH TO DATE    2.82                      2.84  -0.02     0.04
  SINCE JUN 1      2.82                      2.84  -0.02     0.04
  SINCE JAN 1     22.72                     19.39   3.33    10.17

SNOWFALL (IN)
  TODAY            0.0           0.0  2015   0.0    0.0      0.0
  MONTH TO DATE    0.0                       0.0    0.0      0.0
  SINCE JUN 1      0.0                       0.0    0.0      0.0
  SINCE JUL 1      1.6                      18.0  -16.4      9.0
  SNOW DEPTH       0

DEGREE DAYS
 HEATING
  TODAY            0                         0      0        0
  MONTH TO DATE    0                         9     -9        0
  SINCE JUN 1      0                         9     -9        0
  SINCE JUL 1   3816                      5021  -1205     3952

 COOLING
  TODAY            8                         9     -1       14
  MONTH TO DATE  192                       132     60      227
  SINCE JUN 1    192                       132     60      227
  SINCE JAN 1    326                       235     91      351
..................................................................


WIND (MPH)
  HIGHEST WIND SPEED    20   HIGHEST WIND DIRECTION     W (260)
  HIGHEST GUST SPEED    24   HIGHEST GUST DIRECTION    SW (240)
  AVERAGE WIND SPEED    10.2


SKY COVER
  AVERAGE SKY COVER 0.1



RELATIVE HUMIDITY (PERCENT)
 HIGHEST    84           300 AM
 LOWEST     43           300 PM
 AVERAGE    64

..........................................................


THE COLUMBIA ASOS CLIMATE NORMALS FOR TOMORROW
                         NORMAL    RECORD    YEAR
 MAXIMUM TEMPERATURE (F)   84        98      1988
                                             1953
 MINIMUM TEMPERATURE (F)   64        50      1976


SUNRISE AND SUNSET
JUNE 19 2017..........SUNRISE   544 AM CDT   SUNSET   837 PM CDT
JUNE 20 2017..........SUNRISE   544 AM CDT   SUNSET   837 PM CDT


-  INDICATES NEGATIVE NUMBERS.
R  INDICATES RECORD WAS SET OR TIED.
MM INDICATES DATA IS MISSING.
T  INDICATES TRACE AMOUNT.




$$
