000
CDUS43 KLSX 280746
CLICOU


CLIMATE REPORT
NATIONAL WEATHER SERVICE ST LOUIS MO
146 AM CST THU JAN 28 2016


...................................

...THE COLUMBIA ASOS CLIMATE SUMMARY FOR JANUARY 27 2016...

CLIMATE NORMAL PERIOD 1981 TO 2010
CLIMATE RECORD PERIOD 1890 TO 2016


WEATHER ITEM   OBSERVED TIME   RECORD YEAR NORMAL DEPARTURE LAST
                VALUE   (LST)  VALUE       VALUE  FROM      YEAR
                                                  NORMAL
..................................................................
TEMPERATURE (F)
 YESTERDAY
  MAXIMUM         44    951 PM  67    2002  39      5       51
  MINIMUM         20    749 AM -16    1936  21     -1       32
  AVERAGE         32                        30      2       42

PRECIPITATION (IN)
  YESTERDAY        0.00          1.07 1949   0.06  -0.06     0.00
  MONTH TO DATE    0.90                      1.66  -0.76     0.67
  SINCE DEC 1      7.94                      4.10   3.84     2.85
  SINCE JAN 1      0.90                      1.66  -0.76     0.67

SNOWFALL (IN)
  YESTERDAY        0.0           3.4  1979   0.2   -0.2      0.0
  MONTH TO DATE    6.9                       5.3    1.6      0.1
  SINCE DEC 1      6.9                       9.7   -2.8      1.1
  SINCE JUL 1      6.9                      10.6   -3.7      1.9
  SNOW DEPTH       0

DEGREE DAYS
 HEATING
  YESTERDAY       33                        35     -2       23
  MONTH TO DATE  971                       958     13      902
  SINCE DEC 1   1616                      1968   -352     1772
  SINCE JUL 1   2312                      2953   -641     2853

 COOLING
  YESTERDAY        0                         0      0        0
  MONTH TO DATE    0                         0      0        0
  SINCE DEC 1      0                         0      0        0
  SINCE JAN 1      0                         0      0        0
..................................................................


WIND (MPH)
  HIGHEST WIND SPEED    17   HIGHEST WIND DIRECTION    SW (230)
  HIGHEST GUST SPEED    21   HIGHEST GUST DIRECTION    SW (230)
  AVERAGE WIND SPEED     8.2


SKY COVER
  AVERAGE SKY COVER 0.2


WEATHER CONDITIONS
 THE FOLLOWING WEATHER WAS RECORDED YESTERDAY.
  FOG


RELATIVE HUMIDITY (PERCENT)
 HIGHEST    92
 LOWEST     49
 AVERAGE    71

..........................................................


THE COLUMBIA ASOS CLIMATE NORMALS FOR TODAY
                         NORMAL    RECORD    YEAR
 MAXIMUM TEMPERATURE (F)   39        77      2013
 MINIMUM TEMPERATURE (F)   21       -13      1915


SUNRISE AND SUNSET
JANUARY 28 2016.......SUNRISE   719 AM CST   SUNSET   525 PM CST
JANUARY 29 2016.......SUNRISE   718 AM CST   SUNSET   526 PM CST


-  INDICATES NEGATIVE NUMBERS.
R  INDICATES RECORD WAS SET OR TIED.
MM INDICATES DATA IS MISSING.
T  INDICATES TRACE AMOUNT.




$$
