000
CDUS43 KLSX 212129
CLICOU


CLIMATE REPORT
NATIONAL WEATHER SERVICE ST LOUIS MO
429 PM CDT THU APR 21 2016


...................................

...THE COLUMBIA ASOS CLIMATE SUMMARY FOR APRIL 21 2016...
VALID TODAY AS OF 0400 PM LOCAL TIME.

CLIMATE NORMAL PERIOD 1981 TO 2010
CLIMATE RECORD PERIOD 1890 TO 2016


WEATHER ITEM   OBSERVED TIME   RECORD YEAR NORMAL DEPARTURE LAST
                VALUE   (LST)  VALUE       VALUE  FROM      YEAR
                                                  NORMAL
..................................................................
TEMPERATURE (F)
 TODAY
  MAXIMUM         68   1134 AM  88    1965  68      0       67
                                      1925
  MINIMUM         48    515 AM  29    1907  46      2       43
  AVERAGE         58                        57      1       55

PRECIPITATION (IN)
  TODAY            0.02          1.97 1984   0.16  -0.14     0.00
  MONTH TO DATE    0.97                      2.95  -1.98     3.03
  SINCE MAR 1      2.85                      5.86  -3.01     4.57
  SINCE JAN 1      4.50                     10.03  -5.53     6.92

SNOWFALL (IN)
  TODAY           MM             T    1931   0.0   MM        0.0
                                      1918
                                      1893
  MONTH TO DATE    0.0                       0.2   -0.2      0.0
  SINCE MAR 1      T                         1.9   -1.9      1.6
  SINCE JUL 1      9.0                      18.0   -9.0     12.0
  SNOW DEPTH       0

DEGREE DAYS
 HEATING
  TODAY            7                         9     -2       10
  MONTH TO DATE  208                       251    -43      135
  SINCE MAR 1    626                       887   -261      720
  SINCE JUL 1   3803                      4833  -1030     4775

 COOLING
  TODAY            0                         1     -1        0
  MONTH TO DATE   15                        14      1       15
  SINCE MAR 1     19                        17      2       15
  SINCE JAN 1     19                        17      2       15
..................................................................


WIND (MPH)
  HIGHEST WIND SPEED    22   HIGHEST WIND DIRECTION     W (260)
  HIGHEST GUST SPEED    29   HIGHEST GUST DIRECTION     W (250)
  AVERAGE WIND SPEED    10.4


SKY COVER
  AVERAGE SKY COVER 0.4



RELATIVE HUMIDITY (PERCENT)
 HIGHEST   100           500 AM
 LOWEST     52           100 PM
 AVERAGE    76

..........................................................


THE COLUMBIA ASOS CLIMATE NORMALS FOR TOMORROW
                         NORMAL    RECORD    YEAR
 MAXIMUM TEMPERATURE (F)   68        91      1965
 MINIMUM TEMPERATURE (F)   46        29      1986


SUNRISE AND SUNSET
APRIL 21 2016.........SUNRISE   623 AM CDT   SUNSET   752 PM CDT
APRIL 22 2016.........SUNRISE   622 AM CDT   SUNSET   753 PM CDT


-  INDICATES NEGATIVE NUMBERS.
R  INDICATES RECORD WAS SET OR TIED.
MM INDICATES DATA IS MISSING.
T  INDICATES TRACE AMOUNT.




$$
