000
CDUS43 KLSX 060733
CLICOU


CLIMATE REPORT
NATIONAL WEATHER SERVICE ST LOUIS MO
232 AM CDT SUN APR 6 2014


...................................

...THE COLUMBIA ASOS CLIMATE SUMMARY FOR APRIL 5 2014...

CLIMATE NORMAL PERIOD 1981 TO 2010
CLIMATE RECORD PERIOD 1890 TO 2014


WEATHER ITEM   OBSERVED TIME   RECORD YEAR NORMAL DEPARTURE LAST
                VALUE   (LST)  VALUE       VALUE  FROM      YEAR
                                                  NORMAL
..................................................................
TEMPERATURE (F)
 YESTERDAY
  MAXIMUM         57    359 PM  85    1988  63     -6       68
                                      1954
                                      1893
  MINIMUM         35    619 AM  14    1920  41     -6       39
  AVERAGE         46                        52     -6       54

PRECIPITATION (IN)
  YESTERDAY        0.00          1.84 1964   0.13  -0.13     0.00
  MONTH TO DATE    6.35                      0.63   5.72     0.00
  SINCE MAR 1      7.58                      3.54   4.04     3.29
  SINCE JAN 1      9.84                      7.71   2.13     9.53

SNOWFALL (IN)
  YESTERDAY        0.0           0.8  1923   0.0    0.0      0.0
  MONTH TO DATE    0.0                       0.1   -0.1      0.0
  SINCE MAR 1      0.5                       1.8   -1.3     10.3
  SINCE JUL 1     17.8                      17.9   -0.1     35.0
  SNOW DEPTH       0

DEGREE DAYS
 HEATING
  YESTERDAY       19                        14      5       11
  MONTH TO DATE   85                        72     13      105
  SINCE MAR 1    815                       708    107      919
  SINCE JUL 1   5244                      4654    590     4502

 COOLING
  YESTERDAY        0                         0      0        0
  MONTH TO DATE    0                         0      0        0
  SINCE MAR 1      0                         3     -3        0
  SINCE JAN 1      0                         3     -3        1
..................................................................


WIND (MPH)
  HIGHEST WIND SPEED    10   HIGHEST WIND DIRECTION    SE (120)
  HIGHEST GUST SPEED    14   HIGHEST GUST DIRECTION    SE (120)
  AVERAGE WIND SPEED     4.1


SKY COVER
  AVERAGE SKY COVER 0.2


WEATHER CONDITIONS
 THE FOLLOWING WEATHER WAS RECORDED YESTERDAY.
  NO SIGNIFICANT WEATHER WAS OBSERVED.


RELATIVE HUMIDITY (PERCENT)
 HIGHEST    76
 LOWEST     32
 AVERAGE    54

..........................................................


THE COLUMBIA ASOS CLIMATE NORMALS FOR TODAY
                         NORMAL    RECORD    YEAR
 MAXIMUM TEMPERATURE (F)   63        89      1893
 MINIMUM TEMPERATURE (F)   41        21      1898


SUNRISE AND SUNSET
APRIL  6 2014.........SUNRISE   646 AM CDT   SUNSET   737 PM CDT
APRIL  7 2014.........SUNRISE   644 AM CDT   SUNSET   738 PM CDT


-  INDICATES NEGATIVE NUMBERS.
R  INDICATES RECORD WAS SET OR TIED.
MM INDICATES DATA IS MISSING.
T  INDICATES TRACE AMOUNT.




$$
