000
CDUS43 KLSX 150729
CLICOU


CLIMATE REPORT
NATIONAL WEATHER SERVICE ST LOUIS MO
228 AM CDT WED MAR 15 2017


...................................

...THE COLUMBIA ASOS CLIMATE SUMMARY FOR MARCH 14 2017...

CLIMATE NORMAL PERIOD 1981 TO 2010
CLIMATE RECORD PERIOD 1890 TO 2017


WEATHER ITEM   OBSERVED TIME   RECORD YEAR NORMAL DEPARTURE LAST
                VALUE   (LST)  VALUE       VALUE  FROM      YEAR
                                                  NORMAL
..................................................................
TEMPERATURE (F)
 YESTERDAY
  MAXIMUM         32    419 PM  85    2012  55    -23       72
  MINIMUM         20   1147 PM   9    1993  33    -13       49
  AVERAGE         26                        44    -18       61

PRECIPITATION (IN)
  YESTERDAY        0.00          3.88 1990   0.09  -0.09     0.00
  MONTH TO DATE    1.29                      1.20   0.09     1.13
  SINCE MAR 1      1.29                      1.20   0.09     1.13
  SINCE JAN 1      2.51                      5.37  -2.86     2.78

SNOWFALL (IN)
  YESTERDAY        0.0           6.0  2011   0.0    0.0      0.0
  MONTH TO DATE    T                         1.1   -1.1       T
  SINCE MAR 1      T                         1.1   -1.1       T
  SINCE JUL 1      1.6                      17.2  -15.6      9.0
  SNOW DEPTH       0

DEGREE DAYS
 HEATING
  YESTERDAY       39                        21     18        4
  MONTH TO DATE  291                       329    -38      184
  SINCE MAR 1    291                       329    -38      184
  SINCE JUL 1   3332                      4275   -943     3361

 COOLING
  YESTERDAY        0                         0      0        0
  MONTH TO DATE    0                         0      0        4
  SINCE MAR 1      0                         0      0        4
  SINCE JAN 1      4                         0      4        4
..................................................................


WIND (MPH)
  HIGHEST WIND SPEED    16   HIGHEST WIND DIRECTION     N (360)
  HIGHEST GUST SPEED    21   HIGHEST GUST DIRECTION     N (20)
  AVERAGE WIND SPEED    10.8


SKY COVER
  AVERAGE SKY COVER 0.8


WEATHER CONDITIONS
 THE FOLLOWING WEATHER WAS RECORDED YESTERDAY.
  FOG


RELATIVE HUMIDITY (PERCENT)
 HIGHEST    85
 LOWEST     53
 AVERAGE    69

..........................................................


THE COLUMBIA ASOS CLIMATE NORMALS FOR TODAY
                         NORMAL    RECORD    YEAR
 MAXIMUM TEMPERATURE (F)   55        81      2012
 MINIMUM TEMPERATURE (F)   34         6      1890


SUNRISE AND SUNSET
MARCH 15 2017.........SUNRISE   720 AM CDT   SUNSET   716 PM CDT
MARCH 16 2017.........SUNRISE   718 AM CDT   SUNSET   717 PM CDT


-  INDICATES NEGATIVE NUMBERS.
R  INDICATES RECORD WAS SET OR TIED.
MM INDICATES DATA IS MISSING.
T  INDICATES TRACE AMOUNT.




$$
