000
CDUS43 KLSX 242130
CLICOU


CLIMATE REPORT
NATIONAL WEATHER SERVICE ST LOUIS MO
430 PM CDT THU JUL 24 2014


...................................

...THE COLUMBIA ASOS CLIMATE SUMMARY FOR JULY 24 2014...
VALID TODAY AS OF 0400 PM LOCAL TIME.

CLIMATE NORMAL PERIOD 1981 TO 2010
CLIMATE RECORD PERIOD 1890 TO 2014


WEATHER ITEM   OBSERVED TIME   RECORD YEAR NORMAL DEPARTURE LAST
                VALUE   (LST)  VALUE       VALUE  FROM      YEAR
                                                  NORMAL
..................................................................
TEMPERATURE (F)
 TODAY
  MAXIMUM         82    242 PM 110    1934  88     -6       81
                                      1901
  MINIMUM         59    432 AM  52    1904  67     -8       64
  AVERAGE         71                        78     -7       73

PRECIPITATION (IN)
  TODAY            0.00          1.95 1935   0.13  -0.13     0.00
  MONTH TO DATE    1.46                      3.50  -2.04     2.08
  SINCE JUN 1      6.53                      7.97  -1.44     4.13
  SINCE JAN 1     21.35                     24.52  -3.17    30.84

SNOWFALL (IN)
  TODAY            0.0           0.0  2013   0.0    0.0      0.0
  MONTH TO DATE    0.0                       0.0    0.0      0.0
  SINCE JUN 1      0.0                       0.0    0.0      0.0
  SINCE JUL 1      0.0                       0.0    0.0      0.0
  SNOW DEPTH       0

DEGREE DAYS
 HEATING
  TODAY            0                         0      0        0
  MONTH TO DATE    0                         0      0        0
  SINCE JUN 1      0                        11    -11        6
  SINCE JUL 1      0                         0      0        0

 COOLING
  TODAY            6                        12     -6        8
  MONTH TO DATE  196                       294    -98      288
  SINCE JUN 1    483                       542    -59      555
  SINCE JAN 1    643                       645     -2      689
..................................................................


WIND (MPH)
  HIGHEST WIND SPEED    13   HIGHEST WIND DIRECTION     E (70)
  HIGHEST GUST SPEED    16   HIGHEST GUST DIRECTION     E (70)
  AVERAGE WIND SPEED     7.0


SKY COVER
  AVERAGE SKY COVER 0.0



RELATIVE HUMIDITY (PERCENT)
 HIGHEST    97           600 AM
 LOWEST     42           100 PM
 AVERAGE    70

..........................................................


THE COLUMBIA ASOS CLIMATE NORMALS FOR TOMORROW
                         NORMAL    RECORD    YEAR
 MAXIMUM TEMPERATURE (F)   88       111      1934
 MINIMUM TEMPERATURE (F)   67        53      1911
                                             1905


SUNRISE AND SUNSET
JULY 24 2014..........SUNRISE   603 AM CDT   SUNSET   827 PM CDT
JULY 25 2014..........SUNRISE   604 AM CDT   SUNSET   826 PM CDT


-  INDICATES NEGATIVE NUMBERS.
R  INDICATES RECORD WAS SET OR TIED.
MM INDICATES DATA IS MISSING.
T  INDICATES TRACE AMOUNT.




$$
