000
CDUS43 KLSX 240812
CLICOU


CLIMATE REPORT
NATIONAL WEATHER SERVICE ST LOUIS MO
210 AM CST THU NOV 24 2016


...................................

...THE COLUMBIA ASOS CLIMATE SUMMARY FOR NOVEMBER 23 2016...

CLIMATE NORMAL PERIOD 1981 TO 2010
CLIMATE RECORD PERIOD 1890 TO 2016


WEATHER ITEM   OBSERVED TIME   RECORD YEAR NORMAL DEPARTURE LAST
                VALUE   (LST)  VALUE       VALUE  FROM      YEAR
                                                  NORMAL
..................................................................
TEMPERATURE (F)
 YESTERDAY
  MAXIMUM         54   1120 AM  75    1974  50      4       60
  MINIMUM         42   1159 PM   4    1950  32     10       32
  AVERAGE         48                        41      7       46

PRECIPITATION (IN)
  YESTERDAY        0.00          0.82 1927   0.11  -0.11     0.00
  MONTH TO DATE    1.79                      2.50  -0.71     5.92
  SINCE SEP 1     10.70                      9.68   1.02     8.24
  SINCE JAN 1     39.04                     39.43  -0.39    40.20

SNOWFALL (IN)
  YESTERDAY        0.0           1.5  1971   0.0    0.0      0.0
  MONTH TO DATE    0.0                       0.5   -0.5       T
  SINCE SEP 1      0.0                       0.5   -0.5       T
  SINCE JUL 1      0.0                       0.5   -0.5       T
  SNOW DEPTH       0

DEGREE DAYS
 HEATING
  YESTERDAY       17                        24     -7       19
  MONTH TO DATE  286                       436   -150      330
  SINCE SEP 1    427                       799   -372      562
  SINCE JUL 1    427                       801   -374      564

 COOLING
  YESTERDAY        0                         0      0        0
  MONTH TO DATE   19                         0     19        0
  SINCE SEP 1    321                       164    157      266
  SINCE JAN 1   1632                      1247    385     1387
..................................................................


WIND (MPH)
  HIGHEST WIND SPEED    23   HIGHEST WIND DIRECTION    NW (310)
  HIGHEST GUST SPEED    28   HIGHEST GUST DIRECTION     W (290)
  AVERAGE WIND SPEED    11.8


SKY COVER
  AVERAGE SKY COVER 1.0


WEATHER CONDITIONS
 THE FOLLOWING WEATHER WAS RECORDED YESTERDAY.
  FOG


RELATIVE HUMIDITY (PERCENT)
 HIGHEST   100
 LOWEST     76
 AVERAGE    88

..........................................................


THE COLUMBIA ASOS CLIMATE NORMALS FOR TODAY
                         NORMAL    RECORD    YEAR
 MAXIMUM TEMPERATURE (F)   49        70      1966
 MINIMUM TEMPERATURE (F)   31         4      1950


SUNRISE AND SUNSET
NOVEMBER 24 2016......SUNRISE   702 AM CST   SUNSET   450 PM CST
NOVEMBER 25 2016......SUNRISE   703 AM CST   SUNSET   449 PM CST


-  INDICATES NEGATIVE NUMBERS.
R  INDICATES RECORD WAS SET OR TIED.
MM INDICATES DATA IS MISSING.
T  INDICATES TRACE AMOUNT.




$$
