000
CDUS43 KLSX 130727
CLICOU


CLIMATE REPORT
NATIONAL WEATHER SERVICE ST LOUIS MO
126 AM CST MON NOV 13 2017


...................................

...THE COLUMBIA ASOS CLIMATE SUMMARY FOR NOVEMBER 12 2017...

CLIMATE NORMAL PERIOD 1981 TO 2010
CLIMATE RECORD PERIOD 1890 TO 2017


WEATHER ITEM   OBSERVED TIME   RECORD YEAR NORMAL DEPARTURE LAST
                VALUE   (LST)  VALUE       VALUE  FROM      YEAR
                                                  NORMAL
..................................................................
TEMPERATURE (F)
 YESTERDAY
  MAXIMUM         50   1104 AM  78    1999  56     -6       56
                                      1971
  MINIMUM         44   1159 PM   9    1911  37      7       34
  AVERAGE         47                        46      1       45

PRECIPITATION (IN)
  YESTERDAY        0.01          1.06 1992   0.11  -0.10     0.00
  MONTH TO DATE    0.02                      1.27  -1.25     1.75
  SINCE SEP 1      5.95                      8.45  -2.50    10.66
  SINCE JAN 1     37.06                     38.20  -1.14    39.00

SNOWFALL (IN)
  YESTERDAY       MM             0.1  1983   0.1   MM        0.0
  MONTH TO DATE    0.0                       0.2   -0.2      0.0
  SINCE SEP 1      T                         0.2   -0.2      0.0
  SINCE JUL 1      T                         0.2   -0.2      0.0
  SNOW DEPTH       0

DEGREE DAYS
 HEATING
  YESTERDAY       18                        19     -1       20
  MONTH TO DATE  223                       197     26      110
  SINCE SEP 1    473                       560    -87      251
  SINCE JUL 1    476                       562    -86      251

 COOLING
  YESTERDAY        0                         0      0        0
  MONTH TO DATE    0                         0      0       15
  SINCE SEP 1    287                       164    123      317
  SINCE JAN 1   1401                      1247    154     1628
..................................................................


WIND (MPH)
  HIGHEST WIND SPEED    15   HIGHEST WIND DIRECTION     N (340)
  HIGHEST GUST SPEED    17   HIGHEST GUST DIRECTION    NW (330)
  AVERAGE WIND SPEED     6.3


SKY COVER
  AVERAGE SKY COVER 1.0


WEATHER CONDITIONS
 THE FOLLOWING WEATHER WAS RECORDED YESTERDAY.
  FOG


RELATIVE HUMIDITY (PERCENT)
 HIGHEST   100
 LOWEST     71
 AVERAGE    86

..........................................................


THE COLUMBIA ASOS CLIMATE NORMALS FOR TODAY
                         NORMAL    RECORD    YEAR
 MAXIMUM TEMPERATURE (F)   55        82      1999
 MINIMUM TEMPERATURE (F)   36         7      1986


SUNRISE AND SUNSET
NOVEMBER 13 2017......SUNRISE   649 AM CST   SUNSET   457 PM CST
NOVEMBER 14 2017......SUNRISE   651 AM CST   SUNSET   456 PM CST


-  INDICATES NEGATIVE NUMBERS.
R  INDICATES RECORD WAS SET OR TIED.
MM INDICATES DATA IS MISSING.
T  INDICATES TRACE AMOUNT.




$$
