023
CDUS43 KLSX 230745
CLICOU


CLIMATE REPORT
NATIONAL WEATHER SERVICE ST LOUIS MO
245 AM CDT MON MAY 23 2016


...................................

...THE COLUMBIA ASOS CLIMATE SUMMARY FOR MAY 22 2016...

CLIMATE NORMAL PERIOD 1981 TO 2010
CLIMATE RECORD PERIOD 1890 TO 2016


WEATHER ITEM   OBSERVED TIME   RECORD YEAR NORMAL DEPARTURE LAST
                VALUE   (LST)  VALUE       VALUE  FROM      YEAR
                                                  NORMAL
..................................................................
TEMPERATURE (F)
 YESTERDAY
  MAXIMUM         80    246 PM  92    1925  76      4       70
  MINIMUM         52    537 AM  35    1892  55     -3       47
  AVERAGE         66                        66      0       59

PRECIPITATION (IN)
  YESTERDAY        0.00          1.77 1918   0.14  -0.14      T
  MONTH TO DATE    1.50                      3.59  -2.09     3.13
  SINCE MAR 1      6.02                     10.99  -4.97     7.96
  SINCE JAN 1      7.67                     15.16  -7.49    10.31

SNOWFALL (IN)
  YESTERDAY        0.0           0.0  2015   0.0    0.0      0.0
  MONTH TO DATE    0.0                       0.0    0.0      0.0
  SINCE MAR 1      T                         1.9   -1.9      1.6
  SINCE JUL 1      9.0                      18.0   -9.0     12.0
  SNOW DEPTH       0

DEGREE DAYS
 HEATING
  YESTERDAY        0                         3     -3        6
  MONTH TO DATE  128                        93     35       73
  SINCE MAR 1    775                      1050   -275      877
  SINCE JUL 1   3952                      4996  -1044     4932

 COOLING
  YESTERDAY        1                         3     -2        0
  MONTH TO DATE   26                        43    -17       59
  SINCE MAR 1     58                        68    -10       74
  SINCE JAN 1     58                        68    -10       74
..................................................................


WIND (MPH)
  HIGHEST WIND SPEED    13   HIGHEST WIND DIRECTION    SE (140)
  HIGHEST GUST SPEED    16   HIGHEST GUST DIRECTION    SE (140)
  AVERAGE WIND SPEED     5.8


SKY COVER
  AVERAGE SKY COVER 0.0


WEATHER CONDITIONS
 THE FOLLOWING WEATHER WAS RECORDED YESTERDAY.
  NO SIGNIFICANT WEATHER WAS OBSERVED.


RELATIVE HUMIDITY (PERCENT)
 HIGHEST    83
 LOWEST     32
 AVERAGE    58

..........................................................


THE COLUMBIA ASOS CLIMATE NORMALS FOR TODAY
                         NORMAL    RECORD    YEAR
 MAXIMUM TEMPERATURE (F)   76        92      1912
 MINIMUM TEMPERATURE (F)   56        36      1963


SUNRISE AND SUNSET
MAY 23 2016...........SUNRISE   550 AM CDT   SUNSET   822 PM CDT
MAY 24 2016...........SUNRISE   549 AM CDT   SUNSET   823 PM CDT


-  INDICATES NEGATIVE NUMBERS.
R  INDICATES RECORD WAS SET OR TIED.
MM INDICATES DATA IS MISSING.
T  INDICATES TRACE AMOUNT.




$$
