000
CDUS43 KLSX 012229
CLICOU


CLIMATE REPORT
NATIONAL WEATHER SERVICE ST LOUIS MO
429 PM CST THU FEB 1 2018


...................................

...THE COLUMBIA ASOS CLIMATE SUMMARY FOR FEBRUARY 1 2018...
VALID TODAY AS OF 0400 PM LOCAL TIME.

CLIMATE NORMAL PERIOD 1981 TO 2010
CLIMATE RECORD PERIOD 1890 TO 2018


WEATHER ITEM   OBSERVED TIME   RECORD YEAR NORMAL DEPARTURE LAST
                VALUE   (LST)  VALUE       VALUE  FROM      YEAR
                                                  NORMAL
..................................................................
TEMPERATURE (F)
 TODAY
  MAXIMUM         41    437 AM  81    1911  40      1       42
  MINIMUM         26    359 PM -11    1979  22      4       30
  AVERAGE         34                        31      3       36

PRECIPITATION (IN)
  TODAY            0.00          1.14 1968   0.07  -0.07     0.00
  MONTH TO DATE    0.00                      0.07  -0.07     0.00
  SINCE DEC 1      2.45                      4.43  -1.98     2.02
  SINCE JAN 1      2.22                      1.99   0.23     1.01

SNOWFALL (IN)
  TODAY            0.0          17.5  2011   0.2   -0.2      0.0
  MONTH TO DATE    0.0                       0.2   -0.2      0.0
  SINCE DEC 1      2.7                      10.7   -8.0      1.6
  SINCE JUL 1      2.7                      11.6   -8.9      1.6
  SNOW DEPTH       0

DEGREE DAYS
 HEATING
  TODAY           31                        34     -3       29
  MONTH TO DATE   31                        34     -3       29
  SINCE DEC 1   2088                      2138    -50     1953
  SINCE JUL 1   2868                      3123   -255     2536

 COOLING
  TODAY            0                         0      0        0
  MONTH TO DATE    0                         0      0        0
  SINCE DEC 1      0                         0      0        0
  SINCE JAN 1      0                         0      0        0
..................................................................


WIND (MPH)
  HIGHEST WIND SPEED    23   HIGHEST WIND DIRECTION     N (10)
  HIGHEST GUST SPEED    28   HIGHEST GUST DIRECTION     N (10)
  AVERAGE WIND SPEED    12.9


SKY COVER
  AVERAGE SKY COVER 0.7



RELATIVE HUMIDITY (PERCENT)
 HIGHEST    76           300 AM
 LOWEST     37           300 PM
 AVERAGE    57

..........................................................


THE COLUMBIA ASOS CLIMATE NORMALS FOR TOMORROW
                         NORMAL    RECORD    YEAR
 MAXIMUM TEMPERATURE (F)   40        68      1992
 MINIMUM TEMPERATURE (F)   22       -15      1895


SUNRISE AND SUNSET
FEBRUARY  1 2018......SUNRISE   715 AM CST   SUNSET   531 PM CST
FEBRUARY  2 2018......SUNRISE   714 AM CST   SUNSET   532 PM CST


-  INDICATES NEGATIVE NUMBERS.
R  INDICATES RECORD WAS SET OR TIED.
MM INDICATES DATA IS MISSING.
T  INDICATES TRACE AMOUNT.




$$
