000
CDUS43 KLSX 052135
CLICOU


CLIMATE REPORT
NATIONAL WEATHER SERVICE ST LOUIS MO
430 PM CDT WED JUL 5 2017


...................................

...THE COLUMBIA ASOS CLIMATE SUMMARY FOR JULY 5 2017...
VALID TODAY AS OF 0400 PM LOCAL TIME.

CLIMATE NORMAL PERIOD 1981 TO 2010
CLIMATE RECORD PERIOD 1890 TO 2017


WEATHER ITEM   OBSERVED TIME   RECORD YEAR NORMAL DEPARTURE LAST
                VALUE   (LST)  VALUE       VALUE  FROM      YEAR
                                                  NORMAL
..................................................................
TEMPERATURE (F)
 TODAY
  MAXIMUM         78   1227 PM 105    2012  87     -9       93
                                      1911
  MINIMUM         69    716 AM  49    1972  67      2       67
  AVERAGE         74                        77     -3       80

PRECIPITATION (IN)
  TODAY            0.94          1.64 1897   0.14   0.80     0.00
  MONTH TO DATE    0.94                      0.75   0.19     5.47
  SINCE JUN 1      4.70                      5.22  -0.52     6.93
  SINCE JAN 1     24.60                     21.77   2.83    17.06

SNOWFALL (IN)
  TODAY            0.0           0.0  2015   0.0    0.0      0.0
  MONTH TO DATE    0.0                       0.0    0.0      0.0
  SINCE JUN 1      0.0                       0.0    0.0      0.0
  SINCE JUL 1      0.0                       0.0    0.0      0.0
  SNOW DEPTH       0

DEGREE DAYS
 HEATING
  TODAY            0                         0      0        0
  MONTH TO DATE    0                         0      0        0
  SINCE JUN 1      1                        11    -10        0
  SINCE JUL 1      0                         0      0        0

 COOLING
  TODAY            9                        12     -3       15
  MONTH TO DATE   51                        60     -9       33
  SINCE JUN 1    331                       308     23      427
  SINCE JAN 1    465                       411     54      551
..................................................................


WIND (MPH)
  HIGHEST WIND SPEED    23   HIGHEST WIND DIRECTION     E (100)
  HIGHEST GUST SPEED    32   HIGHEST GUST DIRECTION     E (90)
  AVERAGE WIND SPEED     9.5


SKY COVER
  AVERAGE SKY COVER 0.9



RELATIVE HUMIDITY (PERCENT)
 HIGHEST   100           600 AM
 LOWEST     87          1200 AM
 AVERAGE    94

..........................................................


THE COLUMBIA ASOS CLIMATE NORMALS FOR TOMORROW
                         NORMAL    RECORD    YEAR
 MAXIMUM TEMPERATURE (F)   87       106      2012
 MINIMUM TEMPERATURE (F)   67        51      1972


SUNRISE AND SUNSET
JULY  5 2017..........SUNRISE   550 AM CDT   SUNSET   837 PM CDT
JULY  6 2017..........SUNRISE   550 AM CDT   SUNSET   837 PM CDT


-  INDICATES NEGATIVE NUMBERS.
R  INDICATES RECORD WAS SET OR TIED.
MM INDICATES DATA IS MISSING.
T  INDICATES TRACE AMOUNT.




$$
