000
CDUS43 KLSX 150738
CLICOU


CLIMATE REPORT
NATIONAL WEATHER SERVICE ST LOUIS MO
237 AM CDT WED OCT 15 2014


...................................

...THE COLUMBIA ASOS CLIMATE SUMMARY FOR OCTOBER 14 2014...

CLIMATE NORMAL PERIOD 1981 TO 2010
CLIMATE RECORD PERIOD 1890 TO 2014


WEATHER ITEM   OBSERVED TIME   RECORD YEAR NORMAL DEPARTURE LAST
                VALUE   (LST)  VALUE       VALUE  FROM      YEAR
                                                  NORMAL
..................................................................
TEMPERATURE (F)
 YESTERDAY
  MAXIMUM         54    114 AM  92    1899  68    -14       68
  MINIMUM         52    732 PM  28    1902  45      7       48
                                      1894
  AVERAGE         53                        57     -4       58

PRECIPITATION (IN)
  YESTERDAY        0.62          1.15 1966   0.10   0.52     0.03
  MONTH TO DATE    9.86                      1.60   8.26     0.61
  SINCE SEP 1     16.01                      5.47  10.54     3.03
  SINCE JAN 1     40.30                     35.22   5.08    36.12

SNOWFALL (IN)
  YESTERDAY        0.0           0.0  2013   0.0    0.0      0.0
  MONTH TO DATE    0.0                       0.0    0.0      0.0
  SINCE SEP 1      0.0                       0.0    0.0      0.0
  SINCE JUL 1      0.0                       0.0    0.0      0.0
  SNOW DEPTH       0

DEGREE DAYS
 HEATING
  YESTERDAY       12                         9      3        7
  MONTH TO DATE  100                       103     -3       48
  SINCE SEP 1    147                       169    -22       64
  SINCE JUL 1    147                       171    -24       64

 COOLING
  YESTERDAY        0                         0      0        0
  MONTH TO DATE    6                        15     -9       47
  SINCE SEP 1    144                       159    -15      254
  SINCE JAN 1   1254                      1242     12     1321
..................................................................


WIND (MPH)
  HIGHEST WIND SPEED    24   HIGHEST WIND DIRECTION    NW (330)
  HIGHEST GUST SPEED    33   HIGHEST GUST DIRECTION    NW (310)
  AVERAGE WIND SPEED    16.5


SKY COVER
  AVERAGE SKY COVER 1.0


WEATHER CONDITIONS
 THE FOLLOWING WEATHER WAS RECORDED YESTERDAY.
  LIGHT RAIN
  FOG


RELATIVE HUMIDITY (PERCENT)
 HIGHEST   100
 LOWEST     83
 AVERAGE    92

..........................................................


THE COLUMBIA ASOS CLIMATE NORMALS FOR TODAY
                         NORMAL    RECORD    YEAR
 MAXIMUM TEMPERATURE (F)   68        91      1897
 MINIMUM TEMPERATURE (F)   45        29      1893
                                             1891


SUNRISE AND SUNSET
OCTOBER 15 2014.......SUNRISE   718 AM CDT   SUNSET   630 PM CDT
OCTOBER 16 2014.......SUNRISE   719 AM CDT   SUNSET   629 PM CDT


-  INDICATES NEGATIVE NUMBERS.
R  INDICATES RECORD WAS SET OR TIED.
MM INDICATES DATA IS MISSING.
T  INDICATES TRACE AMOUNT.




$$
