000
CDUS43 KLSX 262235
CLICOU


CLIMATE REPORT
NATIONAL WEATHER SERVICE ST LOUIS MO
535 PM CDT WED AUG 26 2015


...................................

...THE COLUMBIA ASOS CLIMATE SUMMARY FOR AUGUST 26 2015...
VALID TODAY AS OF 0500 PM LOCAL TIME.

CLIMATE NORMAL PERIOD 1981 TO 2010
CLIMATE RECORD PERIOD 1890 TO 2015


WEATHER ITEM   OBSERVED TIME   RECORD YEAR NORMAL DEPARTURE LAST
                VALUE   (LST)  VALUE       VALUE  FROM      YEAR
                                                  NORMAL
..................................................................
TEMPERATURE (F)
 TODAY
  MAXIMUM         80    239 PM 104    1936  86     -6       96
  MINIMUM         54    456 AM  48    1910  64    -10       73
  AVERAGE         67                        75     -8       85

PRECIPITATION (IN)
  TODAY            0.00          2.29 2006   0.14  -0.14     0.00
  MONTH TO DATE    3.11                      3.66  -0.55     2.78
  SINCE JUN 1     19.07                     12.50   6.57     9.31
  SINCE JAN 1     31.93                     29.05   2.88    24.13

SNOWFALL (IN)
  TODAY            0.0           0.0  2013   0.0    0.0      0.0
  MONTH TO DATE    0.0                       0.0    0.0      0.0
  SINCE JUN 1      0.0                       0.0    0.0      0.0
  SINCE JUL 1      0.0                       0.0    0.0      0.0
  SNOW DEPTH       0

DEGREE DAYS
 HEATING
  TODAY            0                         0      0        0
  MONTH TO DATE    1                         0      1        0
  SINCE JUN 1      9                        11     -2        0
  SINCE JUL 1      2                         0      2        0

 COOLING
  TODAY            2                        10     -8       20
  MONTH TO DATE  249                       301    -52      320
  SINCE JUN 1    958                       931     27      873
  SINCE JAN 1   1077                      1034     43     1033
..................................................................


WIND (MPH)
  HIGHEST WIND SPEED     9   HIGHEST WIND DIRECTION     N (360)
  HIGHEST GUST SPEED    13   HIGHEST GUST DIRECTION     N (360)
  AVERAGE WIND SPEED     4.9


SKY COVER
  AVERAGE SKY COVER 0.0



RELATIVE HUMIDITY (PERCENT)
 HIGHEST    93           500 AM
 LOWEST     39           400 PM
 AVERAGE    66

..........................................................


THE COLUMBIA ASOS CLIMATE NORMALS FOR TOMORROW
                         NORMAL    RECORD    YEAR
 MAXIMUM TEMPERATURE (F)   86       103      1983
                                             1936
 MINIMUM TEMPERATURE (F)   64        46      1910


SUNRISE AND SUNSET
AUGUST 26 2015........SUNRISE   632 AM CDT   SUNSET   748 PM CDT
AUGUST 27 2015........SUNRISE   633 AM CDT   SUNSET   747 PM CDT


-  INDICATES NEGATIVE NUMBERS.
R  INDICATES RECORD WAS SET OR TIED.
MM INDICATES DATA IS MISSING.
T  INDICATES TRACE AMOUNT.




$$
