000
CDUS43 KLSX 010731
CLICOU


CLIMATE REPORT
NATIONAL WEATHER SERVICE ST LOUIS MO
228 AM CDT WED NOV 1 2017


...................................

...THE COLUMBIA ASOS CLIMATE SUMMARY FOR OCTOBER 31 2017...

CLIMATE NORMAL PERIOD 1981 TO 2010
CLIMATE RECORD PERIOD 1890 TO 2017


WEATHER ITEM   OBSERVED TIME   RECORD YEAR NORMAL DEPARTURE LAST
                VALUE   (LST)  VALUE       VALUE  FROM      YEAR
                                                  NORMAL
..................................................................
TEMPERATURE (F)
 YESTERDAY
  MAXIMUM         41    247 PM  87    1950  62    -21       74
  MINIMUM         24    623 AM  22    1993  41    -17       50
                                      1930
                                      1898
  AVERAGE         33                        51    -18       62

PRECIPITATION (IN)
  YESTERDAY        T             2.06 1946   0.09  -0.09     0.00
  MONTH TO DATE    4.01                      3.31   0.70     1.58
  SINCE SEP 1      5.93                      7.18  -1.25     8.91
  SINCE JAN 1     37.04                     36.93   0.11    37.25

SNOWFALL (IN)
  YESTERDAY        T             0.3  1912   0.0    0.0      0.0
  MONTH TO DATE    T                         0.0    0.0      0.0
  SINCE SEP 1      T                         0.0    0.0      0.0
  SINCE JUL 1      T                         0.0    0.0      0.0
  SNOW DEPTH       0

DEGREE DAYS
 HEATING
  YESTERDAY       32                        14     18        3
  MONTH TO DATE  239                       298    -59      132
  SINCE SEP 1    250                       363   -113      141
  SINCE JUL 1    253                       365   -112      141

 COOLING
  YESTERDAY        0                         0      0        0
  MONTH TO DATE   74                        20     54       70
  SINCE SEP 1    287                       164    123      302
  SINCE JAN 1   1401                      1247    154     1613
..................................................................


WIND (MPH)
  HIGHEST WIND SPEED    12   HIGHEST WIND DIRECTION    SE (130)
  HIGHEST GUST SPEED    16   HIGHEST GUST DIRECTION    SW (230)
  AVERAGE WIND SPEED     5.0


SKY COVER
  AVERAGE SKY COVER 0.4


WEATHER CONDITIONS
 THE FOLLOWING WEATHER WAS RECORDED YESTERDAY.
  LIGHT RAIN
  LIGHT SNOW


RELATIVE HUMIDITY (PERCENT)
 HIGHEST    75
 LOWEST     44
 AVERAGE    60

..........................................................


THE COLUMBIA ASOS CLIMATE NORMALS FOR TODAY
                         NORMAL    RECORD    YEAR
 MAXIMUM TEMPERATURE (F)   61        84      1938
                                             1937
 MINIMUM TEMPERATURE (F)   41        16      1895


SUNRISE AND SUNSET
NOVEMBER  1 2017......SUNRISE   736 AM CDT   SUNSET   608 PM CDT
NOVEMBER  2 2017......SUNRISE   737 AM CDT   SUNSET   607 PM CDT


-  INDICATES NEGATIVE NUMBERS.
R  INDICATES RECORD WAS SET OR TIED.
MM INDICATES DATA IS MISSING.
T  INDICATES TRACE AMOUNT.




$$
