000
CDUS43 KLSX 140731
CLICOU


CLIMATE REPORT
NATIONAL WEATHER SERVICE ST LOUIS MO
130 AM CST MON NOV 14 2016


...................................

...THE COLUMBIA ASOS CLIMATE SUMMARY FOR NOVEMBER 13 2016...

CLIMATE NORMAL PERIOD 1981 TO 2010
CLIMATE RECORD PERIOD 1890 TO 2016


WEATHER ITEM   OBSERVED TIME   RECORD YEAR NORMAL DEPARTURE LAST
                VALUE   (LST)  VALUE       VALUE  FROM      YEAR
                                                  NORMAL
..................................................................
TEMPERATURE (F)
 YESTERDAY
  MAXIMUM         60    349 PM  82    1999  55      5       59
  MINIMUM         32    714 AM   7    1986  36     -4       34
  AVERAGE         46                        46      0       47

PRECIPITATION (IN)
  YESTERDAY        0.00          1.35 1972   0.12  -0.12     0.00
  MONTH TO DATE    1.75                      1.39   0.36     0.45
  SINCE SEP 1     10.66                      8.57   2.09     2.77
  SINCE JAN 1     39.00                     38.32   0.68    34.73

SNOWFALL (IN)
  YESTERDAY        0.0           T    2014   0.0    0.0      0.0
                                      1997
                                      1975
  MONTH TO DATE    0.0                       0.2   -0.2      0.0
  SINCE SEP 1      0.0                       0.2   -0.2      0.0
  SINCE JUL 1      0.0                       0.2   -0.2      0.0
  SNOW DEPTH       0

DEGREE DAYS
 HEATING
  YESTERDAY       19                        19      0       18
  MONTH TO DATE  129                       216    -87      145
  SINCE SEP 1    270                       579   -309      377
  SINCE JUL 1    270                       581   -311      379

 COOLING
  YESTERDAY        0                         0      0        0
  MONTH TO DATE   15                         0     15        0
  SINCE SEP 1    317                       164    153      266
  SINCE JAN 1   1628                      1247    381     1387
..................................................................


WIND (MPH)
  HIGHEST WIND SPEED    14   HIGHEST WIND DIRECTION    SW (210)
  HIGHEST GUST SPEED    17   HIGHEST GUST DIRECTION     S (200)
  AVERAGE WIND SPEED     7.2


SKY COVER
  AVERAGE SKY COVER 0.0


WEATHER CONDITIONS
 THE FOLLOWING WEATHER WAS RECORDED YESTERDAY.
  NO SIGNIFICANT WEATHER WAS OBSERVED.


RELATIVE HUMIDITY (PERCENT)
 HIGHEST    82
 LOWEST     40
 AVERAGE    61

..........................................................


THE COLUMBIA ASOS CLIMATE NORMALS FOR TODAY
                         NORMAL    RECORD    YEAR
 MAXIMUM TEMPERATURE (F)   55        78      1931
 MINIMUM TEMPERATURE (F)   36        10      1940


SUNRISE AND SUNSET
NOVEMBER 14 2016......SUNRISE   651 AM CST   SUNSET   456 PM CST
NOVEMBER 15 2016......SUNRISE   652 AM CST   SUNSET   455 PM CST


-  INDICATES NEGATIVE NUMBERS.
R  INDICATES RECORD WAS SET OR TIED.
MM INDICATES DATA IS MISSING.
T  INDICATES TRACE AMOUNT.




$$
