000
CDUS43 KLSX 162232
CLICOU


CLIMATE REPORT
NATIONAL WEATHER SERVICE ST LOUIS MO
531 PM CDT SAT APR 16 2016


...................................

...THE COLUMBIA ASOS CLIMATE SUMMARY FOR APRIL 16 2016...
VALID TODAY AS OF 0500 PM LOCAL TIME.

CLIMATE NORMAL PERIOD 1981 TO 2010
CLIMATE RECORD PERIOD 1890 TO 2016


WEATHER ITEM   OBSERVED TIME   RECORD YEAR NORMAL DEPARTURE LAST
                VALUE   (LST)  VALUE       VALUE  FROM      YEAR
                                                  NORMAL
..................................................................
TEMPERATURE (F)
 TODAY
  MAXIMUM         78    330 PM  86    1964  66     12       76
  MINIMUM         57    608 AM  26    1962  44     13       53
  AVERAGE         68                        55     13       65

PRECIPITATION (IN)
  TODAY            0.00          1.72 1960   0.16  -0.16     0.00
  MONTH TO DATE    0.59                      2.17  -1.58     1.87
  SINCE MAR 1      2.47                      5.08  -2.61     3.41
  SINCE JAN 1      4.12                      9.25  -5.13     5.76

SNOWFALL (IN)
  TODAY            0.0           T    1999   0.0    0.0      0.0
                                      1993
  MONTH TO DATE    0.0                       0.2   -0.2      0.0
  SINCE MAR 1      T                         1.9   -1.9      1.6
  SINCE JUL 1      9.0                      18.0   -9.0     12.0
  SNOW DEPTH       0

DEGREE DAYS
 HEATING
  TODAY            0                        10    -10        0
  MONTH TO DATE  198                       203     -5      105
  SINCE MAR 1    616                       839   -223      690
  SINCE JUL 1   3793                      4785   -992     4745

 COOLING
  TODAY            3                         1      2        0
  MONTH TO DATE    3                         9     -6        9
  SINCE MAR 1      7                        12     -5        9
  SINCE JAN 1      7                        12     -5        9
..................................................................


WIND (MPH)
  HIGHEST WIND SPEED    23   HIGHEST WIND DIRECTION    SE (150)
  HIGHEST GUST SPEED    29   HIGHEST GUST DIRECTION     S (180)
  AVERAGE WIND SPEED    11.4


SKY COVER
  AVERAGE SKY COVER 0.2



RELATIVE HUMIDITY (PERCENT)
 HIGHEST    80           400 AM
 LOWEST     42           200 PM
 AVERAGE    61

..........................................................


THE COLUMBIA ASOS CLIMATE NORMALS FOR TOMORROW
                         NORMAL    RECORD    YEAR
 MAXIMUM TEMPERATURE (F)   67        87      1909
                                             1896
 MINIMUM TEMPERATURE (F)   45        26      1905


SUNRISE AND SUNSET
APRIL 16 2016.........SUNRISE   630 AM CDT   SUNSET   747 PM CDT
APRIL 17 2016.........SUNRISE   629 AM CDT   SUNSET   748 PM CDT


-  INDICATES NEGATIVE NUMBERS.
R  INDICATES RECORD WAS SET OR TIED.
MM INDICATES DATA IS MISSING.
T  INDICATES TRACE AMOUNT.




$$
