000
CDUS43 KLSX 140742
CLICOU


CLIMATE REPORT
NATIONAL WEATHER SERVICE ST LOUIS MO
236 AM CDT SAT MAY 14 2016


...................................

...THE COLUMBIA ASOS CLIMATE SUMMARY FOR MAY 13 2016...

CLIMATE NORMAL PERIOD 1981 TO 2010
CLIMATE RECORD PERIOD 1890 TO 2016


WEATHER ITEM   OBSERVED TIME   RECORD YEAR NORMAL DEPARTURE LAST
                VALUE   (LST)  VALUE       VALUE  FROM      YEAR
                                                  NORMAL
..................................................................
TEMPERATURE (F)
 YESTERDAY
  MAXIMUM         79    259 PM  91    1940  74      5       72
  MINIMUM         47   1159 PM  34    1901  53     -6       48
  AVERAGE         63                        63      0       60

PRECIPITATION (IN)
  YESTERDAY        0.04          2.39 1985   0.17  -0.13      T
  MONTH TO DATE    0.32                      2.21  -1.89     1.10
  SINCE MAR 1      4.84                      9.61  -4.77     5.93
  SINCE JAN 1      6.49                     13.78  -7.29     8.28

SNOWFALL (IN)
  YESTERDAY        0.0           T    1953   0.0    MM       0.0
  MONTH TO DATE    0.0                       0.0    0.0      0.0
  SINCE MAR 1      T                         1.9   -1.9      1.6
  SINCE JUL 1      9.0                      18.0   -9.0     12.0
  SNOW DEPTH       0

DEGREE DAYS
 HEATING
  YESTERDAY        2                         4     -2        5
  MONTH TO DATE   51                        64    -13       28
  SINCE MAR 1    698                      1021   -323      832
  SINCE JUL 1   3875                      4967  -1092     4887

 COOLING
  YESTERDAY        0                         2     -2        0
  MONTH TO DATE   25                        19      6       39
  SINCE MAR 1     57                        44     13       54
  SINCE JAN 1     57                        44     13       54
..................................................................


WIND (MPH)
  HIGHEST WIND SPEED    30   HIGHEST WIND DIRECTION    NW (330)
  HIGHEST GUST SPEED    36   HIGHEST GUST DIRECTION    NW (330)
  AVERAGE WIND SPEED    12.3


SKY COVER
  AVERAGE SKY COVER 0.2


WEATHER CONDITIONS
 THE FOLLOWING WEATHER WAS RECORDED YESTERDAY.
  LIGHT RAIN


RELATIVE HUMIDITY (PERCENT)
 HIGHEST    90
 LOWEST     38
 AVERAGE    64

..........................................................


THE COLUMBIA ASOS CLIMATE NORMALS FOR TODAY
                         NORMAL    RECORD    YEAR
 MAXIMUM TEMPERATURE (F)   74        90      1987
                                             1932
                                             1915
 MINIMUM TEMPERATURE (F)   53        33      1895


SUNRISE AND SUNSET
MAY 14 2016...........SUNRISE   557 AM CDT   SUNSET   814 PM CDT
MAY 15 2016...........SUNRISE   556 AM CDT   SUNSET   815 PM CDT


-  INDICATES NEGATIVE NUMBERS.
R  INDICATES RECORD WAS SET OR TIED.
MM INDICATES DATA IS MISSING.
T  INDICATES TRACE AMOUNT.




$$
