000
CDUS43 KLSX 182226
CLICOU


CLIMATE REPORT
NATIONAL WEATHER SERVICE ST LOUIS MO
526 PM CDT MON JUL 18 2016


...................................

...THE COLUMBIA ASOS CLIMATE SUMMARY FOR JULY 18 2016...
VALID TODAY AS OF 0500 PM LOCAL TIME.

CLIMATE NORMAL PERIOD 1981 TO 2010
CLIMATE RECORD PERIOD 1890 TO 2016


WEATHER ITEM   OBSERVED TIME   RECORD YEAR NORMAL DEPARTURE LAST
                VALUE   (LST)  VALUE       VALUE  FROM      YEAR
                                                  NORMAL
..................................................................
TEMPERATURE (F)
 TODAY
  MAXIMUM         92    248 PM 111    1954  88      4       89
  MINIMUM         76    534 AM  52    1911  67      9       76
  AVERAGE         84                        78      6       83

PRECIPITATION (IN)
  TODAY            0.00          1.25 1971   0.15  -0.15      T
  MONTH TO DATE    8.11                      2.71   5.40     4.05
  SINCE JUN 1      9.57                      7.18   2.39    11.61
  SINCE JAN 1     19.70                     23.73  -4.03    24.47

SNOWFALL (IN)
  TODAY            0.0           0.0  2015   0.0    0.0      0.0
  MONTH TO DATE    0.0                       0.0    0.0      0.0
  SINCE JUN 1      0.0                       0.0    0.0      0.0
  SINCE JUL 1      0.0                       0.0    0.0      0.0
  SNOW DEPTH       0

DEGREE DAYS
 HEATING
  TODAY            0                         0      0        0
  MONTH TO DATE    0                         0      0        1
  SINCE JUN 1      0                        11    -11        8
  SINCE JUL 1      0                         0      0        1

 COOLING
  TODAY           19                        13      6       18
  MONTH TO DATE  222                       220      2      219
  SINCE JUN 1    616                       468    148      530
  SINCE JAN 1    740                       571    169      649
..................................................................


WIND (MPH)
  HIGHEST WIND SPEED    14   HIGHEST WIND DIRECTION    NW (330)
  HIGHEST GUST SPEED    17   HIGHEST GUST DIRECTION    NW (320)
  AVERAGE WIND SPEED     6.4


SKY COVER
  AVERAGE SKY COVER 0.1



RELATIVE HUMIDITY (PERCENT)
 HIGHEST    91          1200 AM
 LOWEST     56           300 PM
 AVERAGE    74

..........................................................


THE COLUMBIA ASOS CLIMATE NORMALS FOR TOMORROW
                         NORMAL    RECORD    YEAR
 MAXIMUM TEMPERATURE (F)   88       109      1980
 MINIMUM TEMPERATURE (F)   67        56      2009
                                             1979
                                             1947


SUNRISE AND SUNSET
JULY 18 2016..........SUNRISE   559 AM CDT   SUNSET   831 PM CDT
JULY 19 2016..........SUNRISE   600 AM CDT   SUNSET   830 PM CDT


-  INDICATES NEGATIVE NUMBERS.
R  INDICATES RECORD WAS SET OR TIED.
MM INDICATES DATA IS MISSING.
T  INDICATES TRACE AMOUNT.




$$
