000
CDUS43 KLSX 130726
CLICOU


CLIMATE REPORT
NATIONAL WEATHER SERVICE ST LOUIS MO
225 AM CDT TUE JUN 13 2017


...................................

...THE COLUMBIA ASOS CLIMATE SUMMARY FOR JUNE 12 2017...

CLIMATE NORMAL PERIOD 1981 TO 2010
CLIMATE RECORD PERIOD 1890 TO 2017


WEATHER ITEM   OBSERVED TIME   RECORD YEAR NORMAL DEPARTURE LAST
                VALUE   (LST)  VALUE       VALUE  FROM      YEAR
                                                  NORMAL
..................................................................
TEMPERATURE (F)
 YESTERDAY
  MAXIMUM         91    337 PM  98    1952  82      9       94
  MINIMUM         68    520 AM  43    1903  62      6       70
  AVERAGE         80                        72      8       82

PRECIPITATION (IN)
  YESTERDAY        0.00          1.74 1929   0.15  -0.15     0.00
  MONTH TO DATE    0.86                      1.79  -0.93     0.04
  SINCE JUN 1      0.86                      1.79  -0.93     0.04
  SINCE JAN 1     20.76                     18.34   2.42    10.17

SNOWFALL (IN)
  YESTERDAY        0.0           0.0  2015   0.0    0.0      0.0
  MONTH TO DATE    0.0                       0.0    0.0      0.0
  SINCE JUN 1      0.0                       0.0    0.0      0.0
  SINCE JUL 1      1.6                      18.0  -16.4      9.0
  SNOW DEPTH       0

DEGREE DAYS
 HEATING
  YESTERDAY        0                         0      0        0
  MONTH TO DATE    0                         9     -9        0
  SINCE JUN 1      0                         9     -9        0
  SINCE JUL 1   3816                      5021  -1205     3952

 COOLING
  YESTERDAY       15                         7      8       17
  MONTH TO DATE  104                        73     31      108
  SINCE JUN 1    104                        73     31      108
  SINCE JAN 1    238                       176     62      232
..................................................................


WIND (MPH)
  HIGHEST WIND SPEED    17   HIGHEST WIND DIRECTION     S (190)
  HIGHEST GUST SPEED    24   HIGHEST GUST DIRECTION     S (190)
  AVERAGE WIND SPEED     9.9


SKY COVER
  AVERAGE SKY COVER 0.1


WEATHER CONDITIONS
 THE FOLLOWING WEATHER WAS RECORDED YESTERDAY.
  NO SIGNIFICANT WEATHER WAS OBSERVED.


RELATIVE HUMIDITY (PERCENT)
 HIGHEST    90
 LOWEST     52
 AVERAGE    71

..........................................................


THE COLUMBIA ASOS CLIMATE NORMALS FOR TODAY
                         NORMAL    RECORD    YEAR
 MAXIMUM TEMPERATURE (F)   83       100      1953
 MINIMUM TEMPERATURE (F)   62        42      1903


SUNRISE AND SUNSET
JUNE 13 2017..........SUNRISE   543 AM CDT   SUNSET   835 PM CDT
JUNE 14 2017..........SUNRISE   543 AM CDT   SUNSET   835 PM CDT


-  INDICATES NEGATIVE NUMBERS.
R  INDICATES RECORD WAS SET OR TIED.
MM INDICATES DATA IS MISSING.
T  INDICATES TRACE AMOUNT.




$$
