000
CDUS43 KLSX 050729
CLICOU


CLIMATE REPORT
NATIONAL WEATHER SERVICE ST LOUIS MO
128 AM CST SUN MAR 5 2017


...................................

...THE COLUMBIA ASOS CLIMATE SUMMARY FOR MARCH 4 2017...

CLIMATE NORMAL PERIOD 1981 TO 2010
CLIMATE RECORD PERIOD 1890 TO 2017


WEATHER ITEM   OBSERVED TIME   RECORD YEAR NORMAL DEPARTURE LAST
                VALUE   (LST)  VALUE       VALUE  FROM      YEAR
                                                  NORMAL
..................................................................
TEMPERATURE (F)
 YESTERDAY
  MAXIMUM         71    255 PM  80    1938  50     21       51
  MINIMUM         39   1233 AM  -5    1978  30      9       36
  AVERAGE         55                        40     15       44

PRECIPITATION (IN)
  YESTERDAY        0.00          1.78 1897   0.09  -0.09     0.00
  MONTH TO DATE    0.47                      0.34   0.13     0.12
  SINCE MAR 1      0.47                      0.34   0.13     0.12
  SINCE JAN 1      1.69                      4.51  -2.82     1.77

SNOWFALL (IN)
  YESTERDAY        0.0           6.4  1965   0.0    0.0      0.0
  MONTH TO DATE    0.0                       0.3   -0.3       T
  SINCE MAR 1      0.0                       0.3   -0.3       T
  SINCE JUL 1      1.6                      16.4  -14.8      9.0
  SNOW DEPTH       0

DEGREE DAYS
 HEATING
  YESTERDAY       10                        25    -15       21
  MONTH TO DATE   83                       102    -19       97
  SINCE MAR 1     83                       102    -19       97
  SINCE JUL 1   3124                      4048   -924     3274

 COOLING
  YESTERDAY        0                         0      0        0
  MONTH TO DATE    0                         0      0        0
  SINCE MAR 1      0                         0      0        0
  SINCE JAN 1      4                         0      4        0
..................................................................


WIND (MPH)
  HIGHEST WIND SPEED    26   HIGHEST WIND DIRECTION    SW (220)
  HIGHEST GUST SPEED    33   HIGHEST GUST DIRECTION    SW (220)
  AVERAGE WIND SPEED    14.1


SKY COVER
  AVERAGE SKY COVER 0.0


WEATHER CONDITIONS
 THE FOLLOWING WEATHER WAS RECORDED YESTERDAY.
  NO SIGNIFICANT WEATHER WAS OBSERVED.


RELATIVE HUMIDITY (PERCENT)
 HIGHEST    65
 LOWEST     20
 AVERAGE    43

..........................................................


THE COLUMBIA ASOS CLIMATE NORMALS FOR TODAY
                         NORMAL    RECORD    YEAR
 MAXIMUM TEMPERATURE (F)   51        84      1956
 MINIMUM TEMPERATURE (F)   30        -9      1960


SUNRISE AND SUNSET
MARCH  5 2017.........SUNRISE   635 AM CST   SUNSET   606 PM CST
MARCH  6 2017.........SUNRISE   633 AM CST   SUNSET   607 PM CST


-  INDICATES NEGATIVE NUMBERS.
R  INDICATES RECORD WAS SET OR TIED.
MM INDICATES DATA IS MISSING.
T  INDICATES TRACE AMOUNT.




$$
