000
CDUS43 KLSX 150728
CLICOU


CLIMATE REPORT
NATIONAL WEATHER SERVICE ST LOUIS MO
227 AM CDT FRI APR 15 2016


...................................

...THE COLUMBIA ASOS CLIMATE SUMMARY FOR APRIL 14 2016...

CLIMATE NORMAL PERIOD 1981 TO 2010
CLIMATE RECORD PERIOD 1890 TO 2016


WEATHER ITEM   OBSERVED TIME   RECORD YEAR NORMAL DEPARTURE LAST
                VALUE   (LST)  VALUE       VALUE  FROM      YEAR
                                                  NORMAL
..................................................................
TEMPERATURE (F)
 YESTERDAY
  MAXIMUM         72    408 PM  89    2006  66      6       69
  MINIMUM         46    326 AM  23    1950  44      2       50
  AVERAGE         59                        55      4       60

PRECIPITATION (IN)
  YESTERDAY        0.00          1.65 1922   0.15  -0.15      T
  MONTH TO DATE    0.59                      1.86  -1.27     1.87
  SINCE MAR 1      2.47                      4.77  -2.30     3.41
  SINCE JAN 1      4.12                      8.94  -4.82     5.76

SNOWFALL (IN)
  YESTERDAY        0.0           7.0  1980   0.1   -0.1      0.0
  MONTH TO DATE    0.0                       0.2   -0.2      0.0
  SINCE MAR 1      T                         1.9   -1.9      1.6
  SINCE JUL 1      9.0                      18.0   -9.0     12.0
  SNOW DEPTH       0

DEGREE DAYS
 HEATING
  YESTERDAY        6                        11     -5        5
  MONTH TO DATE  197                       182     15      101
  SINCE MAR 1    615                       818   -203      686
  SINCE JUL 1   3792                      4764   -972     4741

 COOLING
  YESTERDAY        0                         1     -1        0
  MONTH TO DATE    0                         7     -7        9
  SINCE MAR 1      4                        10     -6        9
  SINCE JAN 1      4                        10     -6        9
..................................................................


WIND (MPH)
  HIGHEST WIND SPEED    15   HIGHEST WIND DIRECTION     E (110)
  HIGHEST GUST SPEED    20   HIGHEST GUST DIRECTION     E (80)
  AVERAGE WIND SPEED     8.1


SKY COVER
  AVERAGE SKY COVER 0.0


WEATHER CONDITIONS
 THE FOLLOWING WEATHER WAS RECORDED YESTERDAY.
  NO SIGNIFICANT WEATHER WAS OBSERVED.


RELATIVE HUMIDITY (PERCENT)
 HIGHEST    65
 LOWEST     22
 AVERAGE    44

..........................................................


THE COLUMBIA ASOS CLIMATE NORMALS FOR TODAY
                         NORMAL    RECORD    YEAR
 MAXIMUM TEMPERATURE (F)   66        90      1896
 MINIMUM TEMPERATURE (F)   44        25      1928


SUNRISE AND SUNSET
APRIL 15 2016.........SUNRISE   632 AM CDT   SUNSET   746 PM CDT
APRIL 16 2016.........SUNRISE   630 AM CDT   SUNSET   747 PM CDT


-  INDICATES NEGATIVE NUMBERS.
R  INDICATES RECORD WAS SET OR TIED.
MM INDICATES DATA IS MISSING.
T  INDICATES TRACE AMOUNT.




$$
