000
CDUS43 KLSX 212141
CLICOU


CLIMATE REPORT
NATIONAL WEATHER SERVICE ST LOUIS MO
438 PM CDT SAT MAR 21 2015


...................................

...THE COLUMBIA ASOS CLIMATE SUMMARY FOR MARCH 21 2015...
VALID TODAY AS OF 0400 PM LOCAL TIME.

CLIMATE NORMAL PERIOD 1981 TO 2010
CLIMATE RECORD PERIOD 1890 TO 2015


WEATHER ITEM   OBSERVED TIME   RECORD YEAR NORMAL DEPARTURE LAST
                VALUE   (LST)  VALUE       VALUE  FROM      YEAR
                                                  NORMAL
..................................................................
TEMPERATURE (F)
 TODAY
  MAXIMUM         69    259 PM  92    1907  57     12       78
  MINIMUM         40   1200 AM  15    1960  36      4       45
                                      1951
  AVERAGE         55                        46      9       62

PRECIPITATION (IN)
  TODAY            0.00          0.75 1948   0.09  -0.09     0.00
  MONTH TO DATE    0.77                      1.86  -1.09     0.57
  SINCE MAR 1      0.77                      1.86  -1.09     0.57
  SINCE JAN 1      3.12                      6.03  -2.91     2.83

SNOWFALL (IN)
  TODAY            0.0           2.7  1955   0.0    0.0      0.0
  MONTH TO DATE    1.6                       1.4    0.2      0.5
  SINCE MAR 1      1.6                       1.4    0.2      0.5
  SINCE JUL 1     12.0                      17.5   -5.5     17.8
  SNOW DEPTH       0

DEGREE DAYS
 HEATING
  TODAY           10                        19     -9        3
  MONTH TO DATE  414                       467    -53      507
  SINCE MAR 1    414                       467    -53      507
  SINCE JUL 1   4469                      4413     56     4936

 COOLING
  TODAY            0                         0      0        0
  MONTH TO DATE    0                         0      0        0
  SINCE MAR 1      0                         0      0        0
  SINCE JAN 1      0                         0      0        0
..................................................................


WIND (MPH)
  HIGHEST WIND SPEED    13   HIGHEST WIND DIRECTION     N (20)
  HIGHEST GUST SPEED    18   HIGHEST GUST DIRECTION     N (10)
  AVERAGE WIND SPEED     8.2


SKY COVER
  AVERAGE SKY COVER 0.0



RELATIVE HUMIDITY (PERCENT)
 HIGHEST    92          1200 AM
 LOWEST     42           200 PM
 AVERAGE    67

..........................................................


THE COLUMBIA ASOS CLIMATE NORMALS FOR TOMORROW
                         NORMAL    RECORD    YEAR
 MAXIMUM TEMPERATURE (F)   58        90      1910
                                             1907
 MINIMUM TEMPERATURE (F)   36        13      2002


SUNRISE AND SUNSET
MARCH 21 2015.........SUNRISE   711 AM CDT   SUNSET   722 PM CDT
MARCH 22 2015.........SUNRISE   710 AM CDT   SUNSET   723 PM CDT


-  INDICATES NEGATIVE NUMBERS.
R  INDICATES RECORD WAS SET OR TIED.
MM INDICATES DATA IS MISSING.
T  INDICATES TRACE AMOUNT.




$$
