000
CDUS43 KLSX 092139
CLICOU


CLIMATE REPORT
NATIONAL WEATHER SERVICE ST LOUIS MO
437 PM CDT FRI SEP 9 2016


...................................

...THE COLUMBIA ASOS CLIMATE SUMMARY FOR SEPTEMBER 9 2016...
VALID TODAY AS OF 0400 PM LOCAL TIME.

CLIMATE NORMAL PERIOD 1981 TO 2010
CLIMATE RECORD PERIOD 1890 TO 2016


WEATHER ITEM   OBSERVED TIME   RECORD YEAR NORMAL DEPARTURE LAST
                VALUE   (LST)  VALUE       VALUE  FROM      YEAR
                                                  NORMAL
..................................................................
TEMPERATURE (F)
 TODAY
  MAXIMUM         83    259 PM  99    1925  82      1       86
                                      1897
  MINIMUM         70    742 AM  44    1943  60     10       69
  AVERAGE         77                        71      6       78

PRECIPITATION (IN)
  TODAY            1.02          1.64 1922   0.14   0.88     0.00
  MONTH TO DATE    3.87                      1.18   2.69     0.08
  SINCE SEP 1      3.87                      1.18   2.69     0.08
  SINCE JAN 1     32.21                     30.93   1.28    32.04

SNOWFALL (IN)
  TODAY            0.0           0.0  2015   0.0    0.0      0.0
  MONTH TO DATE    0.0                       0.0    0.0      0.0
  SINCE SEP 1      0.0                       0.0    0.0      0.0
  SINCE JUL 1      0.0                       0.0    0.0      0.0
  SNOW DEPTH       0

DEGREE DAYS
 HEATING
  TODAY            0                         1     -1        0
  MONTH TO DATE    0                         3     -3        0
  SINCE SEP 1      0                         3     -3        0
  SINCE JUL 1      0                         5     -5        2

 COOLING
  TODAY           12                         6      6       13
  MONTH TO DATE   88                        67     21      129
  SINCE SEP 1     88                        67     21      129
  SINCE JAN 1   1399                      1150    249     1250
..................................................................


WIND (MPH)
  HIGHEST WIND SPEED    14   HIGHEST WIND DIRECTION     E (110)
  HIGHEST GUST SPEED    20   HIGHEST GUST DIRECTION     E (110)
  AVERAGE WIND SPEED     7.9


SKY COVER
  AVERAGE SKY COVER 0.9



RELATIVE HUMIDITY (PERCENT)
 HIGHEST   100           100 AM
 LOWEST     69           100 PM
 AVERAGE    85

..........................................................


THE COLUMBIA ASOS CLIMATE NORMALS FOR TOMORROW
                         NORMAL    RECORD    YEAR
 MAXIMUM TEMPERATURE (F)   81        99      1938
 MINIMUM TEMPERATURE (F)   59        44      1976


SUNRISE AND SUNSET
SEPTEMBER  9 2016.....SUNRISE   645 AM CDT   SUNSET   726 PM CDT
SEPTEMBER 10 2016.....SUNRISE   646 AM CDT   SUNSET   724 PM CDT


-  INDICATES NEGATIVE NUMBERS.
R  INDICATES RECORD WAS SET OR TIED.
MM INDICATES DATA IS MISSING.
T  INDICATES TRACE AMOUNT.




$$
