000
CDUS43 KLSX 172129
CLICOU


CLIMATE REPORT
NATIONAL WEATHER SERVICE ST LOUIS MO
428 PM CDT THU JUL 17 2014


...................................

...THE COLUMBIA ASOS CLIMATE SUMMARY FOR JULY 17 2014...
VALID TODAY AS OF 0400 PM LOCAL TIME.

CLIMATE NORMAL PERIOD 1981 TO 2010
CLIMATE RECORD PERIOD 1890 TO 2014


WEATHER ITEM   OBSERVED TIME   RECORD YEAR NORMAL DEPARTURE LAST
                VALUE   (LST)  VALUE       VALUE  FROM      YEAR
                                                  NORMAL
..................................................................
TEMPERATURE (F)
 TODAY
  MAXIMUM         79    245 PM 108    1954  88     -9       93
  MINIMUM         54    512 AM  53    1976  67    -13       73
  AVERAGE         67                        78    -11       83

PRECIPITATION (IN)
  TODAY            0.00          2.37 1938   0.15  -0.15     0.00
  MONTH TO DATE    1.46                      2.56  -1.10     0.99
  SINCE JUN 1      6.53                      7.03  -0.50     3.04
  SINCE JAN 1     21.35                     23.58  -2.23    29.75

SNOWFALL (IN)
  TODAY            0.0           0.0  2013   0.0    0.0      0.0
  MONTH TO DATE    0.0                       0.0    0.0      0.0
  SINCE JUN 1      0.0                       0.0    0.0      0.0
  SINCE JUL 1      0.0                       0.0    0.0      0.0
  SNOW DEPTH       0

DEGREE DAYS
 HEATING
  TODAY            0                         0      0        0
  MONTH TO DATE    0                         0      0        0
  SINCE JUN 1      0                        11    -11        6
  SINCE JUL 1      0                         0      0        0

 COOLING
  TODAY            2                        13    -11       18
  MONTH TO DATE  133                       207    -74      191
  SINCE JUN 1    420                       455    -35      458
  SINCE JAN 1    580                       558     22      592
..................................................................


WIND (MPH)
  HIGHEST WIND SPEED     9   HIGHEST WIND DIRECTION    SE (150)
  HIGHEST GUST SPEED    12   HIGHEST GUST DIRECTION    SE (130)
  AVERAGE WIND SPEED     3.6


SKY COVER
  AVERAGE SKY COVER 0.1



RELATIVE HUMIDITY (PERCENT)
 HIGHEST   100           400 AM
 LOWEST     40           100 PM
 AVERAGE    70

..........................................................


THE COLUMBIA ASOS CLIMATE NORMALS FOR TOMORROW
                         NORMAL    RECORD    YEAR
 MAXIMUM TEMPERATURE (F)   88       111      1954
 MINIMUM TEMPERATURE (F)   67        52      1911


SUNRISE AND SUNSET
JULY 17 2014..........SUNRISE   558 AM CDT   SUNSET   832 PM CDT
JULY 18 2014..........SUNRISE   558 AM CDT   SUNSET   831 PM CDT


-  INDICATES NEGATIVE NUMBERS.
R  INDICATES RECORD WAS SET OR TIED.
MM INDICATES DATA IS MISSING.
T  INDICATES TRACE AMOUNT.




$$
