000
CDUS43 KLSX 122242
CLICOU


CLIMATE REPORT
NATIONAL WEATHER SERVICE ST LOUIS MO
442 PM CST WED NOV 12 2014


...................................

...THE COLUMBIA ASOS CLIMATE SUMMARY FOR NOVEMBER 12 2014...
VALID TODAY AS OF 0400 PM LOCAL TIME.

CLIMATE NORMAL PERIOD 1981 TO 2010
CLIMATE RECORD PERIOD 1890 TO 2014


WEATHER ITEM   OBSERVED TIME   RECORD YEAR NORMAL DEPARTURE LAST
                VALUE   (LST)  VALUE       VALUE  FROM      YEAR
                                                  NORMAL
..................................................................
TEMPERATURE (F)
 TODAY
  MAXIMUM         31    239 PM  78    1999  56    -25       36
                                      1971
  MINIMUM         23    709 AM   9    1911  37    -14       20
  AVERAGE         27                        46    -19       28

PRECIPITATION (IN)
  TODAY            0.00          1.06 1992   0.11  -0.11     0.00
  MONTH TO DATE    0.30                      1.27  -0.97     0.91
  SINCE SEP 1     16.63                      8.45   8.18     6.16
  SINCE JAN 1     40.92                     38.20   2.72    39.25

SNOWFALL (IN)
  TODAY            0.0           0.1  1983   0.1   -0.1      0.0
  MONTH TO DATE    0.0                       0.2   -0.2      0.0
  SINCE SEP 1      0.0                       0.2   -0.2      0.0
  SINCE JUL 1      0.0                       0.2   -0.2      0.0
  SNOW DEPTH       0

DEGREE DAYS
 HEATING
  TODAY           38                        19     19       37
  MONTH TO DATE  230                       197     33      212
  SINCE SEP 1    524                       560    -36      536
  SINCE JUL 1    524                       562    -38      536

 COOLING
  TODAY            0                         0      0        0
  MONTH TO DATE    0                         0      0        0
  SINCE SEP 1    156                       164     -8      255
  SINCE JAN 1   1266                      1247     19     1322
..................................................................


WIND (MPH)
  HIGHEST WIND SPEED    20   HIGHEST WIND DIRECTION    NW (320)
  HIGHEST GUST SPEED    24   HIGHEST GUST DIRECTION    NW (330)
  AVERAGE WIND SPEED    13.7


SKY COVER
  AVERAGE SKY COVER 0.8



RELATIVE HUMIDITY (PERCENT)
 HIGHEST    69          1200 AM
 LOWEST     47           300 PM
 AVERAGE    58

..........................................................


THE COLUMBIA ASOS CLIMATE NORMALS FOR TOMORROW
                         NORMAL    RECORD    YEAR
 MAXIMUM TEMPERATURE (F)   55        82      1999
 MINIMUM TEMPERATURE (F)   36         7      1986


SUNRISE AND SUNSET
NOVEMBER 12 2014......SUNRISE   648 AM CST   SUNSET   458 PM CST
NOVEMBER 13 2014......SUNRISE   649 AM CST   SUNSET   457 PM CST


-  INDICATES NEGATIVE NUMBERS.
R  INDICATES RECORD WAS SET OR TIED.
MM INDICATES DATA IS MISSING.
T  INDICATES TRACE AMOUNT.




$$
