000
CDUS43 KLSX 152227
CLICOU


CLIMATE REPORT
NATIONAL WEATHER SERVICE ST LOUIS MO
426 PM CST THU JAN 15 2015


...................................

...THE COLUMBIA ASOS CLIMATE SUMMARY FOR JANUARY 15 2015...
VALID TODAY AS OF 0400 PM LOCAL TIME.

CLIMATE NORMAL PERIOD 1981 TO 2010
CLIMATE RECORD PERIOD 1890 TO 2015


WEATHER ITEM   OBSERVED TIME   RECORD YEAR NORMAL DEPARTURE LAST
                VALUE   (LST)  VALUE       VALUE  FROM      YEAR
                                                  NORMAL
..................................................................
TEMPERATURE (F)
 TODAY
  MAXIMUM         47    340 PM  71    1901  38      9       30
  MINIMUM         19    448 AM -11    1979  21     -2       22
  AVERAGE         33                        29      4       26

PRECIPITATION (IN)
  TODAY            0.00          1.00 1907   0.05  -0.05     0.00
  MONTH TO DATE    0.53                      0.93  -0.40     0.87
  SINCE DEC 1      2.71                      3.37  -0.66     2.58
  SINCE JAN 1      0.53                      0.93  -0.40     0.87

SNOWFALL (IN)
  TODAY            0.0           4.8  1924   0.2   -0.2      0.0
  MONTH TO DATE    0.1                       2.9   -2.8      7.5
  SINCE DEC 1      1.1                       7.3   -6.2      9.9
  SINCE JUL 1      1.9                       8.2   -6.3      9.9
  SNOW DEPTH       0

DEGREE DAYS
 HEATING
  TODAY           32                        36     -4       39
  MONTH TO DATE  614                       536     78      600
  SINCE DEC 1   1484                      1546    -62     1680
  SINCE JUL 1   2565                      2531     34     2687

 COOLING
  TODAY            0                         0      0        0
  MONTH TO DATE    0                         0      0        0
  SINCE DEC 1      0                         0      0        0
  SINCE JAN 1      0                         0      0        0
..................................................................


WIND (MPH)
  HIGHEST WIND SPEED    15   HIGHEST WIND DIRECTION     W (250)
  HIGHEST GUST SPEED    19   HIGHEST GUST DIRECTION     W (250)
  AVERAGE WIND SPEED     8.2


SKY COVER
  AVERAGE SKY COVER 0.0



RELATIVE HUMIDITY (PERCENT)
 HIGHEST    77           700 AM
 LOWEST     41           100 PM
 AVERAGE    59

..........................................................


THE COLUMBIA ASOS CLIMATE NORMALS FOR TOMORROW
                         NORMAL    RECORD    YEAR
 MAXIMUM TEMPERATURE (F)   38        70      2012
 MINIMUM TEMPERATURE (F)   21       -15      1977


SUNRISE AND SUNSET
JANUARY 15 2015.......SUNRISE   726 AM CST   SUNSET   511 PM CST
JANUARY 16 2015.......SUNRISE   725 AM CST   SUNSET   512 PM CST


-  INDICATES NEGATIVE NUMBERS.
R  INDICATES RECORD WAS SET OR TIED.
MM INDICATES DATA IS MISSING.
T  INDICATES TRACE AMOUNT.




$$
