000
CDUS43 KLSX 202134
CLICOU


CLIMATE REPORT
NATIONAL WEATHER SERVICE ST LOUIS MO
432 PM CDT THU AUG 20 2015


...................................

...THE COLUMBIA ASOS CLIMATE SUMMARY FOR AUGUST 20 2015...
VALID TODAY AS OF 0400 PM LOCAL TIME.

CLIMATE NORMAL PERIOD 1981 TO 2010
CLIMATE RECORD PERIOD 1890 TO 2015


WEATHER ITEM   OBSERVED TIME   RECORD YEAR NORMAL DEPARTURE LAST
                VALUE   (LST)  VALUE       VALUE  FROM      YEAR
                                                  NORMAL
..................................................................
TEMPERATURE (F)
 TODAY
  MAXIMUM         80    259 PM 102    2003  87     -7       92
                                      1962
  MINIMUM         56    533 AM  46    1950  65     -9       70
  AVERAGE         68                        76     -8       81

PRECIPITATION (IN)
  TODAY            0.00          3.38 2010   0.16  -0.16     0.26
  MONTH TO DATE    1.16                      2.79  -1.63     2.78
  SINCE JUN 1     17.12                     11.63   5.49     9.31
  SINCE JAN 1     29.98                     28.18   1.80    24.13

SNOWFALL (IN)
  TODAY            0.0           0.0  2013   0.0    0.0      0.0
  MONTH TO DATE    0.0                       0.0    0.0      0.0
  SINCE JUN 1      0.0                       0.0    0.0      0.0
  SINCE JUL 1      0.0                       0.0    0.0      0.0
  SNOW DEPTH       0

DEGREE DAYS
 HEATING
  TODAY            0                         0      0        0
  MONTH TO DATE    1                         0      1        0
  SINCE JUN 1      9                        11     -2        0
  SINCE JUL 1      2                         0      2        0

 COOLING
  TODAY            3                        11     -8       16
  MONTH TO DATE  229                       237     -8      203
  SINCE JUN 1    938                       867     71      756
  SINCE JAN 1   1057                       970     87      916
..................................................................


WIND (MPH)
  HIGHEST WIND SPEED    14   HIGHEST WIND DIRECTION    SW (230)
  HIGHEST GUST SPEED    19   HIGHEST GUST DIRECTION    SW (220)
  AVERAGE WIND SPEED     7.6


SKY COVER
  AVERAGE SKY COVER 0.0



RELATIVE HUMIDITY (PERCENT)
 HIGHEST    87          1200 AM
 LOWEST     42           100 PM
 AVERAGE    65

..........................................................


THE COLUMBIA ASOS CLIMATE NORMALS FOR TOMORROW
                         NORMAL    RECORD    YEAR
 MAXIMUM TEMPERATURE (F)   87       105      2003
 MINIMUM TEMPERATURE (F)   65        48      1956
                                             1950


SUNRISE AND SUNSET
AUGUST 20 2015........SUNRISE   627 AM CDT   SUNSET   757 PM CDT
AUGUST 21 2015........SUNRISE   628 AM CDT   SUNSET   756 PM CDT


-  INDICATES NEGATIVE NUMBERS.
R  INDICATES RECORD WAS SET OR TIED.
MM INDICATES DATA IS MISSING.
T  INDICATES TRACE AMOUNT.




$$
