000
CDUS43 KLSX 122142
CLICOU


CLIMATE REPORT
NATIONAL WEATHER SERVICE ST LOUIS MO
441 PM CDT TUE JUL 12 2016


...................................

...THE COLUMBIA ASOS CLIMATE SUMMARY FOR JULY 12 2016...
VALID TODAY AS OF 0400 PM LOCAL TIME.

CLIMATE NORMAL PERIOD 1981 TO 2010
CLIMATE RECORD PERIOD 1890 TO 2016


WEATHER ITEM   OBSERVED TIME   RECORD YEAR NORMAL DEPARTURE LAST
                VALUE   (LST)  VALUE       VALUE  FROM      YEAR
                                                  NORMAL
..................................................................
TEMPERATURE (F)
 TODAY
  MAXIMUM         85    259 PM 113    1954  88     -3       92
  MINIMUM         68   1007 AM  53    1898  67      1       70
  AVERAGE         77                        77      0       81

PRECIPITATION (IN)
  TODAY            0.35          1.69 2004   0.14   0.21     0.00
  MONTH TO DATE    6.92                      1.81   5.11     4.05
  SINCE JUN 1      8.38                      6.28   2.10    11.61
  SINCE JAN 1     18.51                     22.83  -4.32    24.47

SNOWFALL (IN)
  TODAY            0.0           0.0  2015   0.0    0.0      0.0
  MONTH TO DATE    0.0                       0.0    0.0      0.0
  SINCE JUN 1      0.0                       0.0    0.0      0.0
  SINCE JUL 1      0.0                       0.0    0.0      0.0
  SNOW DEPTH       0

DEGREE DAYS
 HEATING
  TODAY            0                         0      0        0
  MONTH TO DATE    0                         0      0        1
  SINCE JUN 1      0                        11    -11        8
  SINCE JUL 1      0                         0      0        1

 COOLING
  TODAY           12                        12      0       16
  MONTH TO DATE  132                       144    -12      108
  SINCE JUN 1    526                       392    134      419
  SINCE JAN 1    650                       495    155      538
..................................................................


WIND (MPH)
  HIGHEST WIND SPEED    25   HIGHEST WIND DIRECTION    NW (310)
  HIGHEST GUST SPEED    30   HIGHEST GUST DIRECTION    NW (310)
  AVERAGE WIND SPEED     8.4


SKY COVER
  AVERAGE SKY COVER 0.3



RELATIVE HUMIDITY (PERCENT)
 HIGHEST    87           100 AM
 LOWEST     61           300 PM
 AVERAGE    74

..........................................................


THE COLUMBIA ASOS CLIMATE NORMALS FOR TOMORROW
                         NORMAL    RECORD    YEAR
 MAXIMUM TEMPERATURE (F)   88       107      1954
                                             1936
 MINIMUM TEMPERATURE (F)   67        48      1975


SUNRISE AND SUNSET
JULY 12 2016..........SUNRISE   554 AM CDT   SUNSET   834 PM CDT
JULY 13 2016..........SUNRISE   555 AM CDT   SUNSET   834 PM CDT


-  INDICATES NEGATIVE NUMBERS.
R  INDICATES RECORD WAS SET OR TIED.
MM INDICATES DATA IS MISSING.
T  INDICATES TRACE AMOUNT.




$$
