000
CDUS43 KLSX 182234
CLICOU


CLIMATE REPORT
NATIONAL WEATHER SERVICE ST LOUIS MO
434 PM CST WED FEB 18 2015


...................................

...THE COLUMBIA ASOS CLIMATE SUMMARY FOR FEBRUARY 18 2015...
VALID TODAY AS OF 0400 PM LOCAL TIME.

CLIMATE NORMAL PERIOD 1981 TO 2010
CLIMATE RECORD PERIOD 1890 TO 2015


WEATHER ITEM   OBSERVED TIME   RECORD YEAR NORMAL DEPARTURE LAST
                VALUE   (LST)  VALUE       VALUE  FROM      YEAR
                                                  NORMAL
..................................................................
TEMPERATURE (F)
 TODAY
  MAXIMUM         19   1203 AM  71    1930  45    -26       62
  MINIMUM         12    735 AM -10    1936  26    -14       34
  AVERAGE         16                        35    -19       48

PRECIPITATION (IN)
  TODAY            0.00          1.67 1911   0.08  -0.08     0.00
  MONTH TO DATE    0.87                      1.39  -0.52     1.29
  SINCE DEC 1      3.99                      5.75  -1.76     3.90
  SINCE JAN 1      1.81                      3.31  -1.50     2.19

SNOWFALL (IN)
  TODAY            0.0           7.0  1911   0.2   -0.2      0.0
  MONTH TO DATE    4.7                       3.3    1.4      7.4
  SINCE DEC 1      5.8                      13.8   -8.0     17.3
  SINCE JUL 1      6.6                      14.7   -8.1     17.3
  SNOW DEPTH       1

DEGREE DAYS
 HEATING
  TODAY           49                        30     19       17
  MONTH TO DATE  657                       579     78      799
  SINCE DEC 1   2535                      2683   -148     3110
  SINCE JUL 1   3616                      3668    -52     4117

 COOLING
  TODAY            0                         0      0        0
  MONTH TO DATE    0                         0      0        0
  SINCE DEC 1      0                         0      0        0
  SINCE JAN 1      0                         0      0        0
..................................................................


WIND (MPH)
  HIGHEST WIND SPEED    30   HIGHEST WIND DIRECTION    NW (310)
  HIGHEST GUST SPEED    36   HIGHEST GUST DIRECTION    NW (310)
  AVERAGE WIND SPEED    15.8


SKY COVER
  AVERAGE SKY COVER 0.1



RELATIVE HUMIDITY (PERCENT)
 HIGHEST    67           100 AM
 LOWEST     46           100 PM
 AVERAGE    57

..........................................................


THE COLUMBIA ASOS CLIMATE NORMALS FOR TOMORROW
                         NORMAL    RECORD    YEAR
 MAXIMUM TEMPERATURE (F)   45        76      1930
 MINIMUM TEMPERATURE (F)   26        -6      1903


SUNRISE AND SUNSET
FEBRUARY 18 2015......SUNRISE   656 AM CST   SUNSET   550 PM CST
FEBRUARY 19 2015......SUNRISE   655 AM CST   SUNSET   551 PM CST


-  INDICATES NEGATIVE NUMBERS.
R  INDICATES RECORD WAS SET OR TIED.
MM INDICATES DATA IS MISSING.
T  INDICATES TRACE AMOUNT.




$$
