014
CDUS43 KLSX 100730
CLICOU


CLIMATE REPORT
NATIONAL WEATHER SERVICE ST LOUIS MO
129 AM CST FRI NOV 10 2017


...................................

...THE COLUMBIA ASOS CLIMATE SUMMARY FOR NOVEMBER 9 2017...

CLIMATE NORMAL PERIOD 1981 TO 2010
CLIMATE RECORD PERIOD 1890 TO 2017


WEATHER ITEM   OBSERVED TIME   RECORD YEAR NORMAL DEPARTURE LAST
                VALUE   (LST)  VALUE       VALUE  FROM      YEAR
                                                  NORMAL
..................................................................
TEMPERATURE (F)
 YESTERDAY
  MAXIMUM         54    217 PM  78    1999  57     -3       61
                                      1964
  MINIMUM         29   1159 PM  11    1991  38     -9       37
  AVERAGE         42                        48     -6       49

PRECIPITATION (IN)
  YESTERDAY        0.00          1.36 1935   0.11  -0.11     0.00
  MONTH TO DATE    0.01                      0.94  -0.93     1.75
  SINCE SEP 1      5.94                      8.12  -2.18    10.66
  SINCE JAN 1     37.05                     37.87  -0.82    39.00

SNOWFALL (IN)
  YESTERDAY        0.0           0.7  1926   0.0    0.0      0.0
  MONTH TO DATE    0.0                       0.1   -0.1      0.0
  SINCE SEP 1      T                         0.1   -0.1      0.0
  SINCE JUL 1      T                         0.1   -0.1      0.0
  SNOW DEPTH       0

DEGREE DAYS
 HEATING
  YESTERDAY       23                        17      6       16
  MONTH TO DATE  150                       142      8       63
  SINCE SEP 1    400                       505   -105      204
  SINCE JUL 1    403                       507   -104      204

 COOLING
  YESTERDAY        0                         0      0        0
  MONTH TO DATE    0                         0      0       15
  SINCE SEP 1    287                       164    123      317
  SINCE JAN 1   1401                      1247    154     1628
..................................................................


WIND (MPH)
  HIGHEST WIND SPEED    20   HIGHEST WIND DIRECTION    NW (300)
  HIGHEST GUST SPEED    24   HIGHEST GUST DIRECTION     W (290)
  AVERAGE WIND SPEED    10.4


SKY COVER
  AVERAGE SKY COVER 0.0


WEATHER CONDITIONS
 THE FOLLOWING WEATHER WAS RECORDED YESTERDAY.
  HAZE


RELATIVE HUMIDITY (PERCENT)
 HIGHEST    85
 LOWEST     38
 AVERAGE    62

..........................................................


THE COLUMBIA ASOS CLIMATE NORMALS FOR TODAY
                         NORMAL    RECORD    YEAR
 MAXIMUM TEMPERATURE (F)   57        79      1949
 MINIMUM TEMPERATURE (F)   37        18      1926


SUNRISE AND SUNSET
NOVEMBER 10 2017......SUNRISE   646 AM CST   SUNSET   459 PM CST
NOVEMBER 11 2017......SUNRISE   647 AM CST   SUNSET   458 PM CST


-  INDICATES NEGATIVE NUMBERS.
R  INDICATES RECORD WAS SET OR TIED.
MM INDICATES DATA IS MISSING.
T  INDICATES TRACE AMOUNT.




$$
