000
CDUS43 KLSX 252253
CLICOU


CLIMATE REPORT
NATIONAL WEATHER SERVICE ST LOUIS MO
551 PM CDT THU JUN 25 2015


...................................

...THE COLUMBIA ASOS CLIMATE SUMMARY FOR JUNE 25 2015...
VALID TODAY AS OF 0500 PM LOCAL TIME.

CLIMATE NORMAL PERIOD 1981 TO 2010
CLIMATE RECORD PERIOD 1890 TO 2015


WEATHER ITEM   OBSERVED TIME   RECORD YEAR NORMAL DEPARTURE LAST
                VALUE   (LST)  VALUE       VALUE  FROM      YEAR
                                                  NORMAL
..................................................................
TEMPERATURE (F)
 TODAY
  MAXIMUM         93    242 PM 102    1988  86      7       88
                                      1901
  MINIMUM         72    640 AM  50    1974  66      6       64
  AVERAGE         83                        76      7       76

PRECIPITATION (IN)
  TODAY            0.00          3.00 2003   0.14  -0.14     0.00
  MONTH TO DATE    7.03                      3.74   3.29     4.88
  SINCE JUN 1      7.03                      3.74   3.29     4.88
  SINCE JAN 1     19.89                     20.29  -0.40    19.70

SNOWFALL (IN)
  TODAY            0.0           0.0  2013   0.0    0.0      0.0
  MONTH TO DATE    0.0                       0.0    0.0      0.0
  SINCE JUN 1      0.0                       0.0    0.0      0.0
  SINCE JUL 1     12.0                      18.0   -6.0     17.8
  SNOW DEPTH       0

DEGREE DAYS
 HEATING
  TODAY            0                         0      0        0
  MONTH TO DATE    7                         9     -2        0
  SINCE JUN 1      7                         9     -2        0
  SINCE JUL 1   4946                      5021    -75     5572

 COOLING
  TODAY           18                        11      7       11
  MONTH TO DATE  267                       192     75      219
  SINCE JUN 1    267                       192     75      219
  SINCE JAN 1    386                       295     91      379
..................................................................


WIND (MPH)
  HIGHEST WIND SPEED    22   HIGHEST WIND DIRECTION    SW (240)
  HIGHEST GUST SPEED    28   HIGHEST GUST DIRECTION    SW (210)
  AVERAGE WIND SPEED    13.9


SKY COVER
  AVERAGE SKY COVER 0.2



RELATIVE HUMIDITY (PERCENT)
 HIGHEST    85          1200 AM
 LOWEST     56           100 PM
 AVERAGE    71

..........................................................


THE COLUMBIA ASOS CLIMATE NORMALS FOR TOMORROW
                         NORMAL    RECORD    YEAR
 MAXIMUM TEMPERATURE (F)   86       102      1954
                                             1901
 MINIMUM TEMPERATURE (F)   66        50      1974


SUNRISE AND SUNSET
JUNE 25 2015..........SUNRISE   545 AM CDT   SUNSET   838 PM CDT
JUNE 26 2015..........SUNRISE   545 AM CDT   SUNSET   838 PM CDT


-  INDICATES NEGATIVE NUMBERS.
R  INDICATES RECORD WAS SET OR TIED.
MM INDICATES DATA IS MISSING.
T  INDICATES TRACE AMOUNT.




$$
