000
CDUS43 KLSX 262237
CLICOU


CLIMATE REPORT
NATIONAL WEATHER SERVICE ST LOUIS MO
436 PM CST MON DEC 26 2016


...................................

...THE COLUMBIA ASOS CLIMATE SUMMARY FOR DECEMBER 26 2016...
VALID TODAY AS OF 0400 PM LOCAL TIME.

CLIMATE NORMAL PERIOD 1981 TO 2010
CLIMATE RECORD PERIOD 1890 TO 2016


WEATHER ITEM   OBSERVED TIME   RECORD YEAR NORMAL DEPARTURE LAST
                VALUE   (LST)  VALUE       VALUE  FROM      YEAR
                                                  NORMAL
..................................................................
TEMPERATURE (F)
 TODAY
  MAXIMUM         54   1251 PM  69    1942  39     15       49
  MINIMUM         48    359 PM -10    1948  22     26       41
  AVERAGE         51                        30     21       45

PRECIPITATION (IN)
  TODAY            0.17          2.20 2015   0.07   0.10     2.20
  MONTH TO DATE    1.01                      2.10  -1.09     4.75
  SINCE DEC 1      1.01                      2.10  -1.09     4.75
  SINCE JAN 1     40.06                     42.28  -2.22    47.46

SNOWFALL (IN)
  TODAY            0.0           4.1  1939   0.2   -0.2      0.0
  MONTH TO DATE    0.5                       3.5   -3.0       T
  SINCE DEC 1      0.5                       3.5   -3.0       T
  SINCE JUL 1      0.5                       4.4   -3.9       T
  SNOW DEPTH       0

DEGREE DAYS
 HEATING
  TODAY           14                        35    -21       20
  MONTH TO DATE  886                       834     52      520
  SINCE DEC 1    886                       834     52      520
  SINCE JUL 1   1469                      1819   -350     1216

 COOLING
  TODAY            0                         0      0        0
  MONTH TO DATE    0                         0      0        0
  SINCE DEC 1      0                         0      0        0
  SINCE JAN 1   1632                      1249    383     1387
..................................................................


WIND (MPH)
  HIGHEST WIND SPEED    18   HIGHEST WIND DIRECTION     W (280)
  HIGHEST GUST SPEED    25   HIGHEST GUST DIRECTION     W (270)
  AVERAGE WIND SPEED    14.0


SKY COVER
  AVERAGE SKY COVER 0.8



RELATIVE HUMIDITY (PERCENT)
 HIGHEST    89           100 AM
 LOWEST     39           200 PM
 AVERAGE    64

..........................................................


THE COLUMBIA ASOS CLIMATE NORMALS FOR TOMORROW
                         NORMAL    RECORD    YEAR
 MAXIMUM TEMPERATURE (F)   39        71      1946
 MINIMUM TEMPERATURE (F)   21        -7      1924


SUNRISE AND SUNSET
DECEMBER 26 2016......SUNRISE   726 AM CST   SUNSET   454 PM CST
DECEMBER 27 2016......SUNRISE   726 AM CST   SUNSET   454 PM CST


-  INDICATES NEGATIVE NUMBERS.
R  INDICATES RECORD WAS SET OR TIED.
MM INDICATES DATA IS MISSING.
T  INDICATES TRACE AMOUNT.




$$
