000
CDUS43 KLSX 130728
CLICOU


CLIMATE REPORT
NATIONAL WEATHER SERVICE ST LOUIS MO
126 AM CST SAT DEC 13 2014


...................................

...THE COLUMBIA ASOS CLIMATE SUMMARY FOR DECEMBER 12 2014...

CLIMATE NORMAL PERIOD 1981 TO 2010
CLIMATE RECORD PERIOD 1890 TO 2014


WEATHER ITEM   OBSERVED TIME   RECORD YEAR NORMAL DEPARTURE LAST
                VALUE   (LST)  VALUE       VALUE  FROM      YEAR
                                                  NORMAL
..................................................................
TEMPERATURE (F)
 YESTERDAY
  MAXIMUM         55    239 PM  74    1889  42     13       44
  MINIMUM         37    336 AM  -7    1962  24     13        7
  AVERAGE         46                        33     13       26

PRECIPITATION (IN)
  YESTERDAY        0.00          1.43 1923   0.08  -0.08     0.00
  MONTH TO DATE    1.26                      1.07   0.19     0.04
  SINCE DEC 1      1.26                      1.07   0.19     0.04
  SINCE JAN 1     43.20                     41.25   1.95    39.85

SNOWFALL (IN)
  YESTERDAY        0.0           4.0  1898   0.1   -0.1      0.0
  MONTH TO DATE    T                         1.4   -1.4      0.2
  SINCE DEC 1      T                         1.4   -1.4      0.2
  SINCE JUL 1      0.8                       2.3   -1.5      0.2
  SNOW DEPTH       0

DEGREE DAYS
 HEATING
  YESTERDAY       19                        32    -13       39
  MONTH TO DATE  347                       361    -14      428
  SINCE DEC 1    347                       361    -14      428
  SINCE JUL 1   1428                      1346     82     1435

 COOLING
  YESTERDAY        0                         0      0        0
  MONTH TO DATE    0                         0      0        0
  SINCE DEC 1      0                         0      0        0
  SINCE JAN 1   1266                      1249     17     1322
..................................................................


WIND (MPH)
  HIGHEST WIND SPEED    10   HIGHEST WIND DIRECTION     S (190)
  HIGHEST GUST SPEED    13   HIGHEST GUST DIRECTION     S (190)
  AVERAGE WIND SPEED     5.5


SKY COVER
  AVERAGE SKY COVER 0.8


WEATHER CONDITIONS
 THE FOLLOWING WEATHER WAS RECORDED YESTERDAY.
  FOG


RELATIVE HUMIDITY (PERCENT)
 HIGHEST    92
 LOWEST     66
 AVERAGE    79

..........................................................


THE COLUMBIA ASOS CLIMATE NORMALS FOR TODAY
                         NORMAL    RECORD    YEAR
 MAXIMUM TEMPERATURE (F)   41        75      1948
 MINIMUM TEMPERATURE (F)   24        -6      1917


SUNRISE AND SUNSET
DECEMBER 13 2014......SUNRISE   719 AM CST   SUNSET   448 PM CST
DECEMBER 14 2014......SUNRISE   719 AM CST   SUNSET   448 PM CST


-  INDICATES NEGATIVE NUMBERS.
R  INDICATES RECORD WAS SET OR TIED.
MM INDICATES DATA IS MISSING.
T  INDICATES TRACE AMOUNT.




$$
