000
CDUS43 KLSX 112229
CLICOU


CLIMATE REPORT
NATIONAL WEATHER SERVICE ST LOUIS MO
527 PM CDT WED MAY 11 2016


...................................

...THE COLUMBIA ASOS CLIMATE SUMMARY FOR MAY 11 2016...
VALID TODAY AS OF 0500 PM LOCAL TIME.

CLIMATE NORMAL PERIOD 1981 TO 2010
CLIMATE RECORD PERIOD 1890 TO 2016


WEATHER ITEM   OBSERVED TIME   RECORD YEAR NORMAL DEPARTURE LAST
                VALUE   (LST)  VALUE       VALUE  FROM      YEAR
                                                  NORMAL
..................................................................
TEMPERATURE (F)
 TODAY
  MAXIMUM         85    253 PM  90    1914  73     12       68
  MINIMUM         62    302 AM  37    1990  52     10       50
  AVERAGE         74                        63     11       59

PRECIPITATION (IN)
  TODAY            T             2.04 1929   0.17  -0.17     0.04
  MONTH TO DATE    0.25                      1.87  -1.62     1.10
  SINCE MAR 1      4.77                      9.27  -4.50     5.93
  SINCE JAN 1      6.42                     13.44  -7.02     8.28

SNOWFALL (IN)
  TODAY            0.0           0.0  2015   0.0    0.0      0.0
  MONTH TO DATE    0.0                       0.0    0.0      0.0
  SINCE MAR 1      T                         1.9   -1.9      1.6
  SINCE JUL 1      9.0                      18.0   -9.0     12.0
  SNOW DEPTH       0

DEGREE DAYS
 HEATING
  TODAY            0                         4     -4        6
  MONTH TO DATE   46                        56    -10       16
  SINCE MAR 1    693                      1013   -320      820
  SINCE JUL 1   3870                      4959  -1089     4875

 COOLING
  TODAY            9                         2      7        0
  MONTH TO DATE   25                        15     10       39
  SINCE MAR 1     57                        40     17       54
  SINCE JAN 1     57                        40     17       54
..................................................................


WIND (MPH)
  HIGHEST WIND SPEED    16   HIGHEST WIND DIRECTION     S (160)
  HIGHEST GUST SPEED    20   HIGHEST GUST DIRECTION     S (160)
  AVERAGE WIND SPEED     6.9


SKY COVER
  AVERAGE SKY COVER 0.1



RELATIVE HUMIDITY (PERCENT)
 HIGHEST    93          1200 AM
 LOWEST     55           300 PM
 AVERAGE    74

..........................................................


THE COLUMBIA ASOS CLIMATE NORMALS FOR TOMORROW
                         NORMAL    RECORD    YEAR
 MAXIMUM TEMPERATURE (F)   73        93      1956
 MINIMUM TEMPERATURE (F)   52        35      1892


SUNRISE AND SUNSET
MAY 11 2016...........SUNRISE   600 AM CDT   SUNSET   811 PM CDT
MAY 12 2016...........SUNRISE   559 AM CDT   SUNSET   812 PM CDT


-  INDICATES NEGATIVE NUMBERS.
R  INDICATES RECORD WAS SET OR TIED.
MM INDICATES DATA IS MISSING.
T  INDICATES TRACE AMOUNT.




$$
