000
CDUS43 KLSX 102237
CLICOU


CLIMATE REPORT
NATIONAL WEATHER SERVICE ST LOUIS MO
428 PM CST SAT FEB 10 2018


...................................

...THE COLUMBIA ASOS CLIMATE SUMMARY FOR FEBRUARY 10 2018...
VALID TODAY AS OF 0400 PM LOCAL TIME.

CLIMATE NORMAL PERIOD 1981 TO 2010
CLIMATE RECORD PERIOD 1890 TO 2018


WEATHER ITEM   OBSERVED TIME   RECORD YEAR NORMAL DEPARTURE LAST
                VALUE   (LST)  VALUE       VALUE  FROM      YEAR
                                                  NORMAL
..................................................................
TEMPERATURE (F)
 TODAY
  MAXIMUM         24    104 AM  77    1932  42    -18       70
  MINIMUM         18    904 AM -12    1899  24     -6       26
  AVERAGE         21                        33    -12       48

PRECIPITATION (IN)
  TODAY            0.02          0.70 1953   0.08  -0.06     0.00
  MONTH TO DATE    0.05                      0.72  -0.67     0.00
  SINCE DEC 1      2.50                      5.08  -2.58     2.02
  SINCE JAN 1      2.27                      2.64  -0.37     1.01

SNOWFALL (IN)
  TODAY            T             5.8  1988   0.2   -0.2      0.0
  MONTH TO DATE    0.2                       1.8   -1.6      0.0
  SINCE DEC 1      2.9                      12.3   -9.4      1.6
  SINCE JUL 1      2.9                      13.2  -10.3      1.6
  SNOW DEPTH       0

DEGREE DAYS
 HEATING
  TODAY           44                        32     12       17
  MONTH TO DATE  389                       332     57      289
  SINCE DEC 1   2446                      2436     10     2213
  SINCE JUL 1   3226                      3421   -195     2796

 COOLING
  TODAY            0                         0      0        0
  MONTH TO DATE    0                         0      0        0
  SINCE DEC 1      0                         0      0        0
  SINCE JAN 1      0                         0      0        0
..................................................................


WIND (MPH)
  HIGHEST WIND SPEED    21   HIGHEST WIND DIRECTION     N (10)
  HIGHEST GUST SPEED    24   HIGHEST GUST DIRECTION     N (10)
  AVERAGE WIND SPEED    15.0


SKY COVER
  AVERAGE SKY COVER 1.0



RELATIVE HUMIDITY (PERCENT)
 HIGHEST    92           800 AM
 LOWEST     74          1200 AM
 AVERAGE    83

..........................................................


THE COLUMBIA ASOS CLIMATE NORMALS FOR TOMORROW
                         NORMAL    RECORD    YEAR
 MAXIMUM TEMPERATURE (F)   43        74      2017
                                             1951
 MINIMUM TEMPERATURE (F)   24       -21      1899


SUNRISE AND SUNSET
FEBRUARY 10 2018......SUNRISE   706 AM CST   SUNSET   541 PM CST
FEBRUARY 11 2018......SUNRISE   705 AM CST   SUNSET   542 PM CST


-  INDICATES NEGATIVE NUMBERS.
R  INDICATES RECORD WAS SET OR TIED.
MM INDICATES DATA IS MISSING.
T  INDICATES TRACE AMOUNT.




$$
