000
CDUS43 KLSX 072234
CLICOU


CLIMATE REPORT
NATIONAL WEATHER SERVICE ST LOUIS MO
534 PM CDT THU JUL 7 2016


...................................

...THE COLUMBIA ASOS CLIMATE SUMMARY FOR JULY 7 2016...
VALID TODAY AS OF 0500 PM LOCAL TIME.

CLIMATE NORMAL PERIOD 1981 TO 2010
CLIMATE RECORD PERIOD 1890 TO 2016


WEATHER ITEM   OBSERVED TIME   RECORD YEAR NORMAL DEPARTURE LAST
                VALUE   (LST)  VALUE       VALUE  FROM      YEAR
                                                  NORMAL
..................................................................
TEMPERATURE (F)
 TODAY
  MAXIMUM         86    359 PM 106    2012  87     -1       72
  MINIMUM         69   1014 AM  56    1924  67      2       65
  AVERAGE         78                        77      1       69

PRECIPITATION (IN)
  TODAY            0.28          3.16 1993   0.16   0.12     0.37
  MONTH TO DATE    5.77                      1.06   4.71     2.35
  SINCE JUN 1      7.23                      5.53   1.70     9.91
  SINCE JAN 1     17.36                     22.08  -4.72    22.77

SNOWFALL (IN)
  TODAY            0.0           0.0  2015   0.0    0.0      0.0
  MONTH TO DATE    0.0                       0.0    0.0      0.0
  SINCE JUN 1      0.0                       0.0    0.0      0.0
  SINCE JUL 1      0.0                       0.0    0.0      0.0
  SNOW DEPTH       0

DEGREE DAYS
 HEATING
  TODAY            0                         0      0        0
  MONTH TO DATE    0                         0      0        0
  SINCE JUN 1      0                        11    -11        7
  SINCE JUL 1      0                         0      0        0

 COOLING
  TODAY           13                        12      1        4
  MONTH TO DATE   60                        84    -24       63
  SINCE JUN 1    454                       332    122      374
  SINCE JAN 1    578                       435    143      493
..................................................................


WIND (MPH)
  HIGHEST WIND SPEED    43   HIGHEST WIND DIRECTION    NW (320)
  HIGHEST GUST SPEED    56   HIGHEST GUST DIRECTION    NW (300)
  AVERAGE WIND SPEED     8.4


SKY COVER
  AVERAGE SKY COVER 0.4



RELATIVE HUMIDITY (PERCENT)
 HIGHEST   100           300 AM
 LOWEST     65           400 PM
 AVERAGE    83

..........................................................


THE COLUMBIA ASOS CLIMATE NORMALS FOR TOMORROW
                         NORMAL    RECORD    YEAR
 MAXIMUM TEMPERATURE (F)   87       104      1980
 MINIMUM TEMPERATURE (F)   67        52      1891


SUNRISE AND SUNSET
JULY  7 2016..........SUNRISE   551 AM CDT   SUNSET   836 PM CDT
JULY  8 2016..........SUNRISE   552 AM CDT   SUNSET   836 PM CDT


-  INDICATES NEGATIVE NUMBERS.
R  INDICATES RECORD WAS SET OR TIED.
MM INDICATES DATA IS MISSING.
T  INDICATES TRACE AMOUNT.




$$
