000
CDUS43 KLSX 202359
CLICOU


CLIMATE REPORT
NATIONAL WEATHER SERVICE ST LOUIS MO
558 PM CST FRI FEB 20 2015


...................................

...THE COLUMBIA ASOS CLIMATE SUMMARY FOR FEBRUARY 20 2015...
VALID TODAY AS OF 0500 PM LOCAL TIME.

CLIMATE NORMAL PERIOD 1981 TO 2010
CLIMATE RECORD PERIOD 1890 TO 2015


WEATHER ITEM   OBSERVED TIME   RECORD YEAR NORMAL DEPARTURE LAST
                VALUE   (LST)  VALUE       VALUE  FROM      YEAR
                                                  NORMAL
..................................................................
TEMPERATURE (F)
 TODAY
  MAXIMUM         30    332 PM  72    2014  46    -16       72
  MINIMUM         15    650 AM   0    1929  26    -11       35
  AVERAGE         23                        36    -13       54

PRECIPITATION (IN)
  TODAY            0.00          1.82 1997   0.09  -0.09      T
  MONTH TO DATE    0.87                      1.56  -0.69     1.36
  SINCE DEC 1      3.99                      5.92  -1.93     3.97
  SINCE JAN 1      1.81                      3.48  -1.67     2.26

SNOWFALL (IN)
  TODAY            0.0           4.9  1919   0.1   -0.1      0.0
  MONTH TO DATE    4.7                       3.6    1.1      7.4
  SINCE DEC 1      5.8                      14.1   -8.3     17.3
  SINCE JUL 1      6.6                      15.0   -8.4     17.3
  SNOW DEPTH       0

DEGREE DAYS
 HEATING
  TODAY           42                        29     13       11
  MONTH TO DATE  756                       637    119      832
  SINCE DEC 1   2634                      2741   -107     3143
  SINCE JUL 1   3715                      3726    -11     4150

 COOLING
  TODAY            0                         0      0        0
  MONTH TO DATE    0                         0      0        0
  SINCE DEC 1      0                         0      0        0
  SINCE JAN 1      0                         0      0        0
..................................................................


WIND (MPH)
  HIGHEST WIND SPEED    22   HIGHEST WIND DIRECTION     S (160)
  HIGHEST GUST SPEED    26   HIGHEST GUST DIRECTION     S (160)
  AVERAGE WIND SPEED    12.4


SKY COVER
  AVERAGE SKY COVER 0.7



RELATIVE HUMIDITY (PERCENT)
 HIGHEST    75           100 PM
 LOWEST     54           300 AM
 AVERAGE    65

..........................................................


THE COLUMBIA ASOS CLIMATE NORMALS FOR TOMORROW
                         NORMAL    RECORD    YEAR
 MAXIMUM TEMPERATURE (F)   46        76      1935
 MINIMUM TEMPERATURE (F)   27         2      1939


SUNRISE AND SUNSET
FEBRUARY 20 2015......SUNRISE   654 AM CST   SUNSET   552 PM CST
FEBRUARY 21 2015......SUNRISE   653 AM CST   SUNSET   553 PM CST


-  INDICATES NEGATIVE NUMBERS.
R  INDICATES RECORD WAS SET OR TIED.
MM INDICATES DATA IS MISSING.
T  INDICATES TRACE AMOUNT.




$$
