000
CDUS43 KLSX 011456 CCA
CLICOU

CLIMATE REPORT
NATIONAL WEATHER SERVICE ST LOUIS MO
855 AM CST MON FEB 1 2016


...................................

...THE COLUMBIA ASOS CLIMATE SUMMARY FOR JANUARY 31 2016...

CLIMATE NORMAL PERIOD 1981 TO 2010
CLIMATE RECORD PERIOD 1890 TO 2016


WEATHER ITEM   OBSERVED TIME   RECORD YEAR NORMAL DEPARTURE LAST
                VALUE   (LST)  VALUE       VALUE  FROM      YEAR
                                                  NORMAL
..................................................................
TEMPERATURE (F)
 YESTERDAY
MAXIMUM         E63       MM  74    1989  40     21       39
MINIMUM         MM        MM -12    1936  22     MM       29
AVERAGE         MM                        31     MM       34

PRECIPITATION (IN)
  YESTERDAY        0.00          1.06 1988   0.07  -0.07     0.27
  MONTH TO DATE    0.90                      1.92  -1.02     0.94
  SINCE DEC 1      7.94                      4.36   3.58     3.12
  SINCE JAN 1      0.90                      1.92  -1.02     0.94

SNOWFALL (IN)
  YESTERDAY        0.0           3.7  1958   0.2   -0.2       T
  MONTH TO DATE    6.9                       6.1    0.8      0.1
  SINCE DEC 1      6.9                      10.5   -3.6      1.1
  SINCE JUL 1      6.9                      11.4   -4.5      1.9
  SNOW DEPTH       0

DEGREE DAYS
 HEATING
  YESTERDAY       MM                        34     MM       31
  MONTH TO DATE 1032                      1096    -64     1008
  SINCE DEC 1   1677                      2104   -427     1878
  SINCE JUL 1   2373                      3089   -716     2959

 COOLING
  YESTERDAY       MM                         0     MM        0
  MONTH TO DATE    0                         0      0        0
  SINCE DEC 1      0                         0      0        0
  SINCE JAN 1      0                         0      0        0
..................................................................


WIND (MPH)
  HIGHEST WIND SPEED    20   HIGHEST WIND DIRECTION    NW (300)
  HIGHEST GUST SPEED    27   HIGHEST GUST DIRECTION     W (290)
  AVERAGE WIND SPEED     9.5


SKY COVER
  AVERAGE SKY COVER 0.0


WEATHER CONDITIONS
 THE FOLLOWING WEATHER WAS RECORDED YESTERDAY.
  NO SIGNIFICANT WEATHER WAS OBSERVED.


RELATIVE HUMIDITY (PERCENT)
 HIGHEST    82
 LOWEST     51
 AVERAGE    67

..........................................................


THE COLUMBIA ASOS CLIMATE NORMALS FOR TODAY
                         NORMAL    RECORD    YEAR
 MAXIMUM TEMPERATURE (F)   40        81      1911
 MINIMUM TEMPERATURE (F)   22       -11      1979


SUNRISE AND SUNSET
FEBRUARY  1 2016......SUNRISE   715 AM CST   SUNSET   530 PM CST
FEBRUARY  2 2016......SUNRISE   714 AM CST   SUNSET   531 PM CST


-  INDICATES NEGATIVE NUMBERS.
R  INDICATES RECORD WAS SET OR TIED.
MM INDICATES DATA IS MISSING.
T  INDICATES TRACE AMOUNT.




$$
