000
CDUS43 KLSX 292131
CLICOU


CLIMATE REPORT
NATIONAL WEATHER SERVICE ST LOUIS MO
430 PM CDT SAT AUG 29 2015


...................................

...THE COLUMBIA ASOS CLIMATE SUMMARY FOR AUGUST 29 2015...
VALID TODAY AS OF 0400 PM LOCAL TIME.

CLIMATE NORMAL PERIOD 1981 TO 2010
CLIMATE RECORD PERIOD 1890 TO 2015


WEATHER ITEM   OBSERVED TIME   RECORD YEAR NORMAL DEPARTURE LAST
                VALUE   (LST)  VALUE       VALUE  FROM      YEAR
                                                  NORMAL
..................................................................
TEMPERATURE (F)
 TODAY
  MAXIMUM         82    102 PM 110    1984  85     -3       92
  MINIMUM         67    611 AM  43    1986  63      4       69
  AVERAGE         75                        74      1       81

PRECIPITATION (IN)
  TODAY            0.03          2.60 1955   0.14  -0.11     0.04
  MONTH TO DATE    3.14                      4.08  -0.94     2.82
  SINCE JUN 1     19.10                     12.92   6.18     9.35
  SINCE JAN 1     31.96                     29.47   2.49    24.17

SNOWFALL (IN)
  TODAY            0.0           0.0  2013   0.0    0.0      0.0
  MONTH TO DATE    0.0                       0.0    0.0      0.0
  SINCE JUN 1      0.0                       0.0    0.0      0.0
  SINCE JUL 1      0.0                       0.0    0.0      0.0
  SNOW DEPTH       0

DEGREE DAYS
 HEATING
  TODAY            0                         0      0        0
  MONTH TO DATE    1                         0      1        0
  SINCE JUN 1      9                        11     -2        0
  SINCE JUL 1      2                         0      2        0

 COOLING
  TODAY           10                         9      1       16
  MONTH TO DATE  266                       330    -64      367
  SINCE JUN 1    975                       960     15      920
  SINCE JAN 1   1094                      1063     31     1080
..................................................................


WIND (MPH)
  HIGHEST WIND SPEED    15   HIGHEST WIND DIRECTION    SW (240)
  HIGHEST GUST SPEED    20   HIGHEST GUST DIRECTION    SW (220)
  AVERAGE WIND SPEED     7.6


SKY COVER
  AVERAGE SKY COVER 0.8



RELATIVE HUMIDITY (PERCENT)
 HIGHEST    87           500 AM
 LOWEST     58           100 PM
 AVERAGE    73

..........................................................


THE COLUMBIA ASOS CLIMATE NORMALS FOR TOMORROW
                         NORMAL    RECORD    YEAR
 MAXIMUM TEMPERATURE (F)   85       104      1947
 MINIMUM TEMPERATURE (F)   63        44      1893


SUNRISE AND SUNSET
AUGUST 29 2015........SUNRISE   635 AM CDT   SUNSET   744 PM CDT
AUGUST 30 2015........SUNRISE   636 AM CDT   SUNSET   742 PM CDT


-  INDICATES NEGATIVE NUMBERS.
R  INDICATES RECORD WAS SET OR TIED.
MM INDICATES DATA IS MISSING.
T  INDICATES TRACE AMOUNT.




$$
