000
CDUS43 KLSX 210729
CLICOU


CLIMATE REPORT
NATIONAL WEATHER SERVICE ST LOUIS MO
228 AM CDT SAT MAR 21 2015


...................................

...THE COLUMBIA ASOS CLIMATE SUMMARY FOR MARCH 20 2015...

CLIMATE NORMAL PERIOD 1981 TO 2010
CLIMATE RECORD PERIOD 1890 TO 2015


WEATHER ITEM   OBSERVED TIME   RECORD YEAR NORMAL DEPARTURE LAST
                VALUE   (LST)  VALUE       VALUE  FROM      YEAR
                                                  NORMAL
..................................................................
TEMPERATURE (F)
 YESTERDAY
  MAXIMUM         53    426 PM  81    1953  57     -4       68
                                      1935
  MINIMUM         37    745 AM   7    1906  35      2       31
  AVERAGE         45                        46     -1       50

PRECIPITATION (IN)
  YESTERDAY        0.00          2.35 1962   0.10  -0.10     0.00
  MONTH TO DATE    0.77                      1.77  -1.00     0.57
  SINCE MAR 1      0.77                      1.77  -1.00     0.57
  SINCE JAN 1      3.12                      5.94  -2.82     2.83

SNOWFALL (IN)
  YESTERDAY        0.0           6.0  1895   0.0    0.0      0.0
  MONTH TO DATE    1.6                       1.4    0.2      0.5
  SINCE MAR 1      1.6                       1.4    0.2      0.5
  SINCE JUL 1     12.0                      17.5   -5.5     17.8
  SNOW DEPTH       0

DEGREE DAYS
 HEATING
  YESTERDAY       20                        19      1       15
  MONTH TO DATE  404                       448    -44      504
  SINCE MAR 1    404                       448    -44      504
  SINCE JUL 1   4459                      4394     65     4933

 COOLING
  YESTERDAY        0                         0      0        0
  MONTH TO DATE    0                         0      0        0
  SINCE MAR 1      0                         0      0        0
  SINCE JAN 1      0                         0      0        0
..................................................................


WIND (MPH)
  HIGHEST WIND SPEED    13   HIGHEST WIND DIRECTION    NW (330)
  HIGHEST GUST SPEED    15   HIGHEST GUST DIRECTION    NW (330)
  AVERAGE WIND SPEED     6.2


SKY COVER
  AVERAGE SKY COVER 0.6


WEATHER CONDITIONS
 THE FOLLOWING WEATHER WAS RECORDED YESTERDAY.
  FOG
  HAZE


RELATIVE HUMIDITY (PERCENT)
 HIGHEST   100
 LOWEST     71
 AVERAGE    86

..........................................................


THE COLUMBIA ASOS CLIMATE NORMALS FOR TODAY
                         NORMAL    RECORD    YEAR
 MAXIMUM TEMPERATURE (F)   57        92      1907
 MINIMUM TEMPERATURE (F)   36        15      1960
                                             1951


SUNRISE AND SUNSET
MARCH 21 2015.........SUNRISE   711 AM CDT   SUNSET   722 PM CDT
MARCH 22 2015.........SUNRISE   710 AM CDT   SUNSET   723 PM CDT


-  INDICATES NEGATIVE NUMBERS.
R  INDICATES RECORD WAS SET OR TIED.
MM INDICATES DATA IS MISSING.
T  INDICATES TRACE AMOUNT.




$$
