000
CDUS43 KLSX 180737
CLICOU


CLIMATE REPORT
NATIONAL WEATHER SERVICE ST LOUIS MO
131 AM CST FRI NOV 18 2016


...................................

...THE COLUMBIA ASOS CLIMATE SUMMARY FOR NOVEMBER 17 2016...

CLIMATE NORMAL PERIOD 1981 TO 2010
CLIMATE RECORD PERIOD 1890 TO 2016


WEATHER ITEM   OBSERVED TIME   RECORD YEAR NORMAL DEPARTURE LAST
                VALUE   (LST)  VALUE       VALUE  FROM      YEAR
                                                  NORMAL
..................................................................
TEMPERATURE (F)
 YESTERDAY
  MAXIMUM         80R   108 PM  78    1958  53     27       64
                                      1941
  MINIMUM         57    652 AM   4    1959  34     23       55
  AVERAGE         69                        44     25       60

PRECIPITATION (IN)
  YESTERDAY        0.00          4.23 2015   0.11  -0.11     4.23
  MONTH TO DATE    1.75                      1.84  -0.09     5.53
  SINCE SEP 1     10.66                      9.02   1.64     7.85
  SINCE JAN 1     39.00                     38.77   0.23    39.81

SNOWFALL (IN)
  YESTERDAY        0.0           2.6  1926   0.1   -0.1      0.0
  MONTH TO DATE    0.0                       0.3   -0.3      0.0
  SINCE SEP 1      0.0                       0.3   -0.3      0.0
  SINCE JUL 1      0.0                       0.3   -0.3      0.0
  SNOW DEPTH       0

DEGREE DAYS
 HEATING
  YESTERDAY        0                        21    -21        5
  MONTH TO DATE  160                       298   -138      188
  SINCE SEP 1    301                       661   -360      420
  SINCE JUL 1    301                       663   -362      422

 COOLING
  YESTERDAY        4                         0      4        0
  MONTH TO DATE   19                         0     19        0
  SINCE SEP 1    321                       164    157      266
  SINCE JAN 1   1632                      1247    385     1387
..................................................................


WIND (MPH)
  HIGHEST WIND SPEED    32   HIGHEST WIND DIRECTION    SW (210)
  HIGHEST GUST SPEED    39   HIGHEST GUST DIRECTION    SW (210)
  AVERAGE WIND SPEED    15.3


SKY COVER
  AVERAGE SKY COVER 0.0


WEATHER CONDITIONS
 THE FOLLOWING WEATHER WAS RECORDED YESTERDAY.
  NO SIGNIFICANT WEATHER WAS OBSERVED.


RELATIVE HUMIDITY (PERCENT)
 HIGHEST    67
 LOWEST     28
 AVERAGE    48

..........................................................


THE COLUMBIA ASOS CLIMATE NORMALS FOR TODAY
                         NORMAL    RECORD    YEAR
 MAXIMUM TEMPERATURE (F)   53        78      1930
 MINIMUM TEMPERATURE (F)   34         8      1891


SUNRISE AND SUNSET
NOVEMBER 18 2016......SUNRISE   655 AM CST   SUNSET   453 PM CST
NOVEMBER 19 2016......SUNRISE   656 AM CST   SUNSET   452 PM CST


-  INDICATES NEGATIVE NUMBERS.
R  INDICATES RECORD WAS SET OR TIED.
MM INDICATES DATA IS MISSING.
T  INDICATES TRACE AMOUNT.




$$
