000
CDUS43 KLSX 102226
CLICOU


CLIMATE REPORT
NATIONAL WEATHER SERVICE ST LOUIS MO
526 PM CDT MON APR 10 2017


...................................

...THE COLUMBIA ASOS CLIMATE SUMMARY FOR APRIL 10 2017...
VALID TODAY AS OF 0500 PM LOCAL TIME.

CLIMATE NORMAL PERIOD 1981 TO 2010
CLIMATE RECORD PERIOD 1890 TO 2017


WEATHER ITEM   OBSERVED TIME   RECORD YEAR NORMAL DEPARTURE LAST
                VALUE   (LST)  VALUE       VALUE  FROM      YEAR
                                                  NORMAL
..................................................................
TEMPERATURE (F)
 TODAY
  MAXIMUM         77    224 PM  93    1930  64     13       65
  MINIMUM         64    555 AM  24    1989  42     22       47
  AVERAGE         71                        53     18       56

PRECIPITATION (IN)
  TODAY            0.00          2.72 1944   0.14  -0.14     0.29
  MONTH TO DATE    1.44                      1.30   0.14     0.44
  SINCE MAR 1      4.65                      4.21   0.44     2.32
  SINCE JAN 1      5.87                      8.38  -2.51     3.97

SNOWFALL (IN)
  TODAY            0.0           2.5  1997   0.0    0.0      0.0
  MONTH TO DATE    0.0                       0.1   -0.1      0.0
  SINCE MAR 1      T                         1.8   -1.8       T
  SINCE JUL 1      1.6                      17.9  -16.3      9.0
  SNOW DEPTH       0

DEGREE DAYS
 HEATING
  TODAY            0                        12    -12        9
  MONTH TO DATE   85                       136    -51      145
  SINCE MAR 1    584                       772   -188      563
  SINCE JUL 1   3625                      4718  -1093     3740

 COOLING
  TODAY            6                         1      5        0
  MONTH TO DATE   13                         3     10        0
  SINCE MAR 1     17                         6     11        4
  SINCE JAN 1     21                         6     15        4
..................................................................


WIND (MPH)
  HIGHEST WIND SPEED    26   HIGHEST WIND DIRECTION     W (250)
  HIGHEST GUST SPEED    34   HIGHEST GUST DIRECTION    SW (230)
  AVERAGE WIND SPEED    15.1


SKY COVER
  AVERAGE SKY COVER 0.3



RELATIVE HUMIDITY (PERCENT)
 HIGHEST    78           600 AM
 LOWEST     27           400 PM
 AVERAGE    53

..........................................................


THE COLUMBIA ASOS CLIMATE NORMALS FOR TOMORROW
                         NORMAL    RECORD    YEAR
 MAXIMUM TEMPERATURE (F)   65        90      1930
 MINIMUM TEMPERATURE (F)   43        24      1989


SUNRISE AND SUNSET
APRIL 10 2017.........SUNRISE   639 AM CDT   SUNSET   741 PM CDT
APRIL 11 2017.........SUNRISE   638 AM CDT   SUNSET   742 PM CDT


-  INDICATES NEGATIVE NUMBERS.
R  INDICATES RECORD WAS SET OR TIED.
MM INDICATES DATA IS MISSING.
T  INDICATES TRACE AMOUNT.




$$
