000
CDUS43 KLSX 210732
CLICOU


CLIMATE REPORT
NATIONAL WEATHER SERVICE ST LOUIS MO
231 AM CDT MON JUL 21 2014


...................................

...THE COLUMBIA ASOS CLIMATE SUMMARY FOR JULY 20 2014...

CLIMATE NORMAL PERIOD 1981 TO 2010
CLIMATE RECORD PERIOD 1890 TO 2014


WEATHER ITEM   OBSERVED TIME   RECORD YEAR NORMAL DEPARTURE LAST
                VALUE   (LST)  VALUE       VALUE  FROM      YEAR
                                                  NORMAL
..................................................................
TEMPERATURE (F)
 YESTERDAY
  MAXIMUM         83    438 PM 110    1934  88     -5       87
  MINIMUM         62    129 AM  56    2009  67     -5       72
                                      1970
  AVERAGE         73                        78     -5       80

PRECIPITATION (IN)
  YESTERDAY        0.00          2.21 1898   0.13  -0.13     0.05
  MONTH TO DATE    1.46                      2.98  -1.52     1.04
  SINCE JUN 1      6.53                      7.45  -0.92     3.09
  SINCE JAN 1     21.35                     24.00  -2.65    29.80

SNOWFALL (IN)
  YESTERDAY        0.0           0.0  2013   0.0    0.0      0.0
  MONTH TO DATE    0.0                       0.0    0.0      0.0
  SINCE JUN 1      0.0                       0.0    0.0      0.0
  SINCE JUL 1      0.0                       0.0    0.0      0.0
  SNOW DEPTH       0

DEGREE DAYS
 HEATING
  YESTERDAY        0                         0      0        0
  MONTH TO DATE    0                         0      0        0
  SINCE JUN 1      0                        11    -11        6
  SINCE JUL 1      0                         0      0        0

 COOLING
  YESTERDAY        8                        13     -5       15
  MONTH TO DATE  151                       246    -95      243
  SINCE JUN 1    438                       494    -56      510
  SINCE JAN 1    598                       597      1      644
..................................................................


WIND (MPH)
  HIGHEST WIND SPEED    12   HIGHEST WIND DIRECTION     S (170)
  HIGHEST GUST SPEED    15   HIGHEST GUST DIRECTION    SW (230)
  AVERAGE WIND SPEED     6.3


SKY COVER
  AVERAGE SKY COVER 0.3


WEATHER CONDITIONS
 THE FOLLOWING WEATHER WAS RECORDED YESTERDAY.
  NO SIGNIFICANT WEATHER WAS OBSERVED.


RELATIVE HUMIDITY (PERCENT)
 HIGHEST    87
 LOWEST     51
 AVERAGE    69

..........................................................


THE COLUMBIA ASOS CLIMATE NORMALS FOR TODAY
                         NORMAL    RECORD    YEAR
 MAXIMUM TEMPERATURE (F)   88       108      1934
 MINIMUM TEMPERATURE (F)   67        50      1944


SUNRISE AND SUNSET
JULY 21 2014..........SUNRISE   601 AM CDT   SUNSET   829 PM CDT
JULY 22 2014..........SUNRISE   602 AM CDT   SUNSET   829 PM CDT


-  INDICATES NEGATIVE NUMBERS.
R  INDICATES RECORD WAS SET OR TIED.
MM INDICATES DATA IS MISSING.
T  INDICATES TRACE AMOUNT.




$$
