000
CDUS43 KLSX 052229
CLICOU


CLIMATE REPORT
NATIONAL WEATHER SERVICE ST LOUIS MO
428 PM CST SUN MAR 5 2017


...................................

...THE COLUMBIA ASOS CLIMATE SUMMARY FOR MARCH 5 2017...
VALID TODAY AS OF 0400 PM LOCAL TIME.

CLIMATE NORMAL PERIOD 1981 TO 2010
CLIMATE RECORD PERIOD 1890 TO 2017


WEATHER ITEM   OBSERVED TIME   RECORD YEAR NORMAL DEPARTURE LAST
                VALUE   (LST)  VALUE       VALUE  FROM      YEAR
                                                  NORMAL
..................................................................
TEMPERATURE (F)
 TODAY
  MAXIMUM         64   1119 AM  84    1956  51     13       61
  MINIMUM         54   1214 AM  -9    1960  30     24       35
  AVERAGE         59                        41     18       48

PRECIPITATION (IN)
  TODAY            0.00          1.30 1894   0.09  -0.09     0.00
  MONTH TO DATE    0.47                      0.43   0.04     0.12
  SINCE MAR 1      0.47                      0.43   0.04     0.12
  SINCE JAN 1      1.69                      4.60  -2.91     1.77

SNOWFALL (IN)
  TODAY            0.0           4.6  1947   0.1   -0.1      0.0
  MONTH TO DATE    0.0                       0.4   -0.4       T
  SINCE MAR 1      0.0                       0.4   -0.4       T
  SINCE JUL 1      1.6                      16.5  -14.9      9.0
  SNOW DEPTH       0

DEGREE DAYS
 HEATING
  TODAY            6                        24    -18       17
  MONTH TO DATE   89                       126    -37      114
  SINCE MAR 1     89                       126    -37      114
  SINCE JUL 1   3130                      4072   -942     3291

 COOLING
  TODAY            0                         0      0        0
  MONTH TO DATE    0                         0      0        0
  SINCE MAR 1      0                         0      0        0
  SINCE JAN 1      4                         0      4        0
..................................................................


WIND (MPH)
  HIGHEST WIND SPEED    26   HIGHEST WIND DIRECTION     S (190)
  HIGHEST GUST SPEED    34   HIGHEST GUST DIRECTION     S (200)
  AVERAGE WIND SPEED    15.3


SKY COVER
  AVERAGE SKY COVER 0.9



RELATIVE HUMIDITY (PERCENT)
 HIGHEST    72           400 PM
 LOWEST     38          1200 AM
 AVERAGE    55

..........................................................


THE COLUMBIA ASOS CLIMATE NORMALS FOR TOMORROW
                         NORMAL    RECORD    YEAR
 MAXIMUM TEMPERATURE (F)   51        85      1956
 MINIMUM TEMPERATURE (F)   31        -5      1960


SUNRISE AND SUNSET
MARCH  5 2017.........SUNRISE   635 AM CST   SUNSET   606 PM CST
MARCH  6 2017.........SUNRISE   633 AM CST   SUNSET   607 PM CST


-  INDICATES NEGATIVE NUMBERS.
R  INDICATES RECORD WAS SET OR TIED.
MM INDICATES DATA IS MISSING.
T  INDICATES TRACE AMOUNT.




$$
