000
CDUS43 KLSX 032145
CLICOU


CLIMATE REPORT
NATIONAL WEATHER SERVICE ST LOUIS MO
444 PM CDT THU APR 3 2014


...................................

...THE COLUMBIA ASOS CLIMATE SUMMARY FOR APRIL 3 2014...
VALID TODAY AS OF 0400 PM LOCAL TIME.

CLIMATE NORMAL PERIOD 1981 TO 2010
CLIMATE RECORD PERIOD 1890 TO 2014


WEATHER ITEM   OBSERVED TIME   RECORD YEAR NORMAL DEPARTURE LAST
                VALUE   (LST)  VALUE       VALUE  FROM      YEAR
                                                  NORMAL
..................................................................
TEMPERATURE (F)
 TODAY
  MAXIMUM         62   1120 AM  89    2011  62      0       53
  MINIMUM         53   1231 AM  18    1936  40     13       30
  AVERAGE         58                        51      7       42

PRECIPITATION (IN)
  TODAY            3.26R         1.46 1913   0.12   3.14     0.00
  MONTH TO DATE    5.62                      0.37   5.25     0.00
  SINCE MAR 1      6.85                      3.28   3.57     3.29
  SINCE JAN 1      9.11                      7.45   1.66     9.53

SNOWFALL (IN)
  TODAY            0.0           3.2  1899   0.1   -0.1      0.0
  MONTH TO DATE    0.0                       0.1   -0.1      0.0
  SINCE MAR 1      0.5                       1.8   -1.3     10.3
  SINCE JUL 1     17.8                      17.9   -0.1     35.0
  SNOW DEPTH       0

DEGREE DAYS
 HEATING
  TODAY            7                        14     -7       23
  MONTH TO DATE   45                        44      1       75
  SINCE MAR 1    775                       680     95      889
  SINCE JUL 1   5204                      4626    578     4472

 COOLING
  TODAY            0                         0      0        0
  MONTH TO DATE    0                         0      0        0
  SINCE MAR 1      0                         3     -3        0
  SINCE JAN 1      0                         3     -3        1
..................................................................


WIND (MPH)
  HIGHEST WIND SPEED    25   HIGHEST WIND DIRECTION    NW (330)
  HIGHEST GUST SPEED    34   HIGHEST GUST DIRECTION    NW (330)
  AVERAGE WIND SPEED     9.8


SKY COVER
  AVERAGE SKY COVER 0.8



RELATIVE HUMIDITY (PERCENT)
 HIGHEST   100           300 AM
 LOWEST     90          1100 AM
 AVERAGE    95

..........................................................


THE COLUMBIA ASOS CLIMATE NORMALS FOR TOMORROW
                         NORMAL    RECORD    YEAR
 MAXIMUM TEMPERATURE (F)   62        88      1942
                                             1929
 MINIMUM TEMPERATURE (F)   40        18      1899


SUNRISE AND SUNSET
APRIL  3 2014.........SUNRISE   650 AM CDT   SUNSET   734 PM CDT
APRIL  4 2014.........SUNRISE   649 AM CDT   SUNSET   735 PM CDT


-  INDICATES NEGATIVE NUMBERS.
R  INDICATES RECORD WAS SET OR TIED.
MM INDICATES DATA IS MISSING.
T  INDICATES TRACE AMOUNT.




$$
