000
CDUS43 KLSX 140737
CLICOU


CLIMATE REPORT
NATIONAL WEATHER SERVICE ST LOUIS MO
235 AM CDT TUE OCT 14 2014


...................................

...THE COLUMBIA ASOS CLIMATE SUMMARY FOR OCTOBER 13 2014...

CLIMATE NORMAL PERIOD 1981 TO 2010
CLIMATE RECORD PERIOD 1890 TO 2014


WEATHER ITEM   OBSERVED TIME   RECORD YEAR NORMAL DEPARTURE LAST
                VALUE   (LST)  VALUE       VALUE  FROM      YEAR
                                                  NORMAL
..................................................................
TEMPERATURE (F)
 YESTERDAY
  MAXIMUM         69    155 PM  95    1899  68      1       74
  MINIMUM         54   1159 PM  23    1917  46      8       47
  AVERAGE         62                        57      5       61

PRECIPITATION (IN)
  YESTERDAY        1.29R         1.24 2007   0.10   1.19     0.00
  MONTH TO DATE    9.24                      1.50   7.74     0.58
  SINCE SEP 1     15.39                      5.37  10.02     3.00
  SINCE JAN 1     39.68                     35.12   4.56    36.09

SNOWFALL (IN)
  YESTERDAY        0.0           0.0  2013   0.0    0.0      0.0
  MONTH TO DATE    0.0                       0.0    0.0      0.0
  SINCE SEP 1      0.0                       0.0    0.0      0.0
  SINCE JUL 1      0.0                       0.0    0.0      0.0
  SNOW DEPTH       0

DEGREE DAYS
 HEATING
  YESTERDAY        3                         9     -6        4
  MONTH TO DATE   88                        94     -6       41
  SINCE SEP 1    135                       160    -25       57
  SINCE JUL 1    135                       162    -27       57

 COOLING
  YESTERDAY        0                         1     -1        0
  MONTH TO DATE    6                        15     -9       47
  SINCE SEP 1    144                       159    -15      254
  SINCE JAN 1   1254                      1242     12     1321
..................................................................


WIND (MPH)
  HIGHEST WIND SPEED    25   HIGHEST WIND DIRECTION    SE (150)
  HIGHEST GUST SPEED    35   HIGHEST GUST DIRECTION    SE (150)
  AVERAGE WIND SPEED    11.9


SKY COVER
  AVERAGE SKY COVER 1.0


WEATHER CONDITIONS
 THE FOLLOWING WEATHER WAS RECORDED YESTERDAY.
  THUNDERSTORM
  HEAVY RAIN
  RAIN
  LIGHT RAIN
  FOG


RELATIVE HUMIDITY (PERCENT)
 HIGHEST   100
 LOWEST     76
 AVERAGE    88

..........................................................


THE COLUMBIA ASOS CLIMATE NORMALS FOR TODAY
                         NORMAL    RECORD    YEAR
 MAXIMUM TEMPERATURE (F)   68        92      1899
 MINIMUM TEMPERATURE (F)   45        28      1902
                                             1894


SUNRISE AND SUNSET
OCTOBER 14 2014.......SUNRISE   717 AM CDT   SUNSET   632 PM CDT
OCTOBER 15 2014.......SUNRISE   718 AM CDT   SUNSET   630 PM CDT


-  INDICATES NEGATIVE NUMBERS.
R  INDICATES RECORD WAS SET OR TIED.
MM INDICATES DATA IS MISSING.
T  INDICATES TRACE AMOUNT.




$$
