000
CDUS43 KLSX 130731
CLICOU


CLIMATE REPORT
NATIONAL WEATHER SERVICE ST LOUIS MO
231 AM CDT MON OCT 13 2014


...................................

...THE COLUMBIA ASOS CLIMATE SUMMARY FOR OCTOBER 12 2014...

CLIMATE NORMAL PERIOD 1981 TO 2010
CLIMATE RECORD PERIOD 1890 TO 2014


WEATHER ITEM   OBSERVED TIME   RECORD YEAR NORMAL DEPARTURE LAST
                VALUE   (LST)  VALUE       VALUE  FROM      YEAR
                                                  NORMAL
..................................................................
TEMPERATURE (F)
 YESTERDAY
  MAXIMUM         61    405 PM  94    1899  69     -8       74
  MINIMUM         49    653 AM  26    1909  46      3       49
                                      1895
  AVERAGE         55                        57     -2       62

PRECIPITATION (IN)
  YESTERDAY        0.02          3.74 1969   0.11  -0.09     0.06
  MONTH TO DATE    7.95                      1.40   6.55     0.58
  SINCE SEP 1     14.10                      5.27   8.83     3.00
  SINCE JAN 1     38.39                     35.02   3.37    36.09

SNOWFALL (IN)
  YESTERDAY        0.0           T    1946   0.0    0.0      0.0
  MONTH TO DATE    0.0                       0.0    0.0      0.0
  SINCE SEP 1      0.0                       0.0    0.0      0.0
  SINCE JUL 1      0.0                       0.0    0.0      0.0
  SNOW DEPTH       0

DEGREE DAYS
 HEATING
  YESTERDAY       10                         8      2        3
  MONTH TO DATE   85                        85      0       37
  SINCE SEP 1    132                       151    -19       53
  SINCE JUL 1    132                       153    -21       53

 COOLING
  YESTERDAY        0                         1     -1        0
  MONTH TO DATE    6                        14     -8       47
  SINCE SEP 1    144                       158    -14      254
  SINCE JAN 1   1254                      1241     13     1321
..................................................................


WIND (MPH)
  HIGHEST WIND SPEED    10   HIGHEST WIND DIRECTION    SE (130)
  HIGHEST GUST SPEED    14   HIGHEST GUST DIRECTION    SE (130)
  AVERAGE WIND SPEED     7.3


SKY COVER
  AVERAGE SKY COVER 1.0


WEATHER CONDITIONS
 THE FOLLOWING WEATHER WAS RECORDED YESTERDAY.
  LIGHT RAIN
  FOG


RELATIVE HUMIDITY (PERCENT)
 HIGHEST   100
 LOWEST     74
 AVERAGE    87

..........................................................


THE COLUMBIA ASOS CLIMATE NORMALS FOR TODAY
                         NORMAL    RECORD    YEAR
 MAXIMUM TEMPERATURE (F)   68        95      1899
 MINIMUM TEMPERATURE (F)   46        23      1917


SUNRISE AND SUNSET
OCTOBER 13 2014.......SUNRISE   716 AM CDT   SUNSET   633 PM CDT
OCTOBER 14 2014.......SUNRISE   717 AM CDT   SUNSET   632 PM CDT


-  INDICATES NEGATIVE NUMBERS.
R  INDICATES RECORD WAS SET OR TIED.
MM INDICATES DATA IS MISSING.
T  INDICATES TRACE AMOUNT.




$$
