000
CDUS43 KLSX 160735
CLICOU


CLIMATE REPORT
NATIONAL WEATHER SERVICE ST LOUIS MO
234 AM CDT MON MAY 16 2016


...................................

...THE COLUMBIA ASOS CLIMATE SUMMARY FOR MAY 15 2016...

CLIMATE NORMAL PERIOD 1981 TO 2010
CLIMATE RECORD PERIOD 1890 TO 2016


WEATHER ITEM   OBSERVED TIME   RECORD YEAR NORMAL DEPARTURE LAST
                VALUE   (LST)  VALUE       VALUE  FROM      YEAR
                                                  NORMAL
..................................................................
TEMPERATURE (F)
 YESTERDAY
  MAXIMUM         68    415 PM  90    1944  74     -6       80
                                      1941
                                      1911
  MINIMUM         41    501 AM  36    1959  53    -12       64
                                      1926
                                      1907
  AVERAGE         55                        64     -9       72

PRECIPITATION (IN)
  YESTERDAY        0.01          2.92 1990   0.15  -0.14     0.32
  MONTH TO DATE    0.33                      2.52  -2.19     2.28
  SINCE MAR 1      4.85                      9.92  -5.07     7.11
  SINCE JAN 1      6.50                     14.09  -7.59     9.46

SNOWFALL (IN)
  YESTERDAY        0.0           0.0  2015   0.0    0.0      0.0
  MONTH TO DATE    0.0                       0.0    0.0      0.0
  SINCE MAR 1      T                         1.9   -1.9      1.6
  SINCE JUL 1      9.0                      18.0   -9.0     12.0
  SNOW DEPTH       0

DEGREE DAYS
 HEATING
  YESTERDAY       10                         4      6        0
  MONTH TO DATE   74                        72      2       31
  SINCE MAR 1    721                      1029   -308      835
  SINCE JUL 1   3898                      4975  -1077     4890

 COOLING
  YESTERDAY        0                         2     -2        7
  MONTH TO DATE   25                        23      2       46
  SINCE MAR 1     57                        48      9       61
  SINCE JAN 1     57                        48      9       61
..................................................................


WIND (MPH)
  HIGHEST WIND SPEED    17   HIGHEST WIND DIRECTION    NW (320)
  HIGHEST GUST SPEED    24   HIGHEST GUST DIRECTION    NW (330)
  AVERAGE WIND SPEED     6.5


SKY COVER
  AVERAGE SKY COVER 0.1


WEATHER CONDITIONS
 THE FOLLOWING WEATHER WAS RECORDED YESTERDAY.
  LIGHT RAIN


RELATIVE HUMIDITY (PERCENT)
 HIGHEST    76
 LOWEST     29
 AVERAGE    53

..........................................................


THE COLUMBIA ASOS CLIMATE NORMALS FOR TODAY
                         NORMAL    RECORD    YEAR
 MAXIMUM TEMPERATURE (F)   74        89      1962
                                             1944
                                             1911
 MINIMUM TEMPERATURE (F)   54        33      1890


SUNRISE AND SUNSET
MAY 16 2016...........SUNRISE   555 AM CDT   SUNSET   816 PM CDT
MAY 17 2016...........SUNRISE   554 AM CDT   SUNSET   817 PM CDT


-  INDICATES NEGATIVE NUMBERS.
R  INDICATES RECORD WAS SET OR TIED.
MM INDICATES DATA IS MISSING.
T  INDICATES TRACE AMOUNT.




$$
