000
CDUS43 KLSX 200745
CLICOU


CLIMATE REPORT
NATIONAL WEATHER SERVICE ST LOUIS MO
145 AM CST TUE JAN 20 2015


...................................

...THE COLUMBIA ASOS CLIMATE SUMMARY FOR JANUARY 19 2015...

CLIMATE NORMAL PERIOD 1981 TO 2010
CLIMATE RECORD PERIOD 1890 TO 2015


WEATHER ITEM   OBSERVED TIME   RECORD YEAR NORMAL DEPARTURE LAST
                VALUE   (LST)  VALUE       VALUE  FROM      YEAR
                                                  NORMAL
..................................................................
TEMPERATURE (F)
 YESTERDAY
  MAXIMUM         60    315 PM  70    1952  38     22       54
                                      1951
  MINIMUM         33    803 AM -15    1940  21     12       17
  AVERAGE         47                        30     17       36

PRECIPITATION (IN)
  YESTERDAY        0.00          1.74 1995   0.05  -0.05     0.00
  MONTH TO DATE    0.53                      1.17  -0.64     0.90
  SINCE DEC 1      2.71                      3.61  -0.90     2.61
  SINCE JAN 1      0.53                      1.17  -0.64     0.90

SNOWFALL (IN)
  YESTERDAY        0.0          18.0  1995   0.2   -0.2      0.0
  MONTH TO DATE    0.1                       3.7   -3.6      7.5
  SINCE DEC 1      1.1                       8.1   -7.0      9.9
  SINCE JUL 1      1.9                       9.0   -7.1      9.9
  SNOW DEPTH       0

DEGREE DAYS
 HEATING
  YESTERDAY       18                        35    -17       29
  MONTH TO DATE  692                       678     14      741
  SINCE DEC 1   1562                      1688   -126     1821
  SINCE JUL 1   2643                      2673    -30     2828

 COOLING
  YESTERDAY        0                         0      0        0
  MONTH TO DATE    0                         0      0        0
  SINCE DEC 1      0                         0      0        0
  SINCE JAN 1      0                         0      0        0
..................................................................


WIND (MPH)
  HIGHEST WIND SPEED    10   HIGHEST WIND DIRECTION     N (10)
  HIGHEST GUST SPEED    12   HIGHEST GUST DIRECTION     N (10)
  AVERAGE WIND SPEED     5.8


SKY COVER
  AVERAGE SKY COVER 0.0


WEATHER CONDITIONS
 THE FOLLOWING WEATHER WAS RECORDED YESTERDAY.
  NO SIGNIFICANT WEATHER WAS OBSERVED.


RELATIVE HUMIDITY (PERCENT)
 HIGHEST    70
 LOWEST     28
 AVERAGE    49

..........................................................


THE COLUMBIA ASOS CLIMATE NORMALS FOR TODAY
                         NORMAL    RECORD    YEAR
 MAXIMUM TEMPERATURE (F)   38        72      1906
 MINIMUM TEMPERATURE (F)   21       -17      1985


SUNRISE AND SUNSET
JANUARY 20 2015.......SUNRISE   724 AM CST   SUNSET   516 PM CST
JANUARY 21 2015.......SUNRISE   723 AM CST   SUNSET   518 PM CST


-  INDICATES NEGATIVE NUMBERS.
R  INDICATES RECORD WAS SET OR TIED.
MM INDICATES DATA IS MISSING.
T  INDICATES TRACE AMOUNT.




$$
