000
CDUS43 KLSX 112145
CLICOU


CLIMATE REPORT
NATIONAL WEATHER SERVICE ST LOUIS MO
445 PM CDT MON AUG 11 2014


...................................

...THE COLUMBIA ASOS CLIMATE SUMMARY FOR AUGUST 11 2014...
VALID TODAY AS OF 0400 PM LOCAL TIME.

CLIMATE NORMAL PERIOD 1981 TO 2010
CLIMATE RECORD PERIOD 1890 TO 2014


WEATHER ITEM   OBSERVED TIME   RECORD YEAR NORMAL DEPARTURE LAST
                VALUE   (LST)  VALUE       VALUE  FROM      YEAR
                                                  NORMAL
..................................................................
TEMPERATURE (F)
 TODAY
  MAXIMUM         84    248 PM 105    1894  88     -4       87
  MINIMUM         68    604 AM  50    1890  66      2       59
  AVERAGE         76                        77     -1       73

PRECIPITATION (IN)
  TODAY            0.00          1.77 1939   0.14  -0.14     0.00
  MONTH TO DATE    1.67                      1.47   0.20     0.95
  SINCE JUN 1      8.20                     10.31  -2.11     5.45
  SINCE JAN 1     23.02                     26.86  -3.84    32.16

SNOWFALL (IN)
  TODAY            0.0           0.0  2013   0.0    0.0      0.0
  MONTH TO DATE    0.0                       0.0    0.0      0.0
  SINCE JUN 1      0.0                       0.0    0.0      0.0
  SINCE JUL 1      0.0                       0.0    0.0      0.0
  SNOW DEPTH       0

DEGREE DAYS
 HEATING
  TODAY            0                         0      0        0
  MONTH TO DATE    0                         0      0        0
  SINCE JUN 1      0                        11    -11        6
  SINCE JUL 1      0                         0      0        0

 COOLING
  TODAY           11                        12     -1        8
  MONTH TO DATE  118                       132    -14      107
  SINCE JUN 1    671                       762    -91      696
  SINCE JAN 1    831                       865    -34      830
..................................................................


WIND (MPH)
  HIGHEST WIND SPEED    16   HIGHEST WIND DIRECTION     W (290)
  HIGHEST GUST SPEED    22   HIGHEST GUST DIRECTION     W (290)
  AVERAGE WIND SPEED     7.7


SKY COVER
  AVERAGE SKY COVER 0.4



RELATIVE HUMIDITY (PERCENT)
 HIGHEST   100           300 AM
 LOWEST     62           300 PM
 AVERAGE    81

..........................................................


THE COLUMBIA ASOS CLIMATE NORMALS FOR TOMORROW
                         NORMAL    RECORD    YEAR
 MAXIMUM TEMPERATURE (F)   88       105      1999
 MINIMUM TEMPERATURE (F)   66        50      2004
                                             1979


SUNRISE AND SUNSET
AUGUST 11 2014........SUNRISE   619 AM CDT   SUNSET   808 PM CDT
AUGUST 12 2014........SUNRISE   620 AM CDT   SUNSET   807 PM CDT


-  INDICATES NEGATIVE NUMBERS.
R  INDICATES RECORD WAS SET OR TIED.
MM INDICATES DATA IS MISSING.
T  INDICATES TRACE AMOUNT.




$$
