000
CDUS43 KLSX 140730
CLICOU


CLIMATE REPORT
NATIONAL WEATHER SERVICE ST LOUIS MO
229 AM CDT TUE MAR 14 2017


...................................

...THE COLUMBIA ASOS CLIMATE SUMMARY FOR MARCH 13 2017...

CLIMATE NORMAL PERIOD 1981 TO 2010
CLIMATE RECORD PERIOD 1890 TO 2017


WEATHER ITEM   OBSERVED TIME   RECORD YEAR NORMAL DEPARTURE LAST
                VALUE   (LST)  VALUE       VALUE  FROM      YEAR
                                                  NORMAL
..................................................................
TEMPERATURE (F)
 YESTERDAY
  MAXIMUM         39    815 AM  90    1918  54    -15       63
  MINIMUM         30   1159 PM  10    1993  33     -3       53
  AVERAGE         35                        44     -9       58

PRECIPITATION (IN)
  YESTERDAY        0.10          3.11 1938   0.08   0.02      T
  MONTH TO DATE    1.29                      1.11   0.18     1.13
  SINCE MAR 1      1.29                      1.11   0.18     1.13
  SINCE JAN 1      2.51                      5.28  -2.77     2.78

SNOWFALL (IN)
  YESTERDAY        0.0           7.8  1937   0.1   -0.1      0.0
  MONTH TO DATE    T                         1.1   -1.1       T
  SINCE MAR 1      T                         1.1   -1.1       T
  SINCE JUL 1      1.6                      17.2  -15.6      9.0
  SNOW DEPTH       0

DEGREE DAYS
 HEATING
  YESTERDAY       30                        21      9        7
  MONTH TO DATE  252                       308    -56      180
  SINCE MAR 1    252                       308    -56      180
  SINCE JUL 1   3293                      4254   -961     3357

 COOLING
  YESTERDAY        0                         0      0        0
  MONTH TO DATE    0                         0      0        4
  SINCE MAR 1      0                         0      0        4
  SINCE JAN 1      4                         0      4        4
..................................................................


WIND (MPH)
  HIGHEST WIND SPEED    23   HIGHEST WIND DIRECTION     N (350)
  HIGHEST GUST SPEED    27   HIGHEST GUST DIRECTION     N (360)
  AVERAGE WIND SPEED    12.5


SKY COVER
  AVERAGE SKY COVER 1.0


WEATHER CONDITIONS
 THE FOLLOWING WEATHER WAS RECORDED YESTERDAY.
  LIGHT RAIN
  LT FREEZING RAIN
  FOG


RELATIVE HUMIDITY (PERCENT)
 HIGHEST   100
 LOWEST     75
 AVERAGE    88

..........................................................


THE COLUMBIA ASOS CLIMATE NORMALS FOR TODAY
                         NORMAL    RECORD    YEAR
 MAXIMUM TEMPERATURE (F)   55        85      2012
 MINIMUM TEMPERATURE (F)   33         9      1993


SUNRISE AND SUNSET
MARCH 14 2017.........SUNRISE   721 AM CDT   SUNSET   715 PM CDT
MARCH 15 2017.........SUNRISE   720 AM CDT   SUNSET   716 PM CDT


-  INDICATES NEGATIVE NUMBERS.
R  INDICATES RECORD WAS SET OR TIED.
MM INDICATES DATA IS MISSING.
T  INDICATES TRACE AMOUNT.




$$
