000
CDUS43 KLSX 050745
CLICOU


CLIMATE REPORT
NATIONAL WEATHER SERVICE ST LOUIS MO
245 AM CDT SAT JUL 5 2014


...................................

...THE COLUMBIA ASOS CLIMATE SUMMARY FOR JULY 4 2014...

CLIMATE NORMAL PERIOD 1981 TO 2010
CLIMATE RECORD PERIOD 1890 TO 2014


WEATHER ITEM   OBSERVED TIME   RECORD YEAR NORMAL DEPARTURE LAST
                VALUE   (LST)  VALUE       VALUE  FROM      YEAR
                                                  NORMAL
..................................................................
TEMPERATURE (F)
 YESTERDAY
  MAXIMUM         81    441 PM 106    1901  87     -6       85
  MINIMUM         56    441 AM  50    1924  67    -11       58
                                      1922
  AVERAGE         69                        77     -8       72

PRECIPITATION (IN)
  YESTERDAY        0.00          4.17 2009   0.15  -0.15     0.00
  MONTH TO DATE    0.07                      0.61  -0.54      T
  SINCE JUN 1      5.14                      5.08   0.06     2.05
  SINCE JAN 1     19.96                     21.63  -1.67    28.76

SNOWFALL (IN)
  YESTERDAY        0.0           0.0  2013   0.0    0.0      0.0
  MONTH TO DATE    0.0                       0.0    0.0      0.0
  SINCE JUN 1      0.0                       0.0    0.0      0.0
  SINCE JUL 1      0.0                       0.0    0.0      0.0
  SNOW DEPTH       0

DEGREE DAYS
 HEATING
  YESTERDAY        0                         0      0        0
  MONTH TO DATE    0                         0      0        0
  SINCE JUN 1      0                        11    -11        6
  SINCE JUL 1      0                         0      0        0

 COOLING
  YESTERDAY        4                        12     -8        7
  MONTH TO DATE   19                        48    -29       22
  SINCE JUN 1    306                       296     10      289
  SINCE JAN 1    466                       399     67      423
..................................................................


WIND (MPH)
  HIGHEST WIND SPEED    10   HIGHEST WIND DIRECTION    SE (140)
  HIGHEST GUST SPEED    13   HIGHEST GUST DIRECTION    SE (130)
  AVERAGE WIND SPEED     4.6


SKY COVER
  AVERAGE SKY COVER 0.2


WEATHER CONDITIONS
 THE FOLLOWING WEATHER WAS RECORDED YESTERDAY.
  NO SIGNIFICANT WEATHER WAS OBSERVED.


RELATIVE HUMIDITY (PERCENT)
 HIGHEST    90
 LOWEST     42
 AVERAGE    66

..........................................................


THE COLUMBIA ASOS CLIMATE NORMALS FOR TODAY
                         NORMAL    RECORD    YEAR
 MAXIMUM TEMPERATURE (F)   87       105      2012
                                             1911
 MINIMUM TEMPERATURE (F)   67        49      1972


SUNRISE AND SUNSET
JULY  5 2014..........SUNRISE   550 AM CDT   SUNSET   837 PM CDT
JULY  6 2014..........SUNRISE   550 AM CDT   SUNSET   837 PM CDT


-  INDICATES NEGATIVE NUMBERS.
R  INDICATES RECORD WAS SET OR TIED.
MM INDICATES DATA IS MISSING.
T  INDICATES TRACE AMOUNT.




$$
