000
CDUS43 KLSX 022130
CLICOU


CLIMATE REPORT
NATIONAL WEATHER SERVICE ST LOUIS MO
429 PM CDT THU NOV 2 2017


...................................

...THE COLUMBIA ASOS CLIMATE SUMMARY FOR NOVEMBER 2 2017...
VALID TODAY AS OF 0400 PM LOCAL TIME.

CLIMATE NORMAL PERIOD 1981 TO 2010
CLIMATE RECORD PERIOD 1890 TO 2017


WEATHER ITEM   OBSERVED TIME   RECORD YEAR NORMAL DEPARTURE LAST
                VALUE   (LST)  VALUE       VALUE  FROM      YEAR
                                                  NORMAL
..................................................................
TEMPERATURE (F)
 TODAY
  MAXIMUM         75    222 PM  82    2016  61     14       82
  MINIMUM         53    649 AM  15    1951  40     13       63
  AVERAGE         64                        51     13       73

PRECIPITATION (IN)
  TODAY            0.00          1.51 1946   0.10  -0.10     1.49
  MONTH TO DATE    0.00                      0.20  -0.20     1.49
  SINCE SEP 1      5.93                      7.38  -1.45    10.40
  SINCE JAN 1     37.04                     37.13  -0.09    38.74

SNOWFALL (IN)
  TODAY            0.0           T    2002   0.0    0.0      0.0
                                      1991
  MONTH TO DATE    0.0                       0.0    0.0      0.0
  SINCE SEP 1      T                         0.0    0.0      0.0
  SINCE JUL 1      T                         0.0    0.0      0.0
  SNOW DEPTH       0

DEGREE DAYS
 HEATING
  TODAY            1                        15    -14        0
  MONTH TO DATE   22                        29     -7        0
  SINCE SEP 1    272                       392   -120      141
  SINCE JUL 1    275                       394   -119      141

 COOLING
  TODAY            0                         0      0        8
  MONTH TO DATE    0                         0      0       15
  SINCE SEP 1    287                       164    123      317
  SINCE JAN 1   1401                      1247    154     1628
..................................................................


WIND (MPH)
  HIGHEST WIND SPEED    16   HIGHEST WIND DIRECTION     N (350)
  HIGHEST GUST SPEED    20   HIGHEST GUST DIRECTION     N (350)
  AVERAGE WIND SPEED     8.9


SKY COVER
  AVERAGE SKY COVER 0.4



RELATIVE HUMIDITY (PERCENT)
 HIGHEST   100          1200 AM
 LOWEST     61           200 PM
 AVERAGE    81

..........................................................


THE COLUMBIA ASOS CLIMATE NORMALS FOR TOMORROW
                         NORMAL    RECORD    YEAR
 MAXIMUM TEMPERATURE (F)   60        79      1987
                                             1978
                                             1964
 MINIMUM TEMPERATURE (F)   40        12      1991


SUNRISE AND SUNSET
NOVEMBER  2 2017......SUNRISE   737 AM CDT   SUNSET   607 PM CDT
NOVEMBER  3 2017......SUNRISE   738 AM CDT   SUNSET   606 PM CDT


-  INDICATES NEGATIVE NUMBERS.
R  INDICATES RECORD WAS SET OR TIED.
MM INDICATES DATA IS MISSING.
T  INDICATES TRACE AMOUNT.




$$
