000
CDUS43 KLSX 230745
CLICOU


CLIMATE REPORT
NATIONAL WEATHER SERVICE ST LOUIS MO
245 AM CDT THU JUL 23 2015


...................................

...THE COLUMBIA ASOS CLIMATE SUMMARY FOR JULY 22 2015...

CLIMATE NORMAL PERIOD 1981 TO 2010
CLIMATE RECORD PERIOD 1890 TO 2015


WEATHER ITEM   OBSERVED TIME   RECORD YEAR NORMAL DEPARTURE LAST
                VALUE   (LST)  VALUE       VALUE  FROM      YEAR
                                                  NORMAL
..................................................................
TEMPERATURE (F)
 YESTERDAY
  MAXIMUM         81    212 PM 110    1901  88     -7       94
  MINIMUM         65    527 AM  55    1970  67     -2       68
  AVERAGE         73                        78     -5       81

PRECIPITATION (IN)
  YESTERDAY        0.00          3.23 2008   0.13  -0.13     0.00
  MONTH TO DATE    6.67                      3.24   3.43     1.46
  SINCE JUN 1     14.23                      7.71   6.52     6.53
  SINCE JAN 1     27.09                     24.26   2.83    21.35

SNOWFALL (IN)
  YESTERDAY        0.0           0.0  2013   0.0    0.0      0.0
  MONTH TO DATE    0.0                       0.0    0.0      0.0
  SINCE JUN 1      0.0                       0.0    0.0      0.0
  SINCE JUL 1      0.0                       0.0    0.0      0.0
  SNOW DEPTH       0

DEGREE DAYS
 HEATING
  YESTERDAY        0                         0      0        0
  MONTH TO DATE    1                         0      1        0
  SINCE JUN 1      8                        11     -3        0
  SINCE JUL 1      1                         0      1        0

 COOLING
  YESTERDAY        8                        12     -4       16
  MONTH TO DATE  264                       270     -6      179
  SINCE JUN 1    575                       518     57      466
  SINCE JAN 1    694                       621     73      626
..................................................................


WIND (MPH)
  HIGHEST WIND SPEED    13   HIGHEST WIND DIRECTION     E (110)
  HIGHEST GUST SPEED    17   HIGHEST GUST DIRECTION     E (90)
  AVERAGE WIND SPEED     6.9


SKY COVER
  AVERAGE SKY COVER 0.4


WEATHER CONDITIONS
 THE FOLLOWING WEATHER WAS RECORDED YESTERDAY.
  NO SIGNIFICANT WEATHER WAS OBSERVED.


RELATIVE HUMIDITY (PERCENT)
 HIGHEST    93
 LOWEST     62
 AVERAGE    78

..........................................................


THE COLUMBIA ASOS CLIMATE NORMALS FOR TODAY
                         NORMAL    RECORD    YEAR
 MAXIMUM TEMPERATURE (F)   88       110      1901
 MINIMUM TEMPERATURE (F)   67        50      1894


SUNRISE AND SUNSET
JULY 23 2015..........SUNRISE   602 AM CDT   SUNSET   828 PM CDT
JULY 24 2015..........SUNRISE   603 AM CDT   SUNSET   827 PM CDT


-  INDICATES NEGATIVE NUMBERS.
R  INDICATES RECORD WAS SET OR TIED.
MM INDICATES DATA IS MISSING.
T  INDICATES TRACE AMOUNT.




$$
