000
CDUS43 KLSX 270726
CLICOU


CLIMATE REPORT
NATIONAL WEATHER SERVICE ST LOUIS MO
226 AM CDT SAT AUG 27 2016


...................................

...THE COLUMBIA ASOS CLIMATE SUMMARY FOR AUGUST 26 2016...

CLIMATE NORMAL PERIOD 1981 TO 2010
CLIMATE RECORD PERIOD 1890 TO 2016


WEATHER ITEM   OBSERVED TIME   RECORD YEAR NORMAL DEPARTURE LAST
                VALUE   (LST)  VALUE       VALUE  FROM      YEAR
                                                  NORMAL
..................................................................
TEMPERATURE (F)
 YESTERDAY
  MAXIMUM         82    249 PM 104    1936  86     -4       80
  MINIMUM         71    653 AM  48    1910  64      7       54
  AVERAGE         77                        75      2       67

PRECIPITATION (IN)
  YESTERDAY        T             2.29 2006   0.14  -0.14     0.00
  MONTH TO DATE    5.44                      3.66   1.78     3.11
  SINCE JUN 1     17.81                     12.50   5.31    19.07
  SINCE JAN 1     27.94                     29.05  -1.11    31.93

SNOWFALL (IN)
  YESTERDAY        0.0           0.0  2015   0.0    0.0      0.0
  MONTH TO DATE    0.0                       0.0    0.0      0.0
  SINCE JUN 1      0.0                       0.0    0.0      0.0
  SINCE JUL 1      0.0                       0.0    0.0      0.0
  SNOW DEPTH       0

DEGREE DAYS
 HEATING
  YESTERDAY        0                         0      0        0
  MONTH TO DATE    0                         0      0        1
  SINCE JUN 1      0                        11    -11        9
  SINCE JUL 1      0                         0      0        2

 COOLING
  YESTERDAY       12                        10      2        2
  MONTH TO DATE  299                       301     -2      249
  SINCE JUN 1   1117                       931    186      958
  SINCE JAN 1   1241                      1034    207     1077
..................................................................


WIND (MPH)
  HIGHEST WIND SPEED     9   HIGHEST WIND DIRECTION    NW (320)
  HIGHEST GUST SPEED    12   HIGHEST GUST DIRECTION    SE (130)
  AVERAGE WIND SPEED     4.7


SKY COVER
  AVERAGE SKY COVER 0.7


WEATHER CONDITIONS
 THE FOLLOWING WEATHER WAS RECORDED YESTERDAY.
  LIGHT RAIN
  FOG
  FOG W/VISIBILITY <= 1/4 MILE


RELATIVE HUMIDITY (PERCENT)
 HIGHEST   100
 LOWEST     79
 AVERAGE    90

..........................................................


THE COLUMBIA ASOS CLIMATE NORMALS FOR TODAY
                         NORMAL    RECORD    YEAR
 MAXIMUM TEMPERATURE (F)   86       103      1983
                                             1936
 MINIMUM TEMPERATURE (F)   64        46      1910


SUNRISE AND SUNSET
AUGUST 27 2016........SUNRISE   634 AM CDT   SUNSET   746 PM CDT
AUGUST 28 2016........SUNRISE   635 AM CDT   SUNSET   744 PM CDT


-  INDICATES NEGATIVE NUMBERS.
R  INDICATES RECORD WAS SET OR TIED.
MM INDICATES DATA IS MISSING.
T  INDICATES TRACE AMOUNT.




$$
