000
CDUS43 KLSX 270728
CLICOU


CLIMATE REPORT
NATIONAL WEATHER SERVICE ST LOUIS MO
127 AM CST TUE JAN 27 2015


...................................

...THE COLUMBIA ASOS CLIMATE SUMMARY FOR JANUARY 26 2015...

CLIMATE NORMAL PERIOD 1981 TO 2010
CLIMATE RECORD PERIOD 1890 TO 2015


WEATHER ITEM   OBSERVED TIME   RECORD YEAR NORMAL DEPARTURE LAST
                VALUE   (LST)  VALUE       VALUE  FROM      YEAR
                                                  NORMAL
..................................................................
TEMPERATURE (F)
 YESTERDAY
  MAXIMUM         52    444 PM  71    1911  39     13       56
  MINIMUM         28    414 AM -13    1904  21      7       21
  AVERAGE         40                        30     10       39

PRECIPITATION (IN)
  YESTERDAY        0.00          1.27 1916   0.06  -0.06     0.00
  MONTH TO DATE    0.67                      1.60  -0.93     0.90
  SINCE DEC 1      2.85                      4.04  -1.19     2.61
  SINCE JAN 1      0.67                      1.60  -0.93     0.90

SNOWFALL (IN)
  YESTERDAY        0.0           5.4  1969   0.2   -0.2      0.0
  MONTH TO DATE    0.1                       5.1   -5.0      7.5
  SINCE DEC 1      1.1                       9.5   -8.4      9.9
  SINCE JUL 1      1.9                      10.4   -8.5      9.9
  SNOW DEPTH       0

DEGREE DAYS
 HEATING
  YESTERDAY       25                        35    -10       26
  MONTH TO DATE  879                       923    -44     1016
  SINCE DEC 1   1749                      1933   -184     2096
  SINCE JUL 1   2830                      2918    -88     3103

 COOLING
  YESTERDAY        0                         0      0        0
  MONTH TO DATE    0                         0      0        0
  SINCE DEC 1      0                         0      0        0
  SINCE JAN 1      0                         0      0        0
..................................................................


WIND (MPH)
  HIGHEST WIND SPEED    24   HIGHEST WIND DIRECTION    SW (230)
  HIGHEST GUST SPEED    32   HIGHEST GUST DIRECTION    SW (230)
  AVERAGE WIND SPEED     9.8


SKY COVER
  AVERAGE SKY COVER 0.5


WEATHER CONDITIONS
 THE FOLLOWING WEATHER WAS RECORDED YESTERDAY.
  NO SIGNIFICANT WEATHER WAS OBSERVED.


RELATIVE HUMIDITY (PERCENT)
 HIGHEST    92
 LOWEST     54
 AVERAGE    73

..........................................................


THE COLUMBIA ASOS CLIMATE NORMALS FOR TODAY
                         NORMAL    RECORD    YEAR
 MAXIMUM TEMPERATURE (F)   39        67      2002
 MINIMUM TEMPERATURE (F)   21       -16      1936


SUNRISE AND SUNSET
JANUARY 27 2015.......SUNRISE   719 AM CST   SUNSET   524 PM CST
JANUARY 28 2015.......SUNRISE   718 AM CST   SUNSET   526 PM CST


-  INDICATES NEGATIVE NUMBERS.
R  INDICATES RECORD WAS SET OR TIED.
MM INDICATES DATA IS MISSING.
T  INDICATES TRACE AMOUNT.




$$
