000
CDUS43 KLSX 200745
CLICOU


CLIMATE REPORT
NATIONAL WEATHER SERVICE ST LOUIS MO
245 AM CDT WED AUG 20 2014


...................................

...THE COLUMBIA ASOS CLIMATE SUMMARY FOR AUGUST 19 2014...

CLIMATE NORMAL PERIOD 1981 TO 2010
CLIMATE RECORD PERIOD 1890 TO 2014


WEATHER ITEM   OBSERVED TIME   RECORD YEAR NORMAL DEPARTURE LAST
                VALUE   (LST)  VALUE       VALUE  FROM      YEAR
                                                  NORMAL
..................................................................
TEMPERATURE (F)
 YESTERDAY
  MAXIMUM         89    430 PM 104    1936  87      2       85
  MINIMUM         67    439 AM  52    1897  65      2       62
                                      1890
  AVERAGE         78                        76      2       74

PRECIPITATION (IN)
  YESTERDAY        0.01          3.08 1904   0.15  -0.14     0.00
  MONTH TO DATE    2.52                      2.63  -0.11     1.87
  SINCE JUN 1      9.05                     11.47  -2.42     6.37
  SINCE JAN 1     23.87                     28.02  -4.15    33.08

SNOWFALL (IN)
  YESTERDAY        0.0           0.0  2013   0.0    0.0      0.0
  MONTH TO DATE    0.0                       0.0    0.0      0.0
  SINCE JUN 1      0.0                       0.0    0.0      0.0
  SINCE JUL 1      0.0                       0.0    0.0      0.0
  SNOW DEPTH       0

DEGREE DAYS
 HEATING
  YESTERDAY        0                         0      0        0
  MONTH TO DATE    0                         0      0        0
  SINCE JUN 1      0                        11    -11        6
  SINCE JUL 1      0                         0      0        0

 COOLING
  YESTERDAY       13                        11      2        9
  MONTH TO DATE  187                       226    -39      144
  SINCE JUN 1    740                       856   -116      733
  SINCE JAN 1    900                       959    -59      867
..................................................................


WIND (MPH)
  HIGHEST WIND SPEED    15   HIGHEST WIND DIRECTION    SW (220)
  HIGHEST GUST SPEED    18   HIGHEST GUST DIRECTION    SW (220)
  AVERAGE WIND SPEED     5.8


SKY COVER
  AVERAGE SKY COVER 0.0


WEATHER CONDITIONS
 THE FOLLOWING WEATHER WAS RECORDED YESTERDAY.
  THUNDERSTORM
  LIGHT RAIN
  FOG


RELATIVE HUMIDITY (PERCENT)
 HIGHEST    97
 LOWEST     52
 AVERAGE    75

..........................................................


THE COLUMBIA ASOS CLIMATE NORMALS FOR TODAY
                         NORMAL    RECORD    YEAR
 MAXIMUM TEMPERATURE (F)   87       102      2003
                                             1962
 MINIMUM TEMPERATURE (F)   65        46      1950


SUNRISE AND SUNSET
AUGUST 20 2014........SUNRISE   627 AM CDT   SUNSET   757 PM CDT
AUGUST 21 2014........SUNRISE   628 AM CDT   SUNSET   755 PM CDT


-  INDICATES NEGATIVE NUMBERS.
R  INDICATES RECORD WAS SET OR TIED.
MM INDICATES DATA IS MISSING.
T  INDICATES TRACE AMOUNT.




$$
