000
CDUS43 KLSX 200734
CLICOU


CLIMATE REPORT
NATIONAL WEATHER SERVICE ST LOUIS MO
133 AM CST THU NOV 20 2014


...................................

...THE COLUMBIA ASOS CLIMATE SUMMARY FOR NOVEMBER 19 2014...

CLIMATE NORMAL PERIOD 1981 TO 2010
CLIMATE RECORD PERIOD 1890 TO 2014


WEATHER ITEM   OBSERVED TIME   RECORD YEAR NORMAL DEPARTURE LAST
                VALUE   (LST)  VALUE       VALUE  FROM      YEAR
                                                  NORMAL
..................................................................
TEMPERATURE (F)
 YESTERDAY
  MAXIMUM         41   1136 AM  80    1942  52    -11       54
  MINIMUM         19   1159 PM   9    1914  34    -15       32
  AVERAGE         30                        43    -13       43

PRECIPITATION (IN)
  YESTERDAY        0.00          1.17 1939   0.11  -0.11     0.00
  MONTH TO DATE    0.36                      2.06  -1.70     0.98
  SINCE SEP 1     16.69                      9.24   7.45     6.23
  SINCE JAN 1     40.98                     38.99   1.99    39.32

SNOWFALL (IN)
  YESTERDAY        0.0           4.6  1972   0.1   -0.1      0.0
  MONTH TO DATE    0.5                       0.4    0.1      0.0
  SINCE SEP 1      0.5                       0.4    0.1      0.0
  SINCE JUL 1      0.5                       0.4    0.1      0.0
  SNOW DEPTH       0

DEGREE DAYS
 HEATING
  YESTERDAY       35                        22     13       22
  MONTH TO DATE  514                       342    172      335
  SINCE SEP 1    808                       705    103      659
  SINCE JUL 1    808                       707    101      659

 COOLING
  YESTERDAY        0                         0      0        0
  MONTH TO DATE    0                         0      0        0
  SINCE SEP 1    156                       164     -8      255
  SINCE JAN 1   1266                      1247     19     1322
..................................................................


WIND (MPH)
  HIGHEST WIND SPEED    25   HIGHEST WIND DIRECTION     W (290)
  HIGHEST GUST SPEED    35   HIGHEST GUST DIRECTION     W (290)
  AVERAGE WIND SPEED    12.2


SKY COVER
  AVERAGE SKY COVER 0.3


WEATHER CONDITIONS
 THE FOLLOWING WEATHER WAS RECORDED YESTERDAY.
  NO SIGNIFICANT WEATHER WAS OBSERVED.


RELATIVE HUMIDITY (PERCENT)
 HIGHEST    77
 LOWEST     44
 AVERAGE    61

..........................................................


THE COLUMBIA ASOS CLIMATE NORMALS FOR TODAY
                         NORMAL    RECORD    YEAR
 MAXIMUM TEMPERATURE (F)   52        80      1897
 MINIMUM TEMPERATURE (F)   33        12      1937


SUNRISE AND SUNSET
NOVEMBER 20 2014......SUNRISE   657 AM CST   SUNSET   452 PM CST
NOVEMBER 21 2014......SUNRISE   658 AM CST   SUNSET   451 PM CST


-  INDICATES NEGATIVE NUMBERS.
R  INDICATES RECORD WAS SET OR TIED.
MM INDICATES DATA IS MISSING.
T  INDICATES TRACE AMOUNT.




$$
