000
CDUS43 KLSX 282245
CLICOU


CLIMATE REPORT
NATIONAL WEATHER SERVICE ST LOUIS MO
545 PM CDT TUE OCT 28 2014


...................................

...THE COLUMBIA ASOS CLIMATE SUMMARY FOR OCTOBER 28 2014...
VALID TODAY AS OF 0500 PM LOCAL TIME.

CLIMATE NORMAL PERIOD 1981 TO 2010
CLIMATE RECORD PERIOD 1890 TO 2014


WEATHER ITEM   OBSERVED TIME   RECORD YEAR NORMAL DEPARTURE LAST
                VALUE   (LST)  VALUE       VALUE  FROM      YEAR
                                                  NORMAL
..................................................................
TEMPERATURE (F)
 TODAY
  MAXIMUM         64    252 PM  85    1927  63      1       70
  MINIMUM         50    705 AM  20    1925  42      8       34
  AVERAGE         57                        52      5       52

PRECIPITATION (IN)
  TODAY            0.01          2.90 1900   0.10  -0.09     0.00
  MONTH TO DATE   10.16                      3.03   7.13     1.20
  SINCE SEP 1     16.31                      6.90   9.41     3.62
  SINCE JAN 1     40.60                     36.65   3.95    36.71

SNOWFALL (IN)
  TODAY            0.0           1.7  1913   0.1   -0.1      0.0
  MONTH TO DATE    0.0                       0.1   -0.1      0.0
  SINCE SEP 1      0.0                       0.1   -0.1      0.0
  SINCE JUL 1      0.0                       0.1   -0.1      0.0
  SNOW DEPTH       0

DEGREE DAYS
 HEATING
  TODAY            8                        13     -5       13
  MONTH TO DATE  189                       257    -68      285
  SINCE SEP 1    236                       323    -87      301
  SINCE JUL 1    236                       325    -89      301

 COOLING
  TODAY            0                         0      0        0
  MONTH TO DATE   18                        15      3       47
  SINCE SEP 1    156                       159     -3      254
  SINCE JAN 1   1266                      1242     24     1321
..................................................................


WIND (MPH)
  HIGHEST WIND SPEED    22   HIGHEST WIND DIRECTION    NW (330)
  HIGHEST GUST SPEED    29   HIGHEST GUST DIRECTION     N (340)
  AVERAGE WIND SPEED    12.7


SKY COVER
  AVERAGE SKY COVER 0.1



RELATIVE HUMIDITY (PERCENT)
 HIGHEST    77           300 AM
 LOWEST     30           100 PM
 AVERAGE    54

..........................................................


THE COLUMBIA ASOS CLIMATE NORMALS FOR TOMORROW
                         NORMAL    RECORD    YEAR
 MAXIMUM TEMPERATURE (F)   63        86      1937
 MINIMUM TEMPERATURE (F)   42        19      1895


SUNRISE AND SUNSET
OCTOBER 28 2014.......SUNRISE   732 AM CDT   SUNSET   613 PM CDT
OCTOBER 29 2014.......SUNRISE   733 AM CDT   SUNSET   612 PM CDT


-  INDICATES NEGATIVE NUMBERS.
R  INDICATES RECORD WAS SET OR TIED.
MM INDICATES DATA IS MISSING.
T  INDICATES TRACE AMOUNT.




$$
