000
CDUS43 KLSX 272130
CLICOU


CLIMATE REPORT
NATIONAL WEATHER SERVICE ST LOUIS MO
429 PM CDT SAT MAY 27 2017


...................................

...THE COLUMBIA ASOS CLIMATE SUMMARY FOR MAY 27 2017...
VALID TODAY AS OF 0400 PM LOCAL TIME.

CLIMATE NORMAL PERIOD 1981 TO 2010
CLIMATE RECORD PERIOD 1890 TO 2017


WEATHER ITEM   OBSERVED TIME   RECORD YEAR NORMAL DEPARTURE LAST
                VALUE   (LST)  VALUE       VALUE  FROM      YEAR
                                                  NORMAL
..................................................................
TEMPERATURE (F)
 TODAY
  MAXIMUM         83   1137 AM  92    2012  77      6       81
                                      1911
  MINIMUM         60    221 PM  39    1961  57      3       64
  AVERAGE         72                        67      5       73

PRECIPITATION (IN)
  TODAY            1.47          2.08 1996   0.16   1.31     0.41
  MONTH TO DATE    6.69                      4.36   2.33     3.94
  SINCE MAR 1     18.66                     11.76   6.90     8.46
  SINCE JAN 1     19.88                     15.93   3.95    10.11

SNOWFALL (IN)
  TODAY            0.0           0.0  2015   0.0    0.0      0.0
  MONTH TO DATE    0.0                       0.0    0.0      0.0
  SINCE MAR 1      T                         1.9   -1.9       T
  SINCE JUL 1      1.6                      18.0  -16.4      9.0
  SNOW DEPTH       0

DEGREE DAYS
 HEATING
  TODAY            0                         2     -2        0
  MONTH TO DATE   86                       103    -17      128
  SINCE MAR 1    775                      1060   -285      775
  SINCE JUL 1   3816                      5006  -1190     3952

 COOLING
  TODAY            7                         4      3        8
  MONTH TO DATE   74                        61     13       57
  SINCE MAR 1    116                        86     30       89
  SINCE JAN 1    120                        86     34       89
..................................................................


WIND (MPH)
  HIGHEST WIND SPEED    39   HIGHEST WIND DIRECTION     W (250)
  HIGHEST GUST SPEED    51   HIGHEST GUST DIRECTION     W (250)
  AVERAGE WIND SPEED     7.0


SKY COVER
  AVERAGE SKY COVER 0.3



RELATIVE HUMIDITY (PERCENT)
 HIGHEST   100           200 AM
 LOWEST     51          1000 AM
 AVERAGE    76

..........................................................


THE COLUMBIA ASOS CLIMATE NORMALS FOR TOMORROW
                         NORMAL    RECORD    YEAR
 MAXIMUM TEMPERATURE (F)   78        91      2012
                                             2006
                                             1926
 MINIMUM TEMPERATURE (F)   57        39      1992
                                             1891


SUNRISE AND SUNSET
MAY 27 2017...........SUNRISE   548 AM CDT   SUNSET   825 PM CDT
MAY 28 2017...........SUNRISE   547 AM CDT   SUNSET   825 PM CDT


-  INDICATES NEGATIVE NUMBERS.
R  INDICATES RECORD WAS SET OR TIED.
MM INDICATES DATA IS MISSING.
T  INDICATES TRACE AMOUNT.




$$
