376
CDUS43 KLSX 060728
CLICOU


CLIMATE REPORT
NATIONAL WEATHER SERVICE ST LOUIS MO
127 AM CST SAT FEB 6 2016


...................................

...THE COLUMBIA ASOS CLIMATE SUMMARY FOR FEBRUARY 5 2016...

CLIMATE NORMAL PERIOD 1981 TO 2010
CLIMATE RECORD PERIOD 1890 TO 2016


WEATHER ITEM   OBSERVED TIME   RECORD YEAR NORMAL DEPARTURE LAST
                VALUE   (LST)  VALUE       VALUE  FROM      YEAR
                                                  NORMAL
..................................................................
TEMPERATURE (F)
 YESTERDAY
  MAXIMUM         42    446 PM  67    1938  41      1       27
                                      1890
  MINIMUM         22    747 AM -15    1979  23     -1        5
  AVERAGE         32                        32      0       16

PRECIPITATION (IN)
  YESTERDAY        0.00          1.22 2008   0.07  -0.07     0.00
  MONTH TO DATE    0.02                      0.34  -0.32     0.50
  SINCE DEC 1      7.96                      4.70   3.26     3.62
  SINCE JAN 1      0.92                      2.26  -1.34     1.44

SNOWFALL (IN)
  YESTERDAY        0.0           6.3  1905   0.1   -0.1      0.0
  MONTH TO DATE    0.0                       0.9   -0.9      0.9
  SINCE DEC 1      6.9                      11.4   -4.5      2.0
  SINCE JUL 1      6.9                      12.3   -5.4      2.8
  SNOW DEPTH       0

DEGREE DAYS
 HEATING
  YESTERDAY       33                        33      0       49
  MONTH TO DATE  131                       169    -38      205
  SINCE DEC 1   1808                      2273   -465     2083
  SINCE JUL 1   2504                      3258   -754     3164

 COOLING
  YESTERDAY        0                         0      0        0
  MONTH TO DATE    0                         0      0        0
  SINCE DEC 1      0                         0      0        0
  SINCE JAN 1      0                         0      0        0
..................................................................


WIND (MPH)
  HIGHEST WIND SPEED    10   HIGHEST WIND DIRECTION     N (350)
  HIGHEST GUST SPEED    13   HIGHEST GUST DIRECTION    NW (310)
  AVERAGE WIND SPEED     3.7


SKY COVER
  AVERAGE SKY COVER 0.2


WEATHER CONDITIONS
 THE FOLLOWING WEATHER WAS RECORDED YESTERDAY.
  NO SIGNIFICANT WEATHER WAS OBSERVED.


RELATIVE HUMIDITY (PERCENT)
 HIGHEST    92
 LOWEST     30
 AVERAGE    61

..........................................................


THE COLUMBIA ASOS CLIMATE NORMALS FOR TODAY
                         NORMAL    RECORD    YEAR
 MAXIMUM TEMPERATURE (F)   41        69      2009
 MINIMUM TEMPERATURE (F)   23        -7      1982


SUNRISE AND SUNSET
FEBRUARY  6 2016......SUNRISE   711 AM CST   SUNSET   536 PM CST
FEBRUARY  7 2016......SUNRISE   710 AM CST   SUNSET   537 PM CST


-  INDICATES NEGATIVE NUMBERS.
R  INDICATES RECORD WAS SET OR TIED.
MM INDICATES DATA IS MISSING.
T  INDICATES TRACE AMOUNT.




$$
