000
CDUS43 KLSX 210735
CLICOU


CLIMATE REPORT
NATIONAL WEATHER SERVICE ST LOUIS MO
234 AM CDT MON APR 21 2014


...................................

...THE COLUMBIA ASOS CLIMATE SUMMARY FOR APRIL 20 2014...

CLIMATE NORMAL PERIOD 1981 TO 2010
CLIMATE RECORD PERIOD 1890 TO 2014


WEATHER ITEM   OBSERVED TIME   RECORD YEAR NORMAL DEPARTURE LAST
                VALUE   (LST)  VALUE       VALUE  FROM      YEAR
                                                  NORMAL
..................................................................
TEMPERATURE (F)
 YESTERDAY
  MAXIMUM         81    303 PM  90    1987  68     13       60
  MINIMUM         54    552 AM  28    1953  46      8       30
  AVERAGE         68                        57     11       45

PRECIPITATION (IN)
  YESTERDAY        0.00          1.95 1893   0.16  -0.16     0.00
  MONTH TO DATE    6.90                      2.79   4.11     6.37
  SINCE MAR 1      8.13                      5.70   2.43     9.66
  SINCE JAN 1     10.39                      9.87   0.52    15.90

SNOWFALL (IN)
  YESTERDAY        0.0           0.8  1904   0.0    0.0      0.0
  MONTH TO DATE    T                         0.2   -0.2      0.0
  SINCE MAR 1      0.5                       1.9   -1.4     10.3
  SINCE JUL 1     17.8                      18.0   -0.2     35.0
  SNOW DEPTH       0

DEGREE DAYS
 HEATING
  YESTERDAY        0                         9     -9       20
  MONTH TO DATE  242                       242      0      263
  SINCE MAR 1    972                       878     94     1077
  SINCE JUL 1   5401                      4824    577     4660

 COOLING
  YESTERDAY        3                         1      2        0
  MONTH TO DATE    8                        13     -5       12
  SINCE MAR 1      8                        16     -8       12
  SINCE JAN 1      8                        16     -8       13
..................................................................


WIND (MPH)
  HIGHEST WIND SPEED    17   HIGHEST WIND DIRECTION    SW (220)
  HIGHEST GUST SPEED    21   HIGHEST GUST DIRECTION    SW (210)
  AVERAGE WIND SPEED     8.5


SKY COVER
  AVERAGE SKY COVER 0.1


WEATHER CONDITIONS
 THE FOLLOWING WEATHER WAS RECORDED YESTERDAY.
  NO SIGNIFICANT WEATHER WAS OBSERVED.


RELATIVE HUMIDITY (PERCENT)
 HIGHEST    61
 LOWEST     33
 AVERAGE    47

..........................................................


THE COLUMBIA ASOS CLIMATE NORMALS FOR TODAY
                         NORMAL    RECORD    YEAR
 MAXIMUM TEMPERATURE (F)   68        88      1965
                                             1925
 MINIMUM TEMPERATURE (F)   46        29      1907


SUNRISE AND SUNSET
APRIL 21 2014.........SUNRISE   624 AM CDT   SUNSET   752 PM CDT
APRIL 22 2014.........SUNRISE   623 AM CDT   SUNSET   753 PM CDT


-  INDICATES NEGATIVE NUMBERS.
R  INDICATES RECORD WAS SET OR TIED.
MM INDICATES DATA IS MISSING.
T  INDICATES TRACE AMOUNT.




$$
