000
CDUS43 KLSX 240728
CLICOU


CLIMATE REPORT
NATIONAL WEATHER SERVICE ST LOUIS MO
227 AM CDT SUN SEP 24 2017


...................................

...THE COLUMBIA ASOS CLIMATE SUMMARY FOR SEPTEMBER 23 2017...

CLIMATE NORMAL PERIOD 1981 TO 2010
CLIMATE RECORD PERIOD 1890 TO 2017


WEATHER ITEM   OBSERVED TIME   RECORD YEAR NORMAL DEPARTURE LAST
                VALUE   (LST)  VALUE       VALUE  FROM      YEAR
                                                  NORMAL
..................................................................
TEMPERATURE (F)
 YESTERDAY
  MAXIMUM         91    328 PM  94    2007  76     15       88
                                      1891
  MINIMUM         68    620 AM  33    1896  53     15       65
  AVERAGE         80                        64     16       77

PRECIPITATION (IN)
  YESTERDAY        0.00          2.72 1959   0.13  -0.13     0.00
  MONTH TO DATE    1.92                      2.94  -1.02     7.30
  SINCE SEP 1      1.92                      2.94  -1.02     7.30
  SINCE JAN 1     33.03                     32.69   0.34    35.64

SNOWFALL (IN)
  YESTERDAY        0.0           0.0  2015   0.0    0.0      0.0
  MONTH TO DATE    0.0                       0.0    0.0      0.0
  SINCE SEP 1      0.0                       0.0    0.0      0.0
  SINCE JUL 1      0.0                       0.0    0.0      0.0
  SNOW DEPTH       0

DEGREE DAYS
 HEATING
  YESTERDAY        0                         4     -4        0
  MONTH TO DATE    8                        32    -24        0
  SINCE SEP 1      8                        32    -24        0
  SINCE JUL 1     11                        34    -23        0

 COOLING
  YESTERDAY       15                         3     12       12
  MONTH TO DATE  172                       128     44      210
  SINCE SEP 1    172                       128     44      210
  SINCE JAN 1   1286                      1211     75     1521
..................................................................


WIND (MPH)
  HIGHEST WIND SPEED    10   HIGHEST WIND DIRECTION    SE (120)
  HIGHEST GUST SPEED    14   HIGHEST GUST DIRECTION    SE (120)
  AVERAGE WIND SPEED     5.9


SKY COVER
  AVERAGE SKY COVER 0.1


WEATHER CONDITIONS
 THE FOLLOWING WEATHER WAS RECORDED YESTERDAY.
  NO SIGNIFICANT WEATHER WAS OBSERVED.


RELATIVE HUMIDITY (PERCENT)
 HIGHEST    90
 LOWEST     44
 AVERAGE    67

..........................................................


THE COLUMBIA ASOS CLIMATE NORMALS FOR TODAY
                         NORMAL    RECORD    YEAR
 MAXIMUM TEMPERATURE (F)   75        95      1891
 MINIMUM TEMPERATURE (F)   53        33      1989


SUNRISE AND SUNSET
SEPTEMBER 24 2017.....SUNRISE   659 AM CDT   SUNSET   702 PM CDT
SEPTEMBER 25 2017.....SUNRISE   700 AM CDT   SUNSET   701 PM CDT


-  INDICATES NEGATIVE NUMBERS.
R  INDICATES RECORD WAS SET OR TIED.
MM INDICATES DATA IS MISSING.
T  INDICATES TRACE AMOUNT.




$$
