000
CDUS43 KLSX 262226
CLICOU


CLIMATE REPORT
NATIONAL WEATHER SERVICE ST LOUIS MO
426 PM CST FRI DEC 26 2014


...................................

...THE COLUMBIA ASOS CLIMATE SUMMARY FOR DECEMBER 26 2014...
VALID TODAY AS OF 0400 PM LOCAL TIME.

CLIMATE NORMAL PERIOD 1981 TO 2010
CLIMATE RECORD PERIOD 1890 TO 2014


WEATHER ITEM   OBSERVED TIME   RECORD YEAR NORMAL DEPARTURE LAST
                VALUE   (LST)  VALUE       VALUE  FROM      YEAR
                                                  NORMAL
..................................................................
TEMPERATURE (F)
 TODAY
  MAXIMUM         61    118 PM  69    1942  39     22       45
  MINIMUM         39    704 AM -10    1948  22     17       20
  AVERAGE         50                        30     20       33

PRECIPITATION (IN)
  TODAY            0.00          2.18 1942   0.07  -0.07     0.00
  MONTH TO DATE    2.13                      2.10   0.03     1.71
  SINCE DEC 1      2.13                      2.10   0.03     1.71
  SINCE JAN 1     44.07                     42.28   1.79    41.52

SNOWFALL (IN)
  TODAY            0.0           4.1  1939   0.2   -0.2      0.0
  MONTH TO DATE    1.0                       3.5   -2.5      2.4
  SINCE DEC 1      1.0                       3.5   -2.5      2.4
  SINCE JUL 1      1.8                       4.4   -2.6      2.4
  SNOW DEPTH       0

DEGREE DAYS
 HEATING
  TODAY           15                        35    -20       32
  MONTH TO DATE  687                       834   -147      915
  SINCE DEC 1    687                       834   -147      915
  SINCE JUL 1   1768                      1819    -51     1922

 COOLING
  TODAY            0                         0      0        0
  MONTH TO DATE    0                         0      0        0
  SINCE DEC 1      0                         0      0        0
  SINCE JAN 1   1266                      1249     17     1322
..................................................................


WIND (MPH)
  HIGHEST WIND SPEED    21   HIGHEST WIND DIRECTION     S (200)
  HIGHEST GUST SPEED    26   HIGHEST GUST DIRECTION     S (190)
  AVERAGE WIND SPEED    13.6


SKY COVER
  AVERAGE SKY COVER 0.1



RELATIVE HUMIDITY (PERCENT)
 HIGHEST    79           500 AM
 LOWEST     55           200 PM
 AVERAGE    67

..........................................................


THE COLUMBIA ASOS CLIMATE NORMALS FOR TOMORROW
                         NORMAL    RECORD    YEAR
 MAXIMUM TEMPERATURE (F)   39        71      1946
 MINIMUM TEMPERATURE (F)   21        -7      1924


SUNRISE AND SUNSET
DECEMBER 26 2014......SUNRISE   726 AM CST   SUNSET   453 PM CST
DECEMBER 27 2014......SUNRISE   726 AM CST   SUNSET   454 PM CST


-  INDICATES NEGATIVE NUMBERS.
R  INDICATES RECORD WAS SET OR TIED.
MM INDICATES DATA IS MISSING.
T  INDICATES TRACE AMOUNT.




$$
