000
CDUS43 KLSX 250727
CLICOU


CLIMATE REPORT
NATIONAL WEATHER SERVICE ST LOUIS MO
126 AM CST SUN JAN 25 2015


...................................

...THE COLUMBIA ASOS CLIMATE SUMMARY FOR JANUARY 24 2015...

CLIMATE NORMAL PERIOD 1981 TO 2010
CLIMATE RECORD PERIOD 1890 TO 2015


WEATHER ITEM   OBSERVED TIME   RECORD YEAR NORMAL DEPARTURE LAST
                VALUE   (LST)  VALUE       VALUE  FROM      YEAR
                                                  NORMAL
..................................................................
TEMPERATURE (F)
 YESTERDAY
  MAXIMUM         55    330 PM  77    1950  39     16       39
  MINIMUM         29    735 AM -15    1894  21      8        1
  AVERAGE         42                        30     12       20

PRECIPITATION (IN)
  YESTERDAY        0.00          0.72 1928   0.06  -0.06     0.00
  MONTH TO DATE    0.53                      1.48  -0.95     0.90
  SINCE DEC 1      2.71                      3.92  -1.21     2.61
  SINCE JAN 1      0.53                      1.48  -0.95     0.90

SNOWFALL (IN)
  YESTERDAY        0.0           5.1  1936   0.2   -0.2      0.0
  MONTH TO DATE    0.1                       4.7   -4.6      7.5
  SINCE DEC 1      1.1                       9.1   -8.0      9.9
  SINCE JUL 1      1.9                      10.0   -8.1      9.9
  SNOW DEPTH       0

DEGREE DAYS
 HEATING
  YESTERDAY       23                        35    -12       45
  MONTH TO DATE  831                       853    -22      958
  SINCE DEC 1   1701                      1863   -162     2038
  SINCE JUL 1   2782                      2848    -66     3045

 COOLING
  YESTERDAY        0                         0      0        0
  MONTH TO DATE    0                         0      0        0
  SINCE DEC 1      0                         0      0        0
  SINCE JAN 1      0                         0      0        0
..................................................................


WIND (MPH)
  HIGHEST WIND SPEED    18   HIGHEST WIND DIRECTION    SW (240)
  HIGHEST GUST SPEED    24   HIGHEST GUST DIRECTION    SW (240)
  AVERAGE WIND SPEED    10.0


SKY COVER
  AVERAGE SKY COVER 0.0


WEATHER CONDITIONS
 THE FOLLOWING WEATHER WAS RECORDED YESTERDAY.
  NO SIGNIFICANT WEATHER WAS OBSERVED.


RELATIVE HUMIDITY (PERCENT)
 HIGHEST    78
 LOWEST     41
 AVERAGE    60

..........................................................


THE COLUMBIA ASOS CLIMATE NORMALS FOR TODAY
                         NORMAL    RECORD    YEAR
 MAXIMUM TEMPERATURE (F)   39        73      1950
 MINIMUM TEMPERATURE (F)   21       -16      1894


SUNRISE AND SUNSET
JANUARY 25 2015.......SUNRISE   721 AM CST   SUNSET   522 PM CST
JANUARY 26 2015.......SUNRISE   720 AM CST   SUNSET   523 PM CST


-  INDICATES NEGATIVE NUMBERS.
R  INDICATES RECORD WAS SET OR TIED.
MM INDICATES DATA IS MISSING.
T  INDICATES TRACE AMOUNT.




$$
