913
CDUS43 KLSX 262241
CLICOU


CLIMATE REPORT
NATIONAL WEATHER SERVICE ST LOUIS MO
538 PM CDT FRI MAY 26 2017


...................................

...THE COLUMBIA ASOS CLIMATE SUMMARY FOR MAY 26 2017...
VALID TODAY AS OF 0500 PM LOCAL TIME.

CLIMATE NORMAL PERIOD 1981 TO 2010
CLIMATE RECORD PERIOD 1890 TO 2017


WEATHER ITEM   OBSERVED TIME   RECORD YEAR NORMAL DEPARTURE LAST
                VALUE   (LST)  VALUE       VALUE  FROM      YEAR
                                                  NORMAL
..................................................................
TEMPERATURE (F)
 TODAY
  MAXIMUM         81   1157 AM  93    1953  77      4       88
                                      1911
  MINIMUM         61    619 AM  38    1901  57      4       64
  AVERAGE         71                        67      4       76

PRECIPITATION (IN)
  TODAY            0.02          2.96 2000   0.15  -0.13     1.72
  MONTH TO DATE    5.22                      4.20   1.02     3.53
  SINCE MAR 1     17.19                     11.60   5.59     8.05
  SINCE JAN 1     18.41                     15.77   2.64     9.70

SNOWFALL (IN)
  TODAY            0.0           0.0  2015   0.0    0.0      0.0
  MONTH TO DATE    0.0                       0.0    0.0      0.0
  SINCE MAR 1      T                         1.9   -1.9       T
  SINCE JUL 1      1.6                      18.0  -16.4      9.0
  SNOW DEPTH       0

DEGREE DAYS
 HEATING
  TODAY            0                         2     -2        0
  MONTH TO DATE   86                       101    -15      128
  SINCE MAR 1    775                      1058   -283      775
  SINCE JUL 1   3816                      5004  -1188     3952

 COOLING
  TODAY            6                         4      2       11
  MONTH TO DATE   67                        57     10       49
  SINCE MAR 1    109                        82     27       81
  SINCE JAN 1    113                        82     31       81
..................................................................


WIND (MPH)
  HIGHEST WIND SPEED    24   HIGHEST WIND DIRECTION     S (160)
  HIGHEST GUST SPEED    29   HIGHEST GUST DIRECTION     S (170)
  AVERAGE WIND SPEED     6.8


SKY COVER
  AVERAGE SKY COVER 0.4



RELATIVE HUMIDITY (PERCENT)
 HIGHEST    87           700 AM
 LOWEST     62          1100 AM
 AVERAGE    75

..........................................................


THE COLUMBIA ASOS CLIMATE NORMALS FOR TOMORROW
                         NORMAL    RECORD    YEAR
 MAXIMUM TEMPERATURE (F)   77        92      2012
                                             1911
 MINIMUM TEMPERATURE (F)   57        39      1961


SUNRISE AND SUNSET
MAY 26 2017...........SUNRISE   548 AM CDT   SUNSET   824 PM CDT
MAY 27 2017...........SUNRISE   548 AM CDT   SUNSET   825 PM CDT


-  INDICATES NEGATIVE NUMBERS.
R  INDICATES RECORD WAS SET OR TIED.
MM INDICATES DATA IS MISSING.
T  INDICATES TRACE AMOUNT.




$$
