000
CDUS43 KLSX 290742
CLICOU


CLIMATE REPORT
NATIONAL WEATHER SERVICE ST LOUIS MO
241 AM CDT WED MAR 29 2017


...................................

...THE COLUMBIA ASOS CLIMATE SUMMARY FOR MARCH 28 2017...

CLIMATE NORMAL PERIOD 1981 TO 2010
CLIMATE RECORD PERIOD 1890 TO 2017


WEATHER ITEM   OBSERVED TIME   RECORD YEAR NORMAL DEPARTURE LAST
                VALUE   (LST)  VALUE       VALUE  FROM      YEAR
                                                  NORMAL
..................................................................
TEMPERATURE (F)
 YESTERDAY
  MAXIMUM         59    442 PM  86    1910  60     -1       64
  MINIMUM         50    726 AM  19    1921  38     12       30
  AVERAGE         55                        49      6       47

PRECIPITATION (IN)
  YESTERDAY        0.00          1.69 1977   0.11  -0.11     0.00
  MONTH TO DATE    2.73                      2.57   0.16     1.43
  SINCE MAR 1      2.73                      2.57   0.16     1.43
  SINCE JAN 1      3.95                      6.74  -2.79     3.08

SNOWFALL (IN)
  YESTERDAY        0.0           1.4  1899   0.0    0.0      0.0
  MONTH TO DATE    T                         1.6   -1.6       T
  SINCE MAR 1      T                         1.6   -1.6       T
  SINCE JUL 1      1.6                      17.7  -16.1      9.0
  SNOW DEPTH       0

DEGREE DAYS
 HEATING
  YESTERDAY       10                        16     -6       18
  MONTH TO DATE  461                       588   -127      397
  SINCE MAR 1    461                       588   -127      397
  SINCE JUL 1   3502                      4534  -1032     3574

 COOLING
  YESTERDAY        0                         0      0        0
  MONTH TO DATE    4                         0      4        4
  SINCE MAR 1      4                         0      4        4
  SINCE JAN 1      8                         0      8        4
..................................................................


WIND (MPH)
  HIGHEST WIND SPEED    17   HIGHEST WIND DIRECTION     E (80)
  HIGHEST GUST SPEED    22   HIGHEST GUST DIRECTION     E (90)
  AVERAGE WIND SPEED     8.1


SKY COVER
  AVERAGE SKY COVER 1.0


WEATHER CONDITIONS
 THE FOLLOWING WEATHER WAS RECORDED YESTERDAY.
  FOG


RELATIVE HUMIDITY (PERCENT)
 HIGHEST   100
 LOWEST     77
 AVERAGE    89

..........................................................


THE COLUMBIA ASOS CLIMATE NORMALS FOR TODAY
                         NORMAL    RECORD    YEAR
 MAXIMUM TEMPERATURE (F)   60        85      1986
                                             1895
 MINIMUM TEMPERATURE (F)   38        18      1894


SUNRISE AND SUNSET
MARCH 29 2017.........SUNRISE   658 AM CDT   SUNSET   730 PM CDT
MARCH 30 2017.........SUNRISE   656 AM CDT   SUNSET   731 PM CDT


-  INDICATES NEGATIVE NUMBERS.
R  INDICATES RECORD WAS SET OR TIED.
MM INDICATES DATA IS MISSING.
T  INDICATES TRACE AMOUNT.




$$
