000
CDUS43 KLSX 212128
CLICOU


CLIMATE REPORT
NATIONAL WEATHER SERVICE ST LOUIS MO
426 PM CDT SUN AUG 21 2016


...................................

...THE COLUMBIA ASOS CLIMATE SUMMARY FOR AUGUST 21 2016...
VALID TODAY AS OF 0400 PM LOCAL TIME.

CLIMATE NORMAL PERIOD 1981 TO 2010
CLIMATE RECORD PERIOD 1890 TO 2016


WEATHER ITEM   OBSERVED TIME   RECORD YEAR NORMAL DEPARTURE LAST
                VALUE   (LST)  VALUE       VALUE  FROM      YEAR
                                                  NORMAL
..................................................................
TEMPERATURE (F)
 TODAY
  MAXIMUM         80    159 PM 105    2003  87     -7       82
  MINIMUM         58    553 AM  48    1956  65     -7       58
                                      1950
  AVERAGE         69                        76     -7       70

PRECIPITATION (IN)
  TODAY            0.00          2.91 1944   0.15  -0.15     0.00
  MONTH TO DATE    5.34                      2.94   2.40     1.16
  SINCE JUN 1     17.71                     11.78   5.93    17.12
  SINCE JAN 1     27.84                     28.33  -0.49    29.98

SNOWFALL (IN)
  TODAY            0.0           0.0  2015   0.0    0.0      0.0
  MONTH TO DATE    0.0                       0.0    0.0      0.0
  SINCE JUN 1      0.0                       0.0    0.0      0.0
  SINCE JUL 1      0.0                       0.0    0.0      0.0
  SNOW DEPTH       0

DEGREE DAYS
 HEATING
  TODAY            0                         0      0        0
  MONTH TO DATE    0                         0      0        1
  SINCE JUN 1      0                        11    -11        9
  SINCE JUL 1      0                         0      0        2

 COOLING
  TODAY            4                        11     -7        5
  MONTH TO DATE  248                       248      0      234
  SINCE JUN 1   1066                       878    188      943
  SINCE JAN 1   1190                       981    209     1062
..................................................................


WIND (MPH)
  HIGHEST WIND SPEED    15   HIGHEST WIND DIRECTION     W (290)
  HIGHEST GUST SPEED    20   HIGHEST GUST DIRECTION     N (340)
  AVERAGE WIND SPEED     7.3


SKY COVER
  AVERAGE SKY COVER 0.0



RELATIVE HUMIDITY (PERCENT)
 HIGHEST   100           500 AM
 LOWEST     42           200 PM
 AVERAGE    71

..........................................................


THE COLUMBIA ASOS CLIMATE NORMALS FOR TOMORROW
                         NORMAL    RECORD    YEAR
 MAXIMUM TEMPERATURE (F)   87       104      1936
 MINIMUM TEMPERATURE (F)   65        53      1956


SUNRISE AND SUNSET
AUGUST 21 2016........SUNRISE   628 AM CDT   SUNSET   754 PM CDT
AUGUST 22 2016........SUNRISE   629 AM CDT   SUNSET   753 PM CDT


-  INDICATES NEGATIVE NUMBERS.
R  INDICATES RECORD WAS SET OR TIED.
MM INDICATES DATA IS MISSING.
T  INDICATES TRACE AMOUNT.




$$
