000
CDUS43 KLSX 230746
CLICOU


CLIMATE REPORT
NATIONAL WEATHER SERVICE ST LOUIS MO
145 AM CST FRI JAN 23 2015


...................................

...THE COLUMBIA ASOS CLIMATE SUMMARY FOR JANUARY 22 2015...

CLIMATE NORMAL PERIOD 1981 TO 2010
CLIMATE RECORD PERIOD 1890 TO 2015


WEATHER ITEM   OBSERVED TIME   RECORD YEAR NORMAL DEPARTURE LAST
                VALUE   (LST)  VALUE       VALUE  FROM      YEAR
                                                  NORMAL
..................................................................
TEMPERATURE (F)
 YESTERDAY
  MAXIMUM         39    237 PM  75    1967  39      0       35
  MINIMUM         26    507 AM -16    1930  21      5        9
  AVERAGE         33                        30      3       22

PRECIPITATION (IN)
  YESTERDAY        0.00          0.77 1957   0.06  -0.06     0.00
  MONTH TO DATE    0.53                      1.36  -0.83     0.90
  SINCE DEC 1      2.71                      3.80  -1.09     2.61
  SINCE JAN 1      0.53                      1.36  -0.83     0.90

SNOWFALL (IN)
  YESTERDAY        0.0           8.2  1906   0.2   -0.2      0.0
  MONTH TO DATE    0.1                       4.3   -4.2      7.5
  SINCE DEC 1      1.1                       8.7   -7.6      9.9
  SINCE JUL 1      1.9                       9.6   -7.7      9.9
  SNOW DEPTH       0

DEGREE DAYS
 HEATING
  YESTERDAY       32                        35     -3       43
  MONTH TO DATE  775                       783     -8      856
  SINCE DEC 1   1645                      1793   -148     1936
  SINCE JUL 1   2726                      2778    -52     2943

 COOLING
  YESTERDAY        0                         0      0        0
  MONTH TO DATE    0                         0      0        0
  SINCE DEC 1      0                         0      0        0
  SINCE JAN 1      0                         0      0        0
..................................................................


WIND (MPH)
  HIGHEST WIND SPEED    15   HIGHEST WIND DIRECTION     N (10)
  HIGHEST GUST SPEED    18   HIGHEST GUST DIRECTION    NE (30)
  AVERAGE WIND SPEED     6.9


SKY COVER
  AVERAGE SKY COVER 0.5


WEATHER CONDITIONS
 THE FOLLOWING WEATHER WAS RECORDED YESTERDAY.
  NO SIGNIFICANT WEATHER WAS OBSERVED.


RELATIVE HUMIDITY (PERCENT)
 HIGHEST    92
 LOWEST     59
 AVERAGE    76

..........................................................


THE COLUMBIA ASOS CLIMATE NORMALS FOR TODAY
                         NORMAL    RECORD    YEAR
 MAXIMUM TEMPERATURE (F)   39        77      1909
 MINIMUM TEMPERATURE (F)   21       -10      1963
                                             1936


SUNRISE AND SUNSET
JANUARY 23 2015.......SUNRISE   722 AM CST   SUNSET   520 PM CST
JANUARY 24 2015.......SUNRISE   721 AM CST   SUNSET   521 PM CST


-  INDICATES NEGATIVE NUMBERS.
R  INDICATES RECORD WAS SET OR TIED.
MM INDICATES DATA IS MISSING.
T  INDICATES TRACE AMOUNT.




$$
