000
CDUS43 KLSX 012232
CLICOU


CLIMATE REPORT
NATIONAL WEATHER SERVICE ST LOUIS MO
529 PM CDT MON JUN 1 2015


...................................

...THE COLUMBIA ASOS CLIMATE SUMMARY FOR JUNE 1 2015...
VALID TODAY AS OF 0500 PM LOCAL TIME.

CLIMATE NORMAL PERIOD 1981 TO 2010
CLIMATE RECORD PERIOD 1890 TO 2015


WEATHER ITEM   OBSERVED TIME   RECORD YEAR NORMAL DEPARTURE LAST
                VALUE   (LST)  VALUE       VALUE  FROM      YEAR
                                                  NORMAL
..................................................................
TEMPERATURE (F)
 TODAY
  MAXIMUM         64    359 PM 100    1934  79    -15       85
  MINIMUM         55    442 AM  43    1894  58     -3       67
  AVERAGE         60                        69     -9       76

PRECIPITATION (IN)
  TODAY            0.00          2.91 1902   0.15  -0.15      T
  MONTH TO DATE    0.00                      0.15  -0.15      T
  SINCE JUN 1      0.00                      0.15  -0.15      T
  SINCE JAN 1     12.86                     16.70  -3.84    14.82

SNOWFALL (IN)
  TODAY            0.0           0.0  2014   0.0    0.0      0.0
  MONTH TO DATE    0.0                       0.0    0.0      0.0
  SINCE JUN 1      0.0                       0.0    0.0      0.0
  SINCE JUL 1     12.0                      18.0   -6.0     17.8
  SNOW DEPTH       0

DEGREE DAYS
 HEATING
  TODAY            5                         1      4        0
  MONTH TO DATE    5                         1      4        0
  SINCE JUN 1      5                         1      4        0
  SINCE JUL 1   4944                      5013    -69     5572

 COOLING
  TODAY            0                         5     -5       11
  MONTH TO DATE    0                         5     -5       11
  SINCE JUN 1      0                         5     -5       11
  SINCE JAN 1    119                       108     11      171
..................................................................


WIND (MPH)
  HIGHEST WIND SPEED     9   HIGHEST WIND DIRECTION    NE (40)
  HIGHEST GUST SPEED    12   HIGHEST GUST DIRECTION     E (80)
  AVERAGE WIND SPEED     5.3


SKY COVER
  AVERAGE SKY COVER 1.0



RELATIVE HUMIDITY (PERCENT)
 HIGHEST    93           600 AM
 LOWEST     72           100 PM
 AVERAGE    83

..........................................................


THE COLUMBIA ASOS CLIMATE NORMALS FOR TOMORROW
                         NORMAL    RECORD    YEAR
 MAXIMUM TEMPERATURE (F)   79        98      1934
 MINIMUM TEMPERATURE (F)   59        45      1956


SUNRISE AND SUNSET
JUNE  1 2015..........SUNRISE   546 AM CDT   SUNSET   828 PM CDT
JUNE  2 2015..........SUNRISE   545 AM CDT   SUNSET   829 PM CDT


-  INDICATES NEGATIVE NUMBERS.
R  INDICATES RECORD WAS SET OR TIED.
MM INDICATES DATA IS MISSING.
T  INDICATES TRACE AMOUNT.




$$
