000
CDUS43 KLSX 130745
CLICOU


CLIMATE REPORT
NATIONAL WEATHER SERVICE ST LOUIS MO
245 AM CDT SUN JUL 13 2014


...................................

...THE COLUMBIA ASOS CLIMATE SUMMARY FOR JULY 12 2014...

CLIMATE NORMAL PERIOD 1981 TO 2010
CLIMATE RECORD PERIOD 1890 TO 2014


WEATHER ITEM   OBSERVED TIME   RECORD YEAR NORMAL DEPARTURE LAST
                VALUE   (LST)  VALUE       VALUE  FROM      YEAR
                                                  NORMAL
..................................................................
TEMPERATURE (F)
 YESTERDAY
  MAXIMUM         91    348 PM 113    1954  88      3       83
  MINIMUM         76    650 AM  53    1898  67      9       61
  AVERAGE         84                        77      7       72

PRECIPITATION (IN)
  YESTERDAY        T             1.69 2004   0.14  -0.14     0.00
  MONTH TO DATE    1.15                      1.81  -0.66     0.67
  SINCE JUN 1      6.22                      6.28  -0.06     2.72
  SINCE JAN 1     21.04                     22.83  -1.79    29.43

SNOWFALL (IN)
  YESTERDAY        0.0           0.0  2013   0.0    0.0      0.0
  MONTH TO DATE    0.0                       0.0    0.0      0.0
  SINCE JUN 1      0.0                       0.0    0.0      0.0
  SINCE JUL 1      0.0                       0.0    0.0      0.0
  SNOW DEPTH       0

DEGREE DAYS
 HEATING
  YESTERDAY        0                         0      0        0
  MONTH TO DATE    0                         0      0        0
  SINCE JUN 1      0                        11    -11        6
  SINCE JUL 1      0                         0      0        0

 COOLING
  YESTERDAY       19                        12      7        7
  MONTH TO DATE  108                       144    -36      126
  SINCE JUN 1    395                       392      3      393
  SINCE JAN 1    555                       495     60      527
..................................................................


WIND (MPH)
  HIGHEST WIND SPEED    17   HIGHEST WIND DIRECTION     S (200)
  HIGHEST GUST SPEED    22   HIGHEST GUST DIRECTION    SW (210)
  AVERAGE WIND SPEED    10.0


SKY COVER
  AVERAGE SKY COVER 0.2


WEATHER CONDITIONS
 THE FOLLOWING WEATHER WAS RECORDED YESTERDAY.
  HAZE


RELATIVE HUMIDITY (PERCENT)
 HIGHEST    94
 LOWEST     56
 AVERAGE    75

..........................................................


THE COLUMBIA ASOS CLIMATE NORMALS FOR TODAY
                         NORMAL    RECORD    YEAR
 MAXIMUM TEMPERATURE (F)   88       107      1954
                                             1936
 MINIMUM TEMPERATURE (F)   67        48      1975


SUNRISE AND SUNSET
JULY 13 2014..........SUNRISE   555 AM CDT   SUNSET   834 PM CDT
JULY 14 2014..........SUNRISE   555 AM CDT   SUNSET   834 PM CDT


-  INDICATES NEGATIVE NUMBERS.
R  INDICATES RECORD WAS SET OR TIED.
MM INDICATES DATA IS MISSING.
T  INDICATES TRACE AMOUNT.




$$
