000
CDUS43 KLSX 160745
CLICOU


CLIMATE REPORT
NATIONAL WEATHER SERVICE ST LOUIS MO
245 AM CDT TUE SEP 16 2014


...................................

...THE COLUMBIA ASOS CLIMATE SUMMARY FOR SEPTEMBER 15 2014...

CLIMATE NORMAL PERIOD 1981 TO 2010
CLIMATE RECORD PERIOD 1890 TO 2014


WEATHER ITEM   OBSERVED TIME   RECORD YEAR NORMAL DEPARTURE LAST
                VALUE   (LST)  VALUE       VALUE  FROM      YEAR
                                                  NORMAL
..................................................................
TEMPERATURE (F)
 YESTERDAY
  MAXIMUM         77   1232 PM 101    1893  79     -2       84
  MINIMUM         57    305 AM  38    1904  57      0       56
  AVERAGE         67                        68     -1       70

PRECIPITATION (IN)
  YESTERDAY        T             3.84 1894   0.12  -0.12     0.32
  MONTH TO DATE    6.15                      1.94   4.21     0.86
  SINCE SEP 1      6.15                      1.94   4.21     0.86
  SINCE JAN 1     30.44                     31.69  -1.25    33.95

SNOWFALL (IN)
  YESTERDAY        0.0           0.0  2013   0.0    0.0      0.0
  MONTH TO DATE    0.0                       0.0    0.0      0.0
  SINCE SEP 1      0.0                       0.0    0.0      0.0
  SINCE JUL 1      0.0                       0.0    0.0      0.0
  SNOW DEPTH       0

DEGREE DAYS
 HEATING
  YESTERDAY        0                         2     -2        0
  MONTH TO DATE   40                        10     30        2
  SINCE SEP 1     40                        10     30        2
  SINCE JUL 1     40                        12     28        2

 COOLING
  YESTERDAY        2                         5     -3        5
  MONTH TO DATE   85                        99    -14      159
  SINCE SEP 1     85                        99    -14      159
  SINCE JAN 1   1195                      1182     13     1226
..................................................................


WIND (MPH)
  HIGHEST WIND SPEED    22   HIGHEST WIND DIRECTION     W (270)
  HIGHEST GUST SPEED    29   HIGHEST GUST DIRECTION     W (270)
  AVERAGE WIND SPEED     9.7


SKY COVER
  AVERAGE SKY COVER 0.9


WEATHER CONDITIONS
 THE FOLLOWING WEATHER WAS RECORDED YESTERDAY.
  THUNDERSTORM
  LIGHT RAIN
  FOG


RELATIVE HUMIDITY (PERCENT)
 HIGHEST    90
 LOWEST     73
 AVERAGE    82

..........................................................


THE COLUMBIA ASOS CLIMATE NORMALS FOR TODAY
                         NORMAL    RECORD    YEAR
 MAXIMUM TEMPERATURE (F)   79        99      1954
 MINIMUM TEMPERATURE (F)   56        40      1916


SUNRISE AND SUNSET
SEPTEMBER 16 2014.....SUNRISE   651 AM CDT   SUNSET   715 PM CDT
SEPTEMBER 17 2014.....SUNRISE   652 AM CDT   SUNSET   714 PM CDT


-  INDICATES NEGATIVE NUMBERS.
R  INDICATES RECORD WAS SET OR TIED.
MM INDICATES DATA IS MISSING.
T  INDICATES TRACE AMOUNT.




$$
