000
CDUS43 KLSX 060744
CLICOU


CLIMATE REPORT
NATIONAL WEATHER SERVICE ST LOUIS MO
242 AM CDT MON JUL 6 2015


...................................

...THE COLUMBIA ASOS CLIMATE SUMMARY FOR JULY 5 2015...

CLIMATE NORMAL PERIOD 1981 TO 2010
CLIMATE RECORD PERIOD 1890 TO 2015


WEATHER ITEM   OBSERVED TIME   RECORD YEAR NORMAL DEPARTURE LAST
                VALUE   (LST)  VALUE       VALUE  FROM      YEAR
                                                  NORMAL
..................................................................
TEMPERATURE (F)
 YESTERDAY
  MAXIMUM         86    414 PM 105    2012  87     -1       79
                                      1911
  MINIMUM         66    516 AM  49    1972  67     -1       61
  AVERAGE         76                        77     -1       70

PRECIPITATION (IN)
  YESTERDAY        0.00          1.64 1897   0.14  -0.14      T
  MONTH TO DATE    1.70                      0.75   0.95     0.07
  SINCE JUN 1      9.26                      5.22   4.04     5.14
  SINCE JAN 1     22.12                     21.77   0.35    19.96

SNOWFALL (IN)
  YESTERDAY        0.0           0.0  2013   0.0    0.0      0.0
  MONTH TO DATE    0.0                       0.0    0.0      0.0
  SINCE JUN 1      0.0                       0.0    0.0      0.0
  SINCE JUL 1      0.0                       0.0    0.0      0.0
  SNOW DEPTH       0

DEGREE DAYS
 HEATING
  YESTERDAY        0                         0      0        0
  MONTH TO DATE    0                         0      0        0
  SINCE JUN 1      7                        11     -4        0
  SINCE JUL 1      0                         0      0        0

 COOLING
  YESTERDAY       11                        12     -1        5
  MONTH TO DATE   44                        60    -16       24
  SINCE JUN 1    355                       308     47      311
  SINCE JAN 1    474                       411     63      471
..................................................................


WIND (MPH)
  HIGHEST WIND SPEED    14   HIGHEST WIND DIRECTION     S (160)
  HIGHEST GUST SPEED    18   HIGHEST GUST DIRECTION     S (160)
  AVERAGE WIND SPEED     7.8


SKY COVER
  AVERAGE SKY COVER 0.1


WEATHER CONDITIONS
 THE FOLLOWING WEATHER WAS RECORDED YESTERDAY.
  FOG


RELATIVE HUMIDITY (PERCENT)
 HIGHEST   100
 LOWEST     61
 AVERAGE    81

..........................................................


THE COLUMBIA ASOS CLIMATE NORMALS FOR TODAY
                         NORMAL    RECORD    YEAR
 MAXIMUM TEMPERATURE (F)   87       106      2012
 MINIMUM TEMPERATURE (F)   67        51      1972


SUNRISE AND SUNSET
JULY  6 2015..........SUNRISE   550 AM CDT   SUNSET   837 PM CDT
JULY  7 2015..........SUNRISE   551 AM CDT   SUNSET   837 PM CDT


-  INDICATES NEGATIVE NUMBERS.
R  INDICATES RECORD WAS SET OR TIED.
MM INDICATES DATA IS MISSING.
T  INDICATES TRACE AMOUNT.




$$
