000
CXUS53 KLSX 020011 CCA
CLMCOU

CLIMATE REPORT
NATIONAL WEATHER SERVICE ST LOUIS MO
200 PM CDT SAT AUG 1 2015

...................................

...THE COLUMBIA MO CLIMATE SUMMARY FOR THE MONTH OF JULY 2015...

CLIMATE NORMAL PERIOD 1981 TO 2010
CLIMATE RECORD PERIOD 1890 TO 2015

WEATHER         OBSERVED          NORMAL  DEPART  LAST YEAR`S
                 VALUE   DATE(S)  VALUE   FROM    VALUE
                                          NORMAL
.............................................................
TEMPERATURE (F)
RECORD
 HIGH             113   07/14/1954
                        07/12/1954
 LOW               45   07/01/1892
HIGHEST            94   07/14                         95
                        07/13
LOWEST             59   07/08                         54
AVG. MAXIMUM     85.9              87.6    -1.7     84.3
AVG. MINIMUM     69.2              67.0     2.2     62.2
MEAN             77.5              77.3     0.2     73.3
DAYS MAX >= 90     11              11.2    -0.2        5
DAYS MAX <= 32      0               0.0     0.0        0
DAYS MIN <= 32      0               0.0     0.0        0
DAYS MIN <= 0       0               0.0     0.0        0

PRECIPITATION (INCHES)
RECORD
 MAXIMUM        12.14   1981
 MINIMUM         0.24   1976
TOTALS           8.40              4.37    4.03     1.46
DAILY AVG.       0.27              0.14    0.13     0.05
DAYS >= .01         9               8.8     0.2        5
DAYS >= .10         8               5.9     2.1        3
DAYS >= .50         4               2.5     1.5        1
DAYS >= 1.00        4               1.3     2.7        0
GREATEST
 24 HR. TOTAL    2.42   07/19 TO 07/19              1.08

DEGREE_DAYS
HEATING TOTAL       1                 0       1        0
 SINCE 7/1          1                 0       1        0
COOLING TOTAL     398               382      16      266
 SINCE 1/1        828               733      95      713
..............................................................

WIND (MPH)
HIGHEST WIND SPEED/DIRECTION    35/320    DATE  07/26
HIGHEST GUST SPEED/DIRECTION    44/320    DATE  07/26

SKY COVER
NUMBER OF DAYS FAIR           21
NUMBER OF DAYS PC              7
NUMBER OF DAYS CLOUDY          3


WEATHER CONDITIONS. NUMBER OF DAYS WITH
THUNDERSTORM              6     MIXED PRECIP               0
HEAVY RAIN                6     RAIN                       7
LIGHT RAIN               13     FREEZING RAIN              0
LT FREEZING RAIN          0     HAIL                       0
HEAVY SNOW                0     SNOW                       0
LIGHT SNOW                0     SLEET                      0
FOG                      13     FOG W/VIS <= 1/4 MILE      2
HAZE                      5

-  INDICATES NEGATIVE NUMBERS.
R  INDICATES RECORD WAS SET OR TIED.
MM INDICATES DATA IS MISSING.
T  INDICATES TRACE AMOUNT.

..........................RECORDS...........................

MONTHLY:  THIS IS THE 5TH WETTEST JULY ON RECORD.

DAILY:  TWO RECORD LOW MAXIMUM TEMPERATURES AND TWO RECORD PRECIPITATION AMOUNTS
WERE SET WITHIN THE MONTH.  ON JULY 7TH...A RECORD LOW MAXIMUM OF 72 DEGREES
WAS SET, BREAKING THE PREVIOUS RECORD OF 75 SET IN 1958.  ON JULY 8TH...
A RECORD LOW MAXIMUM OF 68 DEGREES WAS SET.

ON JULY 8TH...A RECORD RAINFALL OF 1.62 INCHES BROKE THE OLD RECORD OF
1.08 INCHES IN 1995.  ON JULY 26TH...A RECORD RAINFALL OF 1.63 INCHES
BROKE THE OLD RECORD OF 0.90 INCHES SET IN 1998.

$$
