000
CXUS53 KLSX 220031 CCA
CLMCOU

CLIMATE REPORT
NATIONAL WEATHER SERVICE ST LOUIS MO
201 PM CDT FRI JUL 1 2016

...................................

...THE COLUMBIA MO CLIMATE SUMMARY FOR THE MONTH OF JUNE 2016...

CLIMATE NORMAL PERIOD 1981 TO 2010
CLIMATE RECORD PERIOD 1890 TO 2016

WEATHER         OBSERVED          NORMAL  DEPART  LAST YEAR`S
                 VALUE   DATE(S)  VALUE   FROM    VALUE
                                          NORMAL
.............................................................
TEMPERATURE (F)
RECORD
 HIGH             107   06/28/2012
 LOW               40   06/05/1993
HIGHEST            99   06/15                         93
LOWEST             56   06/08                         55
                        06/07
AVG. MAXIMUM     88.8              83.0     5.8     83.2
AVG. MINIMUM     67.1              62.8     4.3     66.6
MEAN             77.9              72.9     5.0     74.9
DAYS MAX >= 90     19               3.8    15.2        6
DAYS MAX <= 32      0               0.0     0.0        0
DAYS MIN <= 32      0               0.0     0.0        0
DAYS MIN <= 0       0               0.0     0.0        0

PRECIPITATION (INCHES)
RECORD
 MAXIMUM        14.86   1928
 MINIMUM         0.12   1959
TOTALS           1.46              4.47   -3.01     7.56
DAILY AVG.       0.05              0.15   -0.10     0.25
DAYS >= .01         5               9.7    -4.7       17
DAYS >= .10         4               6.3    -2.3       11
DAYS >= .50         0               3.0    -3.0        5
DAYS >= 1.00        0               1.4    -1.4        2
GREATEST
 24 HR. TOTAL    0.69   06/20 TO 06/21              2.65

DEGREE_DAYS
HEATING TOTAL       0                11     -11        7
 SINCE 7/1       3952              5023   -1071     4946
COOLING TOTAL     394               248     146      311
 SINCE 1/1        518               351     167      430
..............................................................

WIND (MPH)
HIGHEST WIND SPEED/DIRECTION    31/010    DATE  06/20
HIGHEST GUST SPEED/DIRECTION    41/020    DATE  06/20

SKY COVER
NUMBER OF DAYS FAIR           26
NUMBER OF DAYS PC              4
NUMBER OF DAYS CLOUDY          0


WEATHER CONDITIONS. NUMBER OF DAYS WITH
THUNDERSTORM              5     MIXED PRECIP               0
HEAVY RAIN                4     RAIN                       3
LIGHT RAIN                8     FREEZING RAIN              0
LT FREEZING RAIN          0     HAIL                       0
HEAVY SNOW                0     SNOW                       0
LIGHT SNOW                0     SLEET                      0
FOG                       9     FOG W/VIS <= 1/4 MILE      4
HAZE                      0

-  INDICATES NEGATIVE NUMBERS.
R  INDICATES RECORD WAS SET OR TIED.
MM INDICATES DATA IS MISSING.
T  INDICATES TRACE AMOUNT.


...MONTHLY...

9TH WARMEST JUNE IN STATION HISTORY (77.9 DEGREES).

THE MOST CONSECUTIVE OCCURENCES OF A MAXIMUM TEMERATURE GREATER THAN
OR EQUAL TO 90 DEGREES (19 DAYS).

2ND MOST CONSECUTIVE OCCURENCES OF A MINIMUM TEMPERATURE GREATER THAN
OR EQUAL TO 65 DEGREES (19 DAYS).

14TH DRIEST JUNE ON RECORD (1.46 INCHES).


...DAILY...


1 RECORD HIGH TEMPERATURE SET (99 DEGREES ON 6/15...PREVIOUS 96 DEGREES
LAST SET IN 1952.)

1 RECORD HIGH MINUMUM TEMERATURE SET(76 DEGREES ON 6/15...PREVIOUS 73 DEGREES
IN 1967.

$$
