000
CXUS53 KLSX 020007 CCA
CLMCOU

CLIMATE REPORT
NATIONAL WEATHER SERVICE ST LOUIS MO
1148 AM CDT SAT JUL 1 2017

...................................

...THE COLUMBIA MO CLIMATE SUMMARY FOR THE MONTH OF JUNE 2017...

CLIMATE NORMAL PERIOD 1981 TO 2010
CLIMATE RECORD PERIOD 1890 TO 2017

WEATHER         OBSERVED          NORMAL  DEPART  LAST YEAR`S
                 VALUE   DATE(S)  VALUE   FROM    VALUE
                                          NORMAL
.............................................................
TEMPERATURE (F)
RECORD
 HIGH             107   06/28/2012
 LOW               40   06/05/1993
HIGHEST            91   06/13                         99
                        06/12
                        06/05
LOWEST             50   06/26                         56
AVG. MAXIMUM     84.7              83.0     1.7     88.8
AVG. MINIMUM     63.4              62.8     0.6     67.1
MEAN             74.0              72.9     1.1     77.9
DAYS MAX >= 90      6               3.8     2.2       19
DAYS MAX <= 32      0               0.0     0.0        0
DAYS MIN <= 32      0               0.0     0.0        0
DAYS MIN <= 0       0               0.0     0.0        0

PRECIPITATION (INCHES)
RECORD
 MAXIMUM        14.86   1928
 MINIMUM         0.12   1959
TOTALS           3.76              4.47   -0.71     1.46
DAILY AVG.       0.13              0.15   -0.02     0.05
DAYS >= .01        10               9.7     0.3        5
DAYS >= .10         6               6.3    -0.3        4
DAYS >= .50         3               3.0     0.0        0
DAYS >= 1.00        1               1.4    -0.4        0
GREATEST
 24 HR. TOTAL    1.05   06/15

DEGREE_DAYS
HEATING TOTAL       1                11     -10        0
 SINCE 7/1       3817              5023   -1206     3952
COOLING TOTAL     280               248      32      394
 SINCE 1/1        414               351      63      518
..............................................................

WIND (MPH)
HIGHEST WIND SPEED/DIRECTION    37/040    DATE  06/15
HIGHEST GUST SPEED/DIRECTION    47/290    DATE  06/17

SKY COVER
NUMBER OF DAYS FAIR           26
NUMBER OF DAYS PC              4
NUMBER OF DAYS CLOUDY          0


WEATHER CONDITIONS. NUMBER OF DAYS WITH
THUNDERSTORM              8     MIXED PRECIP               0
HEAVY RAIN                5     RAIN                       6
LIGHT RAIN               11     FREEZING RAIN              0
LT FREEZING RAIN          0     HAIL                       0
HEAVY SNOW                0     SNOW                       0
LIGHT SNOW                0     SLEET                      0
FOG                      10     FOG W/VIS <= 1/4 MILE      1
HAZE                      1

-  INDICATES NEGATIVE NUMBERS.
R  INDICATES RECORD WAS SET OR TIED.
MM INDICATES DATA IS MISSING.
T  INDICATES TRACE AMOUNT.


...MONTHLY...
NO RECORDS OF NOTE.


...DAILY...
RECORD LOW TEMPERATURE OF 50 DEGREES ON 06/26. ALSO SET IN 1974.


$$
