000
CXUS53 KLSX 011900 CCA
CLMCOU

CLIMATE REPORT
NATIONAL WEATHER SERVICE ST LOUIS MO
149 PM CDT WED APR 1 2015

...................................

...THE COLUMBIA MO CLIMATE SUMMARY FOR THE MONTH OF MARCH 2015...

CLIMATE NORMAL PERIOD 1981 TO 2010
CLIMATE RECORD PERIOD 1890 TO 2015

WEATHER         OBSERVED          NORMAL  DEPART  LAST YEAR`S
                 VALUE   DATE(S)  VALUE   FROM    VALUE
                                          NORMAL
.............................................................
TEMPERATURE (F)
RECORD
 HIGH              92   03/21/1907
 LOW               -9   03/05/1960
HIGHEST            79   03/16                         81
LOWEST             13   03/05                         -2
AVG. MAXIMUM     57.0              55.2     1.8     54.2
AVG. MINIMUM     34.8              34.0     0.8     28.2
MEAN             45.9              44.6     1.3     41.2
DAYS MAX >= 90      0               0.0     0.0        0
DAYS MAX <= 32      2               0.8     1.2        2
DAYS MIN <= 32      9              13.8    -4.8       20
DAYS MIN <= 0       0               0.1    -0.1        1

PRECIPITATION (INCHES)
RECORD
 MAXIMUM        10.09   1973
 MINIMUM         0.51   1956
TOTALS           1.54              2.91   -1.37     1.23
DAILY AVG.       0.05              0.09   -0.04     0.04
DAYS >= .01        10              10.6    -0.6        7
DAYS >= .10         5               6.3    -1.3        4
DAYS >= .50         0               1.7    -1.7        0
DAYS >= 1.00        0               0.5    -0.5        0
GREATEST
 24 HR. TOTAL    0.42   03/18 TO 03/19              0.47

SNOWFALL (INCHES)
RECORDS
 TOTAL           24.5   1960
 24 HR TOTAL     12.8   03/12/1937 TO 03/13/1937
TOTALS            1.6               1.7    -0.1      0.5
SINCE 7/1        12.0              17.8    -5.8     17.8
GREATEST
 24 HR TOTAL      1.0   03/01 TO 03/01

DEGREE_DAYS
HEATING TOTAL     585               636     -51      730
 SINCE 7/1       4640              4582      58     5159
COOLING TOTAL       0                 3      -3        0
 SINCE 1/1          0                 3      -3        0
..............................................................

WIND (MPH)
HIGHEST WIND SPEED/DIRECTION    31/170    DATE  03/29
HIGHEST GUST SPEED/DIRECTION    39/170    DATE  03/29

SKY COVER

NUMBER OF DAYS FAIR           18
NUMBER OF DAYS PC              7
NUMBER OF DAYS CLOUDY          6


WEATHER CONDITIONS. NUMBER OF DAYS WITH
THUNDERSTORM              1     MIXED PRECIP               0
HEAVY RAIN                1     RAIN                       2
LIGHT RAIN               11     FREEZING RAIN              0
LT FREEZING RAIN          0     HAIL                       0
HEAVY SNOW                0     SNOW                       1
LIGHT SNOW                6     SLEET                      0
FOG                      18     FOG W/VIS <= 1/4 MILE      3
HAZE                      6

-  INDICATES NEGATIVE NUMBERS.
R  INDICATES RECORD WAS SET OR TIED.
MM INDICATES DATA IS MISSING.
T  INDICATES TRACE AMOUNT.

$$
