000
CXUS53 KLSX 011952 CCA
CLMCOU

CLIMATE REPORT
NATIONAL WEATHER SERVICE ST LOUIS MO
1246 PM CST TUE MAR 1 2016

...................................

...THE COLUMBIA MO CLIMATE SUMMARY FOR THE MONTH OF FEBRUARY 2016...

CLIMATE NORMAL PERIOD 1981 TO 2010
CLIMATE RECORD PERIOD 1890 TO 2016

WEATHER         OBSERVED          NORMAL  DEPART  LAST YEAR`S
                 VALUE   DATE(S)  VALUE   FROM    VALUE
                                          NORMAL
.............................................................
TEMPERATURE (F)
RECORD
 HIGH              82   02/29/1972
 LOW              -26   02/12/1899
HIGHEST            76   02/20                         69
LOWEST             12   02/13                          1
AVG. MAXIMUM     48.4              43.9     4.5     35.7
AVG. MINIMUM     29.1              24.9     4.2     15.4
MEAN             38.8              34.4     4.4     25.6
DAYS MAX >= 90      0               0.0     0.0        0
DAYS MAX <= 32      3               5.5    -2.5       12
DAYS MIN <= 32     19              20.7    -1.7       26
DAYS MIN <= 0       0               0.5    -0.5        0

PRECIPITATION (INCHES)
RECORD
 MAXIMUM         6.80   1892
 MINIMUM         0.11   2006
                        1991
TOTALS           0.75              2.25   -1.50     1.41
DAILY AVG.       0.03             -0.08   -0.05     0.05
DAYS >= .01         9               8.0     1.0       10
DAYS >= .10         2               4.3    -2.3        5
DAYS >= .50         0               1.4    -1.4        0
DAYS >= 1.00        0               0.7    -0.7        0
GREATEST
 24 HR. TOTAL    0.43   02/15 TO 02/16              0.70

SNOWFALL (INCHES)
RECORDS
 TOTAL           23.3   2011
 24 HR TOTAL     17.7   02/01/2011 TO 02/02/2011
TOTALS            2.1               4.7    -2.6      8.5
SINCE 7/1         9.0              16.1    -7.1     10.4
GREATEST
 24 HR TOTAL      1.0   02/14 TO 02/14

DEGREE_DAYS
HEATING TOTAL     752               882    -130     1096
 SINCE 7/1       3125              3997    -872     4055
COOLING TOTAL       0                 0       0        0
 SINCE 1/1          0                 0       0        0
..............................................................

WIND (MPH)
HIGHEST WIND SPEED/DIRECTION    38/310    DATE  02/08
HIGHEST GUST SPEED/DIRECTION    49/310    DATE  02/08

SKY COVER
POSSIBLE SUNSHINE (PERCENT)    M
NUMBER OF DAYS FAIR           13
NUMBER OF DAYS PC              7
NUMBER OF DAYS CLOUDY          9


WEATHER CONDITIONS. NUMBER OF DAYS WITH
THUNDERSTORM              0     MIXED PRECIP               0
HEAVY RAIN                0     RAIN                       1
LIGHT RAIN                6     FREEZING RAIN              1
LT FREEZING RAIN          1     HAIL                       0
HEAVY SNOW                1     SNOW                       0
LIGHT SNOW                7     SLEET                      0
FOG                      12     FOG W/VIS <= 1/4 MILE      1
HAZE                      0

-  INDICATES NEGATIVE NUMBERS.
R  INDICATES RECORD WAS SET OR TIED.
MM INDICATES DATA IS MISSING.
T  INDICATES TRACE AMOUNT.
...............................................................

DAILY RECORDS

2/20...HIGH TEMPERATURE OF 76 DEGREES...PREVIOUSLY 72 SET IN 2014

$$
