770
CXUS53 KLSX 011411
CLMCOU


CLIMATE REPORT
NATIONAL WEATHER SERVICE ST LOUIS MO
847 AM CDT WED JUN 1 2016

...................................

...THE COLUMBIA MO CLIMATE SUMMARY FOR THE MONTH OF MAY 2016...

CLIMATE NORMAL PERIOD 1981 TO 2010
CLIMATE RECORD PERIOD 1890 TO 2016

WEATHER         OBSERVED          NORMAL  DEPART  LAST YEAR`S
                 VALUE   DATE(S)  VALUE   FROM    VALUE
                                          NORMAL
.............................................................
TEMPERATURE (F)
RECORD
 HIGH             101   05/31/1934
 LOW               28   05/04/1907
HIGHEST            88   05/26                         83
LOWEST             41   05/15                         42
AVG. MAXIMUM     74.0              74.5    -0.5     74.7
AVG. MINIMUM     53.2              53.5    -0.3     56.5
MEAN             63.6              64.0    -0.4     65.6
DAYS MAX >= 90      0               0.3    -0.3        0
DAYS MAX <= 32      0               0.0     0.0        0
DAYS MIN <= 32      0               0.0     0.0        0
DAYS MIN <= 0       0               0.0     0.0        0

PRECIPITATION (INCHES)
RECORD
 MAXIMUM        13.30   1943
 MINIMUM         0.35   1901
TOTALS           3.96              4.98   -1.02     5.68
DAILY AVG.       0.13              0.16   -0.03     0.18
DAYS >= .01        15              12.5     2.5       16
DAYS >= .10         8               7.9     0.1       12
DAYS >= .50         3               3.5    -0.5        5
DAYS >= 1.00        1               1.1    -0.1        0
GREATEST
 24 HR. TOTAL    1.98   05/26 TO 05/27              1.00

SNOWFALL (INCHES)
RECORDS
 TOTAL              T   2013
                        1999
                        1953
 24 HR TOTAL        T   05/02/2013 TO 05/02/2013
TOTALS            0.0               0.0     0.0      0.0
SINCE 7/1         9.0              18.0    -9.0     12.0
GREATEST
 24 HR TOTAL      0.0   05/31 TO 05/31

DEGREE_DAYS
HEATING TOTAL     128               109      19       80
 SINCE 7/1       3952              5012   -1060     4939
COOLING TOTAL      92                78      14      104
 SINCE 1/1        124               103      21      119
..............................................................

WIND (MPH)
HIGHEST WIND SPEED/DIRECTION    30/330    DATE  05/13
HIGHEST GUST SPEED/DIRECTION    37/310    DATE  05/26

SKY COVER
NUMBER OF DAYS FAIR           20
NUMBER OF DAYS PC              6
NUMBER OF DAYS CLOUDY          5


WEATHER CONDITIONS. NUMBER OF DAYS WITH
THUNDERSTORM              8     MIXED PRECIP               0
HEAVY RAIN                4     RAIN                       7
LIGHT RAIN               16     FREEZING RAIN              0
LT FREEZING RAIN          0     HAIL                       0
HEAVY SNOW                0     SNOW                       0
LIGHT SNOW                0     SLEET                      0
FOG                      14     FOG W/VIS <= 1/4 MILE      3
HAZE                      4

-  INDICATES NEGATIVE NUMBERS.
R  INDICATES RECORD WAS SET OR TIED.
MM INDICATES DATA IS MISSING.
T  INDICATES TRACE AMOUNT.

...............................................................

...MONTHLY...

TIED 6TH MOST NUMBER OF OCCURRANCES OF A MAXIMUM TEMPERATURE LESS
THAN OR EQUAL TO 55 DEGREES (3 DAYS).

...DAILY...

NO RECORDS OF NOTE.

WALSH
$$
