000
CXUS53 KLSX 011539 CCA
CLMCOU

CLIMATE REPORT
NATIONAL WEATHER SERVICE ST LOUIS MO
900 AM CDT MON JUL 1 2013

...ADDED REMARKS...

...................................

...THE COLUMBIA MO CLIMATE SUMMARY FOR THE MONTH OF JUNE 2013...

CLIMATE NORMAL PERIOD 1981 TO 2010
CLIMATE RECORD PERIOD 1890 TO 2013

WEATHER         OBSERVED          NORMAL  DEPART  LAST YEAR`S
                 VALUE   DATE(S)  VALUE   FROM    VALUE
                                          NORMAL
.............................................................
TEMPERATURE (F)
RECORD
 HIGH             107   06/28/2012
 LOW               40   06/05/1993
HIGHEST            95   06/26                        107
LOWEST             53   06/08                         48
AVG. MAXIMUM     82.9              83.0    -0.1     89.8
AVG. MINIMUM     64.1              62.8     1.3     63.8
MEAN             73.5              72.9     0.6     76.8
DAYS MAX >= 90      6               3.8     2.2       16
DAYS MAX <= 32      0               0.0     0.0        0
DAYS MIN <= 32      0               0.0     0.0        0
DAYS MIN <= 0       0               0.0     0.0        0

PRECIPITATION (INCHES)
RECORD
 MAXIMUM        14.86   1928
 MINIMUM         0.12   1959
TOTALS           2.05              4.47   -2.42     1.63
DAILY AVG.       0.07              0.15   -0.08     0.05
DAYS >= .01         7               9.7    -2.7        2
DAYS >= .10         6               6.3    -0.3        2
DAYS >= .50         1               3.0    -2.0        1
DAYS >= 1.00        0               1.4    -1.4        1
GREATEST
 24 HR. TOTAL    3.67   05/31 TO 06/01              1.18

SNOWFALL (INCHES)
TOTALS            0.0               0.0     0.0      0.0
SINCE 7/1        35.0              18.0    17.0      6.6

DEGREE_DAYS
HEATING TOTAL       6                11      -5        7
 SINCE 7/1       4902              5023    -121     3793
COOLING TOTAL     267               248      19      369
 SINCE 1/1        401               351      50      654
..............................................................

WIND (MPH)
HIGHEST WIND SPEED/DIRECTION    40/330    DATE  06/29
HIGHEST GUST SPEED/DIRECTION    53/330    DATE  06/29

SKY COVER
NUMBER OF DAYS FAIR           23
NUMBER OF DAYS PC              4
NUMBER OF DAYS CLOUDY          3


WEATHER CONDITIONS. NUMBER OF DAYS WITH
THUNDERSTORM              6     MIXED PRECIP               0
HEAVY RAIN                3     RAIN                       5
LIGHT RAIN               11     FREEZING RAIN              0
LT FREEZING RAIN          0     HAIL                       0
HEAVY SNOW                0     SNOW                       0
LIGHT SNOW                0     SLEET                      0
FOG                       9     FOG W/VIS <= 1/4 MILE      0
HAZE                      2

-  INDICATES NEGATIVE NUMBERS.
R  INDICATES RECORD WAS SET OR TIED.
MM INDICATES DATA IS MISSING.
T  INDICATES TRACE AMOUNT.


...MONTHLY...

21ST DRIEST JUNE ON RECORD (2.05 INCHES).


$$
