000
CXUS53 KLSX 011554
CLMCOU


CLIMATE REPORT
NATIONAL WEATHER SERVICE ST LOUIS MO
918 AM CST TUE DEC 1 2015

...................................

...THE COLUMBIA MO CLIMATE SUMMARY FOR THE MONTH OF NOVEMBER 2015...

CLIMATE NORMAL PERIOD 1981 TO 2010
CLIMATE RECORD PERIOD 1890 TO 2015

WEATHER         OBSERVED          NORMAL  DEPART  LAST YEAR`S
                 VALUE   DATE(S)  VALUE   FROM    VALUE
                                          NORMAL
.............................................................
TEMPERATURE (F)
RECORD
 HIGH              84   11/01/1938
                        11/01/1937
                        11/06/1915
 LOW               -3   11/30/1929
HIGHEST            74   11/03                         73
LOWEST             20   11/22                          9
AVG. MAXIMUM     59.2              53.9     5.3     48.5
AVG. MINIMUM     39.5              34.9     4.6     28.6
MEAN             49.4              44.4     5.0     38.5
DAYS MAX >= 90      0               0.0     0.0        0
DAYS MAX <= 32      0               1.0    -1.0        5
DAYS MIN <= 32      4              12.2    -8.2       20
DAYS MIN <= 0       0               0.0     0.0        0

PRECIPITATION (INCHES)
RECORD
 MAXIMUM        10.42   1985
 MINIMUM         0.10   1917
TOTALS           8.43              3.25    5.18     1.32
DAILY AVG.       0.28              0.11    0.17     0.04
DAYS >= .01        10               9.7     0.3        7
DAYS >= .10         8               5.5     2.5        4
DAYS >= .50         3               2.1     0.9        1
DAYS >= 1.00        2               0.8     1.2        0
GREATEST
 24 HR. TOTAL    4.37   11/16 TO 11/17              0.84

SNOWFALL (INCHES)
RECORDS
 TOTAL            8.3   1971
 24 HR TOTAL      8.1   11/25/1975 TO 11/26/1975
TOTALS              T               0.9    -0.9      0.8
SINCE 7/1           T               0.9    -0.9      0.8
GREATEST
 24 HR TOTAL        T   11/21 TO 11/21

DEGREE_DAYS
HEATING TOTAL     462               620    -158      787
 SINCE 7/1        696               985    -289     1081
COOLING TOTAL       0                 2      -2        0
 SINCE 1/1       1387              1249     138     1266
..............................................................

WIND (MPH)
HIGHEST WIND SPEED/DIRECTION    41/240    DATE  11/11
HIGHEST GUST SPEED/DIRECTION    54/230    DATE  11/11

SKY COVER
NUMBER OF DAYS FAIR           16
NUMBER OF DAYS PC              6
NUMBER OF DAYS CLOUDY          8


WEATHER CONDITIONS. NUMBER OF DAYS WITH
THUNDERSTORM              0     MIXED PRECIP               0
HEAVY RAIN                5     RAIN                       8
LIGHT RAIN               12     FREEZING RAIN              0
LT FREEZING RAIN          0     HAIL                       0
HEAVY SNOW                0     SNOW                       0
LIGHT SNOW                1     SLEET                      0
FOG                      12     FOG W/VIS <= 1/4 MILE      2
HAZE                      3

-  INDICATES NEGATIVE NUMBERS.
R  INDICATES RECORD WAS SET OR TIED.
MM INDICATES DATA IS MISSING.
T  INDICATES TRACE AMOUNT.

$$


...NOVEMBER MONTLY RECORDS...

10TH WARMEST AT 49.4 DEGREES

3RD WETTEST AT 8.43 INCHES

11/17...4.23 INCHES...WETTEST NOVEMBER CALENDAR DAY ON RECORD...
PREVIOUSLY 2.77 INCHES SET ON 11/18/1985


...DAILY RECORDS...

11/17...RECORD RAINFALL OF 4.23 INCHES...PREVIOUSLY 1.60 INCHES IN 1952
