000
CXUS53 KLSX 011752
CLMCOU


CLIMATE REPORT
NATIONAL WEATHER SERVICE ST LOUIS MO
1243 PM CDT TUE SEP 1 2015

...................................

...THE COLUMBIA MO CLIMATE SUMMARY FOR THE MONTH OF AUGUST 2015...

CLIMATE NORMAL PERIOD 1981 TO 2010
CLIMATE RECORD PERIOD 1890 TO 2015

WEATHER         OBSERVED          NORMAL  DEPART  LAST YEAR`S
                 VALUE   DATE(S)  VALUE   FROM    VALUE
                                          NORMAL
.............................................................
TEMPERATURE (F)
RECORD
 HIGH             110   08/29/1984
                        08/10/1934
                        08/09/1934
 LOW               40   08/31/1915
HIGHEST            91   08/02                         98
LOWEST             53   08/24                         58
AVG. MAXIMUM     84.1              87.0    -2.9     87.9
AVG. MINIMUM     64.4              65.4    -1.0     67.2
MEAN             74.2              76.2    -2.0     77.5
DAYS MAX >= 90      2              10.9    -8.9       14
DAYS MAX <= 32      0               0.0     0.0        0
DAYS MIN <= 32      0               0.0     0.0        0
DAYS MIN <= 0       0               0.0     0.0        0

PRECIPITATION (INCHES)
RECORD
 MAXIMUM        10.19   2005
 MINIMUM         0.06   1909
TOTALS           3.14              4.36   -1.22     2.94
DAILY AVG.       0.10              0.14   -0.04     0.09
DAYS >= .01        10               8.6     1.4       11
DAYS >= .10         3               5.7    -2.7        4
DAYS >= .50         2               2.9    -0.9        2
DAYS >= 1.00        1               1.5    -0.5        1
GREATEST
 24 HR. TOTAL    1.95   08/22

DEGREE_DAYS
HEATING TOTAL       1                 2      -1        0
 SINCE 7/1          2                 2       0        0
COOLING TOTAL     293               350     -57      397
 SINCE 1/1       1121              1083      38     1110
..............................................................

WIND (MPH)
HIGHEST WIND SPEED/DIRECTION    33/320    DATE  08/18
HIGHEST GUST SPEED/DIRECTION    45/300    DATE  08/18

SKY COVER
NUMBER OF DAYS FAIR           26
NUMBER OF DAYS PC              4
NUMBER OF DAYS CLOUDY          1


WEATHER CONDITIONS. NUMBER OF DAYS WITH
THUNDERSTORM              3     MIXED PRECIP               0
HEAVY RAIN                4     RAIN                       2
LIGHT RAIN               13     FREEZING RAIN              0
LT FREEZING RAIN          0     HAIL                       0
HEAVY SNOW                0     SNOW                       0
LIGHT SNOW                0     SLEET                      0
FOG                      12     FOG W/VIS <= 1/4 MILE      3
HAZE                      2

-  INDICATES NEGATIVE NUMBERS.
R  INDICATES RECORD WAS SET OR TIED.
MM INDICATES DATA IS MISSING.
T  INDICATES TRACE AMOUNT.


...MONTHLY...

TIED 24TH COOLEST AUGUST ON RECORD (74.2 DEGREES).


...DAILY...

NO RECORDS OF NOTE.

$$
