000
CXUS53 KLSX 011545
CLMCOU


CLIMATE REPORT
NATIONAL WEATHER SERVICE ST LOUIS MO
929 AM CST THU DEC 1 2016

...................................

...THE COLUMBIA MO CLIMATE SUMMARY FOR THE MONTH OF NOVEMBER 2016...

CLIMATE NORMAL PERIOD 1981 TO 2010
CLIMATE RECORD PERIOD 1890 TO 2016

WEATHER         OBSERVED          NORMAL  DEPART  LAST YEAR`S
                 VALUE   DATE(S)  VALUE   FROM    VALUE
                                          NORMAL
.............................................................
TEMPERATURE (F)
RECORD
 HIGH              84   11/01/1938
                        11/01/1937
                        11/06/1915
 LOW               -3   11/30/1929
HIGHEST            83   11/01                         74
LOWEST             26   11/20                         20
AVG. MAXIMUM     60.9              53.9     7.0     59.2
AVG. MINIMUM     40.5              34.9     5.6     39.5
MEAN             50.7              44.4     6.3     49.4
DAYS MAX >= 90      0               0.0     0.0        0
DAYS MAX <= 32      0               1.0    -1.0        0
DAYS MIN <= 32      7              12.2    -5.2        4
DAYS MIN <= 0       0               0.0     0.0        0

PRECIPITATION (INCHES)
RECORD
 MAXIMUM        10.42   1985
 MINIMUM         0.10   1917
TOTALS           1.80              3.25   -1.45     8.43
DAILY AVG.       0.06              0.11   -0.05     0.28
DAYS >= .01         5               9.7    -4.7       10
DAYS >= .10         2               5.5    -3.5        8
DAYS >= .50         1               2.1    -1.1        3
DAYS >= 1.00        1               0.8     0.2        2
GREATEST
 24 HR. TOTAL    1.54   11/02 TO 11/03              4.37

SNOWFALL (INCHES)
RECORDS
 TOTAL            8.3   1971
 24 HR TOTAL      8.1   11/25/1975 TO 11/26/1975
TOTALS            0.0               0.9    -0.9        T
SINCE 7/1         0.0               0.9    -0.9        T

DEGREE_DAYS
HEATING TOTAL     442               620    -178      462
 SINCE 7/1        583               985    -402      696
COOLING TOTAL      19                 2      17        0
 SINCE 1/1       1632              1249     383     1387
..............................................................

WIND (MPH)
HIGHEST WIND SPEED/DIRECTION    32/210    DATE  11/17
HIGHEST GUST SPEED/DIRECTION    42/350    DATE  11/02

SKY COVER
NUMBER OF DAYS FAIR           18
NUMBER OF DAYS PC             10
NUMBER OF DAYS CLOUDY          2


WEATHER CONDITIONS. NUMBER OF DAYS WITH
THUNDERSTORM              3     MIXED PRECIP               0
HEAVY RAIN                1     RAIN                       2
LIGHT RAIN                8     FREEZING RAIN              0
LT FREEZING RAIN          0     HAIL                       0
HEAVY SNOW                0     SNOW                       0
LIGHT SNOW                0     SLEET                      0
FOG                       9     FOG W/VIS <= 1/4 MILE      2
HAZE                      0

-  INDICATES NEGATIVE NUMBERS.
R  INDICATES RECORD WAS SET OR TIED.
MM INDICATES DATA IS MISSING.
T  INDICATES TRACE AMOUNT.


...MONTHLY...

6TH WARMEST NOVEMBER ON RECORD (50.7 DEGREES).

TIED MOST OCCURRENCES OF A MAXIMUM TEMPERATURE GREATER THAN OR EQUAL
TO 80 DEGREES (3 DAYS).

TIED 3RD MOST OCCURRENCES OF A MINIMUM TEMPERATURE GREATER THAN OR EQUAL
TO 60 DEGREES (2 DAYS).

TIED LEAST SNOWIEST NOVEMBER ON RECORD (0.0 INCHES).


...DAILY...

2 RECORD HIGH TEMPERATURES SET (11/17 AND 11/02).


GOSSELIN

$$
