000
CXUS53 KLSX 011356
CLMCOU

CLIMATE REPORT
NATIONAL WEATHER SERVICE ST LOUIS MO
735 AM CST SAT MAR 1 2014

...................................

...THE COLUMBIA MO CLIMATE SUMMARY FOR THE MONTH OF FEBRUARY 2014...

CLIMATE NORMAL PERIOD 1981 TO 2010
CLIMATE RECORD PERIOD 1890 TO 2014

WEATHER         OBSERVED          NORMAL  DEPART  LAST YEAR`S
                 VALUE   DATE(S)  VALUE   FROM    VALUE
                                          NORMAL
.............................................................
TEMPERATURE (F)
RECORD
 HIGH              81   02/24/1930
 LOW              -26   02/12/1899
HIGHEST            72   02/20                         62
LOWEST             -7   02/11                          6
AVG. MAXIMUM     34.9              43.9    -9.0     43.0
AVG. MINIMUM     15.3              24.9    -9.6     25.5
MEAN             25.1              34.4    -9.3     34.2
DAYS MAX >= 90      0               0.0     0.0        0
DAYS MAX <= 32     14               5.5     8.5        5
DAYS MIN <= 32     25              20.7     4.3       25
DAYS MIN <= 0       3               0.5     2.5        0

PRECIPITATION (INCHES)
RECORD
 MAXIMUM         6.80   1892
 MINIMUM         0.11   2006
                        1991
TOTALS           1.36              2.25   -0.89     3.86
DAILY AVG.       0.05              0.08   -0.03     0.14
DAYS >= .01         8               8.0     0.0       10
DAYS >= .10         4               4.3    -0.3        7
DAYS >= .50         1               1.4    -0.4        2
DAYS >= 1.00        0               0.7    -0.7        1
GREATEST
 24 HR. TOTAL    0.59   02/01 TO 02/01              1.49

SNOWFALL (INCHES)
RECORDS
 TOTAL           23.3   2011
 24 HR TOTAL     17.7   02/01/2011 TO 02/02/2011
TOTALS            7.4               4.7     2.7     20.5
SINCE 7/1        17.3              16.1     1.2     24.7
GREATEST
 24 HR TOTAL      4.2   02/04 TO 02/04

DEGREE_DAYS
HEATING TOTAL    1111               857     254      855
 SINCE 7/1       4429              3946     483     3583
COOLING TOTAL       0                 0       0        0
 SINCE 1/1          0                 0       0        1
..............................................................

WIND (MPH)
HIGHEST WIND SPEED/DIRECTION    49/260    DATE  02/20
HIGHEST GUST SPEED/DIRECTION    59/250    DATE  02/20

SKY COVER
POSSIBLE SUNSHINE (PERCENT)   MM
NUMBER OF DAYS FAIR           13
NUMBER OF DAYS PC              9
NUMBER OF DAYS CLOUDY          6


WEATHER CONDITIONS. NUMBER OF DAYS WITH
THUNDERSTORM              3     MIXED PRECIP               0
HEAVY RAIN                0     RAIN                       0
LIGHT RAIN                3     FREEZING RAIN              1
LT FREEZING RAIN          3     HAIL                       0
HEAVY SNOW                0     SNOW                       1
LIGHT SNOW                9     SLEET                      0
FOG                       8     FOG W/VIS <= 1/4 MILE      1
HAZE                      2

-  INDICATES NEGATIVE NUMBERS.
R  INDICATES RECORD WAS SET OR TIED.
MM INDICATES DATA IS MISSING.
T  INDICATES TRACE AMOUNT.

$$

1/20...RECORD MAXIMUM...72 DEGREES...PREVIOUSLY 71 DEGREES IN 1996

10TH COLDEST FEBRUARY...25.1 DEGREES
