000
CXUS53 KLSX 011903
CLMCOU


CLIMATE REPORT
NATIONAL WEATHER SERVICE ST LOUIS MO
1259 PM CST MON FEB 1 2016

...................................

...THE COLUMBIA MO CLIMATE SUMMARY FOR THE MONTH OF JANUARY 2016...

CLIMATE NORMAL PERIOD 1981 TO 2010
CLIMATE RECORD PERIOD 1890 TO 2016

WEATHER         OBSERVED          NORMAL  DEPART  LAST YEAR`S
                 VALUE   DATE(S)  VALUE   FROM    VALUE
                                          NORMAL
.............................................................
TEMPERATURE (F)
RECORD
 HIGH              77   01/28/2013
                        01/24/1950
                        01/23/1909
 LOW              -20   01/07/1912
HIGHEST            63   01/31                         60
                        01/30
LOWEST              0   01/18                          0
AVG. MAXIMUM     40.3              38.5     1.8     42.1
AVG. MINIMUM     21.0              20.9     0.1     22.4
MEAN             30.3              29.7     0.6     32.2
DAYS MAX >= 90      0               0.0     0.0        0
DAYS MAX <= 32      7               9.4    -2.4        7
DAYS MIN <= 32     27              25.9     1.1       27
DAYS MIN <= 0       1               1.5    -0.5        1

PRECIPITATION (INCHES)
RECORD
 MAXIMUM         6.87   1897
 MINIMUM         0.05   1986
TOTALS           0.90              1.92   -1.02     0.94
DAILY AVG.       0.03              0.06   -0.03     0.03
DAYS >= .01         5               7.7    -2.7        8
DAYS >= .10         3               4.0    -1.0        3
DAYS >= .50         0               1.3    -1.3        0
DAYS >= 1.00        0               0.4    -0.4        0
GREATEST
 24 HR. TOTAL    0.38   01/07 TO 01/08              0.43

SNOWFALL (INCHES)
RECORDS
 TOTAL           23.5   1979
 24 HR TOTAL     19.7   01/18/1995 TO 01/19/1995
TOTALS            6.9               6.1     0.8      0.1
SINCE 7/1         6.9              11.4    -4.5      1.9
GREATEST
 24 HR TOTAL      4.0   01/09 TO 01/09

DEGREE_DAYS
HEATING TOTAL    1032              1094     -62     1008
 SINCE 7/1       2373              3089    -716     2959
COOLING TOTAL       0                 0       0        0
 SINCE 1/1          0                 0       0        0
..............................................................

WIND (MPH)
HIGHEST WIND SPEED/DIRECTION    30/260    DATE  01/25
HIGHEST GUST SPEED/DIRECTION    41/240    DATE  01/25

SKY COVER
NUMBER OF DAYS FAIR           18
NUMBER OF DAYS PC              7
NUMBER OF DAYS CLOUDY          6


WEATHER CONDITIONS. NUMBER OF DAYS WITH
THUNDERSTORM              0     MIXED PRECIP               0
HEAVY RAIN                0     RAIN                       2
LIGHT RAIN                4     FREEZING RAIN              0
LT FREEZING RAIN          0     HAIL                       0
HEAVY SNOW                1     SNOW                       1
LIGHT SNOW                4     SLEET                      1
FOG                       9     FOG W/VIS <= 1/4 MILE      1
HAZE                      3

-  INDICATES NEGATIVE NUMBERS.
R  INDICATES RECORD WAS SET OR TIED.
MM INDICATES DATA IS MISSING.
T  INDICATES TRACE AMOUNT.

$$
