000
CXUS53 KLSX 011746
CLMCOU


CLIMATE REPORT
NATIONAL WEATHER SERVICE ST LOUIS MO
1212 PM CDT FRI AUG 1 2014

...................................

...THE COLUMBIA MO CLIMATE SUMMARY FOR THE MONTH OF JULY 2014...

CLIMATE NORMAL PERIOD 1981 TO 2010
CLIMATE RECORD PERIOD 1890 TO 2014

WEATHER         OBSERVED          NORMAL  DEPART  LAST YEAR`S
                 VALUE   DATE(S)  VALUE   FROM    VALUE
                                          NORMAL
.............................................................
TEMPERATURE (F)
RECORD
 HIGH             113   07/14/1954
                        07/12/1954
 LOW               47   07/15/1891
                        07/09/1891
HIGHEST            95   07/26                         96
LOWEST             54   07/17                         52
                        07/03
AVG. MAXIMUM     84.3              87.6    -3.3     85.3
AVG. MINIMUM     62.2              67.0    -4.8     64.9
MEAN             73.3              77.3    -4.0     75.1
DAYS MAX >= 90      5              11.2    -6.2        8
DAYS MAX <= 32      0               0.0     0.0        0
DAYS MIN <= 32      0               0.0     0.0        0
DAYS MIN <= 0       0               0.0     0.0        0

PRECIPITATION (INCHES)
RECORD
 MAXIMUM        12.14   1981
 MINIMUM         0.24   1976
TOTALS           1.46              4.37   -2.91     2.45
DAILY AVG.       0.05              0.14   -0.09     0.08
DAYS >= .01         5               8.8    -3.8        7
DAYS >= .10         3               5.9    -2.9        5
DAYS >= .50         1               2.5    -1.5        2
DAYS >= 1.00        0               1.3    -1.3        1
GREATEST
 24 HR. TOTAL    1.08   07/07 TO 07/08              1.04

SNOWFALL (INCHES)
RECORDS
 TOTAL             MM   MM
 24 HR TOTAL       MM
TOTALS            0.0               0.0     0.0      0.0
SINCE 7/1         0.0               0.0     0.0      0.0
GREATEST
 24 HR TOTAL      0.0   07/31 TO 07/31

DEGREE_DAYS
HEATING TOTAL       0                 0       0        0
 SINCE 7/1          0                 0       0        0
COOLING TOTAL     266               382    -116      322
 SINCE 1/1        713               733     -20      723
..............................................................

WIND (MPH)
HIGHEST WIND SPEED/DIRECTION    46/310    DATE  07/07
HIGHEST GUST SPEED/DIRECTION    58/320    DATE  07/07

SKY COVER
POSSIBLE SUNSHINE (PERCENT)   MM
NUMBER OF DAYS FAIR           29
NUMBER OF DAYS PC              2
NUMBER OF DAYS CLOUDY          0


WEATHER CONDITIONS. NUMBER OF DAYS WITH
THUNDERSTORM              0     MIXED PRECIP               0
HEAVY RAIN                3     RAIN                       3
LIGHT RAIN                7     FREEZING RAIN              0
LT FREEZING RAIN          0     HAIL                       0
HEAVY SNOW                0     SNOW                       0
LIGHT SNOW                0     SLEET                      0
FOG                       7     FOG W/VIS <= 1/4 MILE      2
HAZE                      5

-  INDICATES NEGATIVE NUMBERS.
R  INDICATES RECORD WAS SET OR TIED.
MM INDICATES DATA IS MISSING.
T  INDICATES TRACE AMOUNT.

&&

6TH COOLEST JULY (AVERAGE MONTHLY TEMPERATURE 73.3 DEGREES).

20TH DRIEST JULY (TOTAL MONTHLY PRECIPITATION 1.46").

$$
