808
CXUS53 KLSX 011648
CLMCOU


CLIMATE REPORT
NATIONAL WEATHER SERVICE ST LOUIS MO
1034 AM CST SUN NOV 1 2015

...................................

...THE COLUMBIA MO CLIMATE SUMMARY FOR THE MONTH OF OCTOBER 2015...

CLIMATE NORMAL PERIOD 1981 TO 2010
CLIMATE RECORD PERIOD 1890 TO 2015

WEATHER         OBSERVED          NORMAL  DEPART  LAST YEAR`S
                 VALUE   DATE(S)  VALUE   FROM    VALUE
                                          NORMAL
.............................................................
TEMPERATURE (F)
RECORD
 HIGH              96   10/07/1939
 LOW               19   10/29/1895
HIGHEST            85   10/21                         83
                        10/08
LOWEST             35   10/30                         28
AVG. MAXIMUM     70.1              67.1     3.0     67.1
AVG. MINIMUM     47.5              45.0     2.5     47.7
MEAN             58.8              56.0     2.8     57.4
DAYS MAX >= 90      0               0.1    -0.1        0
DAYS MAX <= 32      0               0.0     0.0        0
DAYS MIN <= 32      0               2.1    -2.1        1
DAYS MIN <= 0       0               0.0     0.0        0

PRECIPITATION (INCHES)
RECORD
 MAXIMUM        13.44   1941
 MINIMUM         0.16   1952
TOTALS           1.15              3.31   -2.16    10.18
DAILY AVG.       0.04              0.11   -0.07     0.33
DAYS >= .01         8               9.5    -1.5       13
DAYS >= .10         4               6.1    -2.1        7
DAYS >= .50         1               2.2    -1.2        5
DAYS >= 1.00        0               0.8    -0.8        4
GREATEST
 24 HR. TOTAL    0.54   10/27 TO 10/27              5.25

SNOWFALL (INCHES)
RECORDS
 TOTAL            2.9   1913
 24 HR TOTAL      1.7   10/28/1913 TO 10/28/1913
TOTALS            0.0               0.0     0.0      0.0
SINCE 7/1         0.0               0.0     0.0      0.0


DEGREE_DAYS
HEATING TOTAL     213               297     -84      247
 SINCE 7/1        234               365    -131      294
COOLING TOTAL      28                20       8       18
 SINCE 1/1       1387              1247     140     1266
..............................................................

WIND (MPH)
HIGHEST WIND SPEED/DIRECTION    26/300    DATE  10/12
HIGHEST GUST SPEED/DIRECTION    35/300    DATE  10/12

SKY COVER

NUMBER OF DAYS FAIR           20
NUMBER OF DAYS PC              6
NUMBER OF DAYS CLOUDY          5


WEATHER CONDITIONS. NUMBER OF DAYS WITH
THUNDERSTORM              0     MIXED PRECIP               0
HEAVY RAIN                1     RAIN                       2
LIGHT RAIN               12     FREEZING RAIN              0
LT FREEZING RAIN          0     HAIL                       0
HEAVY SNOW                0     SNOW                       0
LIGHT SNOW                0     SLEET                      0
FOG                       6     FOG W/VIS <= 1/4 MILE      1
HAZE                      7

-  INDICATES NEGATIVE NUMBERS.
R  INDICATES RECORD WAS SET OR TIED.
MM INDICATES DATA IS MISSING.
T  INDICATES TRACE AMOUNT.

$$

Tied 18th driest October with 1995

The Climate Team

&&
