000
CXUS53 KLSX 011612
CLMCOU


CLIMATE REPORT
NATIONAL WEATHER SERVICE ST LOUIS MO
1104 AM CDT FRI NOV 1 2013

...................................

...THE COLUMBIA MO CLIMATE SUMMARY FOR THE MONTH OF OCTOBER 2013...

CLIMATE NORMAL PERIOD 1981 TO 2010
CLIMATE RECORD PERIOD 1890 TO 2013

WEATHER         OBSERVED          NORMAL  DEPART  LAST YEAR`S
                 VALUE   DATE(S)  VALUE   FROM    VALUE
                                          NORMAL
.............................................................
TEMPERATURE (F)
RECORD
 HIGH              96   10/07/1939
 LOW               19   10/29/1895
HIGHEST            87   10/04                         82
                        10/02
LOWEST             22   10/25                         29
AVG. MAXIMUM     67.6              67.1     0.5     64.9
AVG. MINIMUM     45.1              45.0     0.1     44.0
MEAN             56.3              56.0     0.3     54.5
DAYS MAX >= 90      0               0.1    -0.1        0
DAYS MAX <= 32      0               0.0     0.0        0
DAYS MIN <= 32      3               2.1     0.9        6
DAYS MIN <= 0       0               0.0     0.0        0

PRECIPITATION (INCHES)
RECORD
 MAXIMUM        13.44   1941
 MINIMUM         0.16   1952
TOTALS           2.83              3.31   -0.48     3.08
DAILY AVG.       0.09              0.11   -0.02     0.10
DAYS >= .01        12               9.5     2.5        8
DAYS >= .10         5               6.1    -1.1        5
DAYS >= .50         2               2.2    -0.2        2
DAYS >= 1.00        1               0.8     0.2        1
GREATEST
 24 HR. TOTAL    1.23   10/30 TO 10/31              1.35

SNOWFALL (INCHES)
RECORDS
 TOTAL            2.9   1913
 24 HR TOTAL      1.7   10/28/1913 TO 10/28/1913
TOTALS            0.0               0.0     0.0      0.0
SINCE 7/1         0.0               0.0     0.0      0.0
GREATEST
 24 HR TOTAL      0.0   10/31 TO 10/31

DEGREE_DAYS
HEATING TOTAL     308               297      11      348
 SINCE 7/1        324               365     -41      397
COOLING TOTAL      48                20      28       29
 SINCE 1/1       1322              1247      75     1893
..............................................................

WIND (MPH)
HIGHEST WIND SPEED/DIRECTION    31/270    DATE  10/05
HIGHEST GUST SPEED/DIRECTION    44/270    DATE  10/05

SKY COVER
POSSIBLE SUNSHINE (PERCENT)   MM
NUMBER OF DAYS FAIR           16
NUMBER OF DAYS PC             13
NUMBER OF DAYS CLOUDY          1


WEATHER CONDITIONS. NUMBER OF DAYS WITH
THUNDERSTORM              1     MIXED PRECIP               0
HEAVY RAIN                5     RAIN                       6
LIGHT RAIN               13     FREEZING RAIN              0
LT FREEZING RAIN          0     HAIL                       0
HEAVY SNOW                0     SNOW                       0
LIGHT SNOW                0     SLEET                      0
FOG                      11     FOG W/VIS <= 1/4 MILE      3
HAZE                      3

-  INDICATES NEGATIVE NUMBERS.
R  INDICATES RECORD WAS SET OR TIED.
MM INDICATES DATA IS MISSING.
T  INDICATES TRACE AMOUNT.

$$

RECORD LOW TEMPERATURE OCTOBER 25TH.

A RECORD LOW TEMPERATURE OF 22 DEGREES WAS SET AT COLUMBIA ASOS.
THIS BREAKS THE OLD RECORD OF 25 DEGREES SET IN 1892
