000
CXUS53 KLSX 012005
CLMCOU
CLIMATE REPORT
NATIONAL WEATHER SERVICE ST LOUIS MO
305 PM CDT SAT APR 01 2023
...................................
...THE COLUMBIA ASOS CLIMATE SUMMARY FOR THE MONTH OF MARCH 2023...
CLIMATE NORMAL PERIOD 1991 TO 2020
CLIMATE RECORD PERIOD 1890 TO 2023
WEATHER OBSERVED NORMAL DEPART LAST YEAR`S
VALUE DATE(S) VALUE FROM VALUE
NORMAL
..............................................................
TEMPERATURE (F)
RECORD
HIGH 92 03/21/1907
LOW -9 03/05/1960
HIGHEST 82 03/31 82
LOWEST 17 03/19 8
AVG. MAXIMUM 54.6 56.3 -1.7 58.7
AVG. MINIMUM 34.9 35.6 -0.7 35.9
MEAN 44.7 46.0 -1.3 47.3
DAYS MAX >= 90 0 0.0 0.0 0
DAYS MAX <= 32 1 0.9 0.1 0
DAYS MIN <= 32 12 13.0 -1.0 8
DAYS MIN <= 0 0 0.1 -0.1 0
PRECIPITATION (INCHES)
RECORD
MAXIMUM 10.09 1973
MINIMUM 0.51 1956
TOTALS 2.82 2.97 -0.15 4.16
DAILY AVG. 0.09 0.10 -0.01 0.13
DAYS >= .01 17 11.1 5.9 11
DAYS >= .10 8 6.3 1.7 10
DAYS >= .50 1 2.0 -1.0 3
DAYS >= 1.00 0 0.6 -0.6 2
GREATEST
24 HR. TOTAL 0.84 03/07 TO 03/08
SNOWFALL (INCHES)
RECORDS
TOTAL 24.5 1960
24 HR TOTAL 12.8 03/12/1937 TO 03/13/1937
TOTALS 0.3 1.5 -1.2 4.9
SINCE 7/1 7.4 16.3 -8.9 MM
DAYS >= 1.0 0 2
GREATEST
SNOW DEPTH T
24 HR TOTAL 0.3
DEGREE DAYS
HEATING TOTAL 621 596 25 538
SINCE 7/1 3892 4301 -409 MM
COOLING TOTAL 4 5 -1 0
SINCE 1/1 4 5 -1 MM
..............................................................
WIND (MPH)
HIGHEST WIND SPEED/DIRECTION 43/270 DATE 03/31
HIGHEST GUST SPEED/DIRECTION 59/270 DATE 03/31
SKY COVER
NUMBER OF DAYS FAIR 10
NUMBER OF DAYS PC 10
NUMBER OF DAYS CLOUDY 11
WEATHER CONDITIONS. NUMBER OF DAYS WITH
THUNDERSTORM 2 MIXED PRECIP 0
HEAVY RAIN 3 RAIN 6
LIGHT RAIN 15 FREEZING RAIN 0
LT FREEZING RAIN 0 HAIL 0
HEAVY SNOW 0 SNOW 1
LIGHT SNOW 2 SLEET 0
FOG 15 FOG W/VIS <= 1/4 MILE 1
HAZE 0
- INDICATES NEGATIVE NUMBERS.
R INDICATES RECORD WAS SET OR TIED.
MM INDICATES DATA IS MISSING.
T INDICATES TRACE AMOUNT.
...MONTHLY...
TIED FOR THE MOST OCCURRENCES WITH MEASURABLE PRECIPITATION (17 DAYS).
...DAILY...
NO RECORDS OF NOTE.
$$
GOSSELIN/FUCHS