000
CXUS53 KLSX 012016
CLMCOU
CLIMATE REPORT
NATIONAL WEATHER SERVICE ST LOUIS MO
216 PM CST FRI MAR 01 2024
...................................
...THE COLUMBIA ASOS CLIMATE SUMMARY FOR THE MONTH OF FEBRUARY 2024...
CLIMATE NORMAL PERIOD 1991 TO 2020
CLIMATE RECORD PERIOD 1890 TO 2024
WEATHER OBSERVED NORMAL DEPART LAST YEAR`S
VALUE DATE(S) VALUE FROM VALUE
NORMAL
..............................................................
TEMPERATURE (F)
RECORD
HIGH 82 02/29/1972
LOW -26 02/12/1899
HIGHEST 80 02/26 66
02/27
LOWEST 12 02/17 11
AVG. MAXIMUM 58.0 45.1 12.9 53.5
AVG. MINIMUM 32.6 26.4 6.2 30.5
MEAN 45.3 35.7 9.6 42.0
DAYS MAX >= 90 0 0.0 0.0 0
DAYS MAX <= 32 1 5.3 -4.3 1
DAYS MIN <= 32 14 21.0 -7.0 13
DAYS MIN <= 0 0 0.4 -0.4 0
PRECIPITATION (INCHES)
RECORD
MAXIMUM 6.80 1892
MINIMUM 0.11 2006
TOTALS 0.20 2.12 -1.92 2.83
DAILY AVG. 0.01 NAN NAN 0.10
DAYS >= .01 2 8.3 -6.3 6
DAYS >= .10 1 4.3 -3.3 5
DAYS >= .50 0 1.4 -1.4 3
DAYS >= 1.00 0 0.6 -0.6 0
GREATEST
24 HR. TOTAL 0.19 02/16 TO 02/16
SNOWFALL (INCHES)
RECORDS
TOTAL 23.3 2011
24 HR TOTAL 17.7 02/01/2011 TO 02/02/2011
TOTALS 2.1 4.6 -2.5 T
SINCE 7/1 8.6 14.8 -6.2 MM
DAYS >= 1.0 1 0
GREATEST
SNOW DEPTH 2 02/17
02/18
24 HR TOTAL 2.1 02/16 TO 02/16
DEGREE DAYS
HEATING TOTAL 564 819 -255 638
SINCE 7/1 3241 3755 -514 MM
COOLING TOTAL 0 0 0 0
SINCE 1/1 0 0 0 MM
..............................................................
WIND (MPH)
HIGHEST WIND SPEED/DIRECTION 39/220 DATE 02/08
HIGHEST GUST SPEED/DIRECTION 55/240 DATE 02/08
SKY COVER
POSSIBLE SUNSHINE (PERCENT) MM
NUMBER OF DAYS FAIR 25
NUMBER OF DAYS PC 3
NUMBER OF DAYS CLOUDY 1
WEATHER CONDITIONS. NUMBER OF DAYS WITH
THUNDERSTORM 1 MIXED PRECIP 0
HEAVY RAIN 0 RAIN 0
LIGHT RAIN 3 FREEZING RAIN 0
LT FREEZING RAIN 0 HAIL 0
HEAVY SNOW 1 SNOW 1
LIGHT SNOW 2 SLEET 0
FOG 4 FOG W/VIS <= 1/4 MILE 1
HAZE 0
- INDICATES NEGATIVE NUMBERS.
R INDICATES RECORD WAS SET OR TIED.
MM INDICATES DATA IS MISSING.
T INDICATES TRACE AMOUNT.
$$