000
CXUS53 KLSX 051439 CCA
CLMCOU

CLIMATE REPORT
NATIONAL WEATHER SERVICE ST LOUIS MO
1206 PM CDT TUE APR 1 2014

...................................

...THE COLUMBIA MO CLIMATE SUMMARY FOR THE MONTH OF MARCH 2014...

CLIMATE NORMAL PERIOD 1981 TO 2010
CLIMATE RECORD PERIOD 1890 TO 2014

WEATHER         OBSERVED          NORMAL  DEPART  LAST YEAR`S
                 VALUE   DATE(S)  VALUE   FROM    VALUE
                                          NORMAL
.............................................................
TEMPERATURE (F)
RECORD
 HIGH              92   03/21/1907
 LOW               -9   03/05/1960
HIGHEST            81   03/11                         79
LOWEST             -2   03/03                         13
AVG. MAXIMUM     54.2              55.2    -1.0     47.5
AVG. MINIMUM     28.2              34.0    -5.8     29.5
MEAN             41.2              44.6    -3.4     38.5
DAYS MAX >= 90      0               0.0     0.0        0
DAYS MAX <= 32      2               0.8     1.2        2
DAYS MIN <= 32     20              13.8     6.2       19
DAYS MIN <= 0       1               0.1     0.9        0

PRECIPITATION (INCHES)
RECORD
 MAXIMUM        10.09   1973
 MINIMUM         0.51   1956
TOTALS           1.23              2.91   -1.68     3.29
DAILY AVG.       0.04              0.09   -0.05     0.11
DAYS >= .01         7              10.6    -3.6       12
DAYS >= .10         4               6.3    -2.3        6
DAYS >= .50         0               1.7    -1.7        3
DAYS >= 1.00        0               0.5    -0.5        0
GREATEST
 24 HR. TOTAL    0.47   03/27 TO 03/27              0.84

SNOWFALL (INCHES)
RECORDS
 TOTAL           24.5   1960
 24 HR TOTAL     12.8   03/12/1937 TO 03/13/1937
TOTALS            0.5               1.7    -1.2     10.3
SINCE 7/1        17.8              17.8     0.0     35.0
GREATEST
 24 HR TOTAL      0.4   MM

DEGREE_DAYS
HEATING TOTAL     730               636      94      814
 SINCE 7/1       5159              4582     577     4397
COOLING TOTAL       0                 3      -3        0
 SINCE 1/1          0                 3      -3        1
..............................................................

WIND (MPH)
HIGHEST WIND SPEED/DIRECTION    39/350    DATE  03/11
HIGHEST GUST SPEED/DIRECTION    48/350    DATE  03/11

SKY COVER
NUMBER OF DAYS FAIR           21
NUMBER OF DAYS PC              4
NUMBER OF DAYS CLOUDY          6


WEATHER CONDITIONS. NUMBER OF DAYS WITH
THUNDERSTORM              4     MIXED PRECIP               0
HEAVY RAIN                2     RAIN                       1
LIGHT RAIN                5     FREEZING RAIN              0
LT FREEZING RAIN          1     HAIL                       0
HEAVY SNOW                0     SNOW                       0
LIGHT SNOW                7     SLEET                      0
FOG                      10     FOG W/VIS <= 1/4 MILE      0
HAZE                      7

-  INDICATES NEGATIVE NUMBERS.
R  INDICATES RECORD WAS SET OR TIED.
MM INDICATES DATA IS MISSING.
T  INDICATES TRACE AMOUNT.


...MONTHLY...

20TH DRIEST MARCH ON RECORD (1.23 INCHES).


...DAILY...

RECORD LOW OF -2 DEGREES ON 3/3 (PREVIOUS 1 DEGREE IN 1900).

TIED RECORD LOW MAXIMUM OF 17 DEGREES ON 3/2 (TIED WITH 1943).



$$
