000
CXUS53 KLSX 011506
CLMCOU


CLIMATE REPORT
NATIONAL WEATHER SERVICE ST LOUIS MO
841 AM CST SAT FEB 1 2014

...................................

...THE COLUMBIA MO CLIMATE SUMMARY FOR THE MONTH OF JANUARY 2014...

CLIMATE NORMAL PERIOD 1981 TO 2010
CLIMATE RECORD PERIOD 1890 TO 2014

WEATHER         OBSERVED          NORMAL  DEPART  LAST YEAR`S
                 VALUE   DATE(S)  VALUE   FROM    VALUE
                                          NORMAL
.............................................................
TEMPERATURE (F)
RECORD
 HIGH              77   01/28/2013
                        01/24/1950
                        01/23/1909
 LOW              -20   01/07/1912
HIGHEST            65   01/12                         77
LOWEST            -11   01/07                          6
                        01/06
AVG. MAXIMUM     36.3              38.5    -2.2     43.8
AVG. MINIMUM     13.9              20.9    -7.0     23.7
MEAN             25.1              29.7    -4.6     33.8
DAYS MAX >= 90      0               0.0     0.0        0
DAYS MAX <= 32     12               9.4     2.6        9
DAYS MIN <= 32     30              25.9     4.1       25
DAYS MIN <= 0       5               1.5     3.5        0

PRECIPITATION (INCHES)
RECORD
 MAXIMUM         6.87   1897
 MINIMUM         0.05   1986
TOTALS           0.90              1.92   -1.02     2.38
DAILY AVG.       0.03              0.06   -0.03     0.08
DAYS >= .01         8               7.7     0.3        6
DAYS >= .10         3               4.0    -1.0        4
DAYS >= .50         0               1.3    -1.3        1
DAYS >= 1.00        0               0.4    -0.4        1
GREATEST
 24 HR. TOTAL    0.36   01/10 TO 01/11              1.60

SNOWFALL (INCHES)
RECORDS
 TOTAL           23.5   1979
 24 HR TOTAL     19.7   01/18/1995 TO 01/19/1995
TOTALS            7.5               6.1     1.4      0.5
SINCE 7/1         9.9              11.4    -1.5      4.2
GREATEST
 24 HR TOTAL      4.8   01/05

DEGREE_DAYS
HEATING TOTAL    1231              1094     137      963
 SINCE 7/1       3318              3089     229     2728
COOLING TOTAL       0                 0       0        1
 SINCE 1/1          0                 0       0        1
..............................................................

WIND (MPH)
HIGHEST WIND SPEED/DIRECTION    44/340    DATE  01/26
HIGHEST GUST SPEED/DIRECTION    53/340    DATE  01/26

SKY COVER

NUMBER OF DAYS FAIR           16
NUMBER OF DAYS PC             10
NUMBER OF DAYS CLOUDY          5


WEATHER CONDITIONS. NUMBER OF DAYS WITH
THUNDERSTORM              1     MIXED PRECIP               0
HEAVY RAIN                0     RAIN                       1
LIGHT RAIN                2     FREEZING RAIN              0
LT FREEZING RAIN          1     HAIL                       0
HEAVY SNOW                0     SNOW                       2
LIGHT SNOW                9     SLEET                      0
FOG                       8     FOG W/VIS <= 1/4 MILE      1
HAZE                      5

-  INDICATES NEGATIVE NUMBERS.
R  INDICATES RECORD WAS SET OR TIED.
MM INDICATES DATA IS MISSING.
T  INDICATES TRACE AMOUNT.

$$

01/05 DAILY RECORD MAXIMUM SNOWFALL 4.8 INCHES PREVIOUS 2.7 INCHES IN 1979

TIED 17TH PLACE LOWEST MINIMUM TEMPERATURE -11 DEGREES
