000
CXUS53 KLSX 011416
CLMCOU


CLIMATE REPORT
NATIONAL WEATHER SERVICE ST LOUIS MO
838 AM CDT TUE NOV 1 2016

...................................

...THE COLUMBIA MO CLIMATE SUMMARY FOR THE MONTH OF OCTOBER 2016...

CLIMATE NORMAL PERIOD 1981 TO 2010
CLIMATE RECORD PERIOD 1890 TO 2016

WEATHER         OBSERVED          NORMAL  DEPART  LAST YEAR`S
                 VALUE   DATE(S)  VALUE   FROM    VALUE
                                          NORMAL
.............................................................
TEMPERATURE (F)
RECORD
 HIGH              96   10/07/1939
 LOW               19   10/29/1895
HIGHEST            90   10/17                         85
LOWEST             37   10/21                         35
                        10/13
AVG. MAXIMUM     73.2              67.1     6.1     70.1
AVG. MINIMUM     52.3              45.0     7.3     47.5
MEAN             62.7              56.0     6.7     58.8
DAYS MAX >= 90      1               0.1     0.9        0
DAYS MAX <= 32      0               0.0     0.0        0
DAYS MIN <= 32      0               2.1    -2.1        0
DAYS MIN <= 0       0               0.0     0.0        0

PRECIPITATION (INCHES)
RECORD
 MAXIMUM        13.44   1941
 MINIMUM         0.16   1952
TOTALS           1.58              3.31   -1.73     1.15
DAILY AVG.       0.05              0.11   -0.06     0.04
DAYS >= .01         6               9.5    -3.5        8
DAYS >= .10         3               6.1    -3.1        4
DAYS >= .50         1               2.2    -1.2        1
DAYS >= 1.00        0               0.8    -0.8        0
GREATEST
 24 HR. TOTAL    1.04   10/19 TO 10/20              0.54

SNOWFALL (INCHES)
RECORDS
 TOTAL            2.9   1913
 24 HR TOTAL      1.7   10/28/1913 TO 10/28/1913
TOTALS            0.0               0.0     0.0      0.0
SINCE 7/1         0.0               0.0     0.0      0.0
DEGREE_DAYS
HEATING TOTAL     132               297    -165      213
 SINCE 7/1        141               365    -224      234
COOLING TOTAL      70                20      50       28
 SINCE 1/1       1613              1247     366     1387
..............................................................

WIND (MPH)
HIGHEST WIND SPEED/DIRECTION    36/210    DATE  10/17
HIGHEST GUST SPEED/DIRECTION    52/220    DATE  10/17

SKY COVER
NUMBER OF DAYS FAIR           17
NUMBER OF DAYS PC             10
NUMBER OF DAYS CLOUDY          4


WEATHER CONDITIONS. NUMBER OF DAYS WITH
THUNDERSTORM              4     MIXED PRECIP               0
HEAVY RAIN                2     RAIN                       3
LIGHT RAIN               10     FREEZING RAIN              0
LT FREEZING RAIN          0     HAIL                       0
HEAVY SNOW                0     SNOW                       0
LIGHT SNOW                0     SLEET                      0
FOG                       9     FOG W/VIS <= 1/4 MILE      1
HAZE                      2

-  INDICATES NEGATIVE NUMBERS.
R  INDICATES RECORD WAS SET OR TIED.
MM INDICATES DATA IS MISSING.
T  INDICATES TRACE AMOUNT.

...MONTHLY...

10TH WARMEST OCTOBER ON RECORD (62.7 DEGREES)

TIED 7TH MOST NUMBER OF DAYS WITH MINIMUM TEMPERATURE ABOVE 60
DEGREES (8)

TIED 5TH LEAST NUMBER OF DAYS WITH MINIMUM TEMPERATURE LESS THAN
40 DEGREES (2)

...DAILY...

2 RECORD HIGH TEMPERATURES SET (10/17 AND 10/16)

2 RECORD HIGH MINIMUM TEMPERATURES SET (10/17 AND 10/16)
WALSH

$$
