000
CXUS53 KLSX 011652
CLMCOU


CLIMATE REPORT
NATIONAL WEATHER SERVICE ST LOUIS MO
1119 AM CDT WED NOV 1 2017

...................................

...THE COLUMBIA MO CLIMATE SUMMARY FOR THE MONTH OF OCTOBER 2017...

CLIMATE NORMAL PERIOD 1981 TO 2010
CLIMATE RECORD PERIOD 1890 TO 2017

WEATHER         OBSERVED          NORMAL  DEPART  LAST YEAR`S
                 VALUE   DATE(S)  VALUE   FROM    VALUE
                                          NORMAL
.............................................................
TEMPERATURE (F)
RECORD
 HIGH              96   10/07/1939
 LOW               19   10/29/1895
HIGHEST            87   10/14                         90
                        10/02
LOWEST             24   10/31                         37
AVG. MAXIMUM     69.3              67.1     2.2     73.2
AVG. MINIMUM     49.4              45.0     4.4     52.3
MEAN             59.4              56.0     3.4     62.7
DAYS MAX >= 90      0               0.1    -0.1        1
DAYS MAX <= 32      0               0.0     0.0        0
DAYS MIN <= 32      3               2.1     0.9        0
DAYS MIN <= 0       0               0.0     0.0        0

PRECIPITATION (INCHES)
RECORD
 MAXIMUM        13.44   1941
 MINIMUM         0.16   1952
TOTALS           4.01              3.31    0.70     1.58
DAILY AVG.       0.13              0.11    0.02     0.05
DAYS >= .01         9               9.5    -0.5        6
DAYS >= .10         7               6.1     0.9        3
DAYS >= .50         3               2.2     0.8        1
DAYS >= 1.00        1               0.8     0.2        0
GREATEST
 24 HR. TOTAL    1.22   10/04 TO 10/04              1.04

SNOWFALL (INCHES)
RECORDS
 TOTAL            2.9   1913
 24 HR TOTAL      1.7   10/28/1913 TO 10/28/1913
TOTALS              T               0.0     0.0      0.0
SINCE 7/1           T               0.0     0.0      0.0
GREATEST
 24 HR TOTAL        T   10/31 TO 10/31

DEGREE_DAYS
HEATING TOTAL     239               297     -58      132
 SINCE 7/1        253               365    -112      141
COOLING TOTAL      74                20      54       70
 SINCE 1/1       1401              1247     154     1613
..............................................................

WIND (MPH)
HIGHEST WIND SPEED/DIRECTION    39/290    DATE  10/14
HIGHEST GUST SPEED/DIRECTION    49/290    DATE  10/14

SKY COVER
NUMBER OF DAYS FAIR           15
NUMBER OF DAYS PC             10
NUMBER OF DAYS CLOUDY          6


WEATHER CONDITIONS. NUMBER OF DAYS WITH
THUNDERSTORM              5     MIXED PRECIP               0
HEAVY RAIN                5     RAIN                       7
LIGHT RAIN               14     FREEZING RAIN              0
LT FREEZING RAIN          0     HAIL                       0
HEAVY SNOW                0     SNOW                       0
LIGHT SNOW                1     SLEET                      0
FOG                      12     FOG W/VIS <= 1/4 MILE      2
HAZE                      5

-  INDICATES NEGATIVE NUMBERS.
R  INDICATES RECORD WAS SET OR TIED.
MM INDICATES DATA IS MISSING.
T  INDICATES TRACE AMOUNT.

...MONTHLY...

NO RECORDS OF NOTE.


...DAILY...


1 RECORD HIGH MINIMUM SET ( 67 DEGREES ON 10/14. PREVIOUS 66 DEGREES IN 1968.)

$$
