000
CXUS53 KLSX 011904
CLMCOU
CLIMATE REPORT
NATIONAL WEATHER SERVICE ST LOUIS MO
104 PM CST FRI DEC 01 2023
...................................
...THE COLUMBIA ASOS CLIMATE SUMMARY FOR THE MONTH OF NOVEMBER 2023...
CLIMATE NORMAL PERIOD 1991 TO 2020
CLIMATE RECORD PERIOD 1890 TO 2023
WEATHER OBSERVED NORMAL DEPART LAST YEAR`S
VALUE DATE(S) VALUE FROM VALUE
NORMAL
..............................................................
TEMPERATURE (F)
RECORD
HIGH 84 11/01/1938
11/01/1937
11/06/1915
LOW -3 11/30/1929
HIGHEST 81 11/08 82
LOWEST 19 11/01 16
11/28
AVG. MAXIMUM 57.7 54.7 3.0 56.4
AVG. MINIMUM 34.9 36.0 -1.1 34.8
MEAN 46.3 45.3 1.0 45.6
DAYS MAX >= 90 0 0.0 0.0 0
DAYS MAX <= 32 0 1.0 -1.0 2
DAYS MIN <= 32 12 11.9 0.1 16
DAYS MIN <= 0 0 0.0 0.0 0
PRECIPITATION (INCHES)
RECORD
MAXIMUM 10.42 1985
MINIMUM 0.10 1917
TOTALS 0.89 2.68 -1.79 2.57
DAILY AVG. 0.03 0.09 -0.06 0.09
DAYS >= .01 3 8.5 -5.5 9
DAYS >= .10 3 4.9 -1.9 4
DAYS >= .50 0 1.7 -1.7 2
DAYS >= 1.00 0 0.6 -0.6 1
GREATEST
24 HR. TOTAL 0.38 11/20 TO 11/20
SNOWFALL (INCHES)
RECORDS
TOTAL 8.3 1971
24 HR TOTAL 8.1 11/25/1975 TO 11/26/1975
TOTALS T 0.8 -0.8 2.4
SINCE 7/1 T 0.8 -0.8 MM
DAYS >= 1.0 0 2
GREATEST
SNOW DEPTH 0
24 HR TOTAL T 11/25 TO 11/25
DEGREE DAYS
HEATING TOTAL 556 592 -36 586
SINCE 7/1 809 906 -97 MM
COOLING TOTAL 3 2 1 13
SINCE 1/1 1604 1447 157 MM
..............................................................
WIND (MPH)
HIGHEST WIND SPEED/DIRECTION 24/210 DATE 11/03
24/330 11/08
HIGHEST GUST SPEED/DIRECTION 32/200 DATE 11/03
32/330 11/08
32/270 11/26
SKY COVER
POSSIBLE SUNSHINE (PERCENT) MM
NUMBER OF DAYS FAIR 25
NUMBER OF DAYS PC 2
NUMBER OF DAYS CLOUDY 3
WEATHER CONDITIONS. NUMBER OF DAYS WITH
THUNDERSTORM 0 MIXED PRECIP 1
HEAVY RAIN 1 RAIN 4
LIGHT RAIN 4 FREEZING RAIN 1
LT FREEZING RAIN 1 HAIL 0
HEAVY SNOW 0 SNOW 0
LIGHT SNOW 2 SLEET 0
FOG 6 FOG W/VIS <= 1/4 MILE 1
HAZE 4
- INDICATES NEGATIVE NUMBERS.
R INDICATES RECORD WAS SET OR TIED.
MM INDICATES DATA IS MISSING.
T INDICATES TRACE AMOUNT.
...MONTHLY...
TIED 3RD LEAST OCCURRENCES WITH MEASURABLE PRECIPITATION (3 DAYS).
...DAILY...
RECORD HIGH TEMPERATURE OF 81 DEGREES TIED ON 11/08. ALSO SET IN
2005.
$$