000
CXUS53 KLSX 022004
CLMCOU


CLIMATE REPORT
NATIONAL WEATHER SERVICE ST LOUIS MO
248 PM CDT THU JUL 2 2015

...................................

...THE COLUMBIA MO CLIMATE SUMMARY FOR THE MONTH OF JUNE 2015...

CLIMATE NORMAL PERIOD 1981 TO 2010
CLIMATE RECORD PERIOD 1890 TO 2015

WEATHER         OBSERVED          NORMAL  DEPART  LAST YEAR`S
                 VALUE   DATE(S)  VALUE   FROM    VALUE
                                          NORMAL
.............................................................
TEMPERATURE (F)
RECORD
 HIGH             107   06/28/2012
 LOW               40   06/05/1993
HIGHEST            93   06/25                         92
LOWEST             55   06/01                         53
AVG. MAXIMUM     83.2              83.0     0.2     83.0
AVG. MINIMUM     66.6              62.8     3.8     65.6
MEAN             74.9              72.9     2.0     74.3
DAYS MAX >= 90      6               3.8     2.2        4
DAYS MAX <= 32      0               0.0     0.0        0
DAYS MIN <= 32      0               0.0     0.0        0
DAYS MIN <= 0       0               0.0     0.0        0

PRECIPITATION (INCHES)
RECORD
 MAXIMUM        14.86   1928
 MINIMUM         0.12   1959
TOTALS           7.56              4.47    3.09     5.07
DAILY AVG.       0.25              0.15    0.10     0.17
DAYS >= .01        17               9.7     7.3       14
DAYS >= .10        11               6.3     4.7        8
DAYS >= .50         5               3.0     2.0        3
DAYS >= 1.00        2               1.4     0.6        2
GREATEST
 24 HR. TOTAL    2.65   06/16 TO 06/17              1.43

SNOWFALL (INCHES)
TOTALS            0.0               0.0     0.0      0.0
SINCE 7/1        12.0              18.0    -6.0     17.8

DEGREE_DAYS
HEATING TOTAL       7                11      -4        0
 SINCE 7/1       4946              5023     -77     5572
COOLING TOTAL     311               248      63      287
 SINCE 1/1        430               351      79      447
..............................................................

WIND (MPH)
HIGHEST WIND SPEED/DIRECTION    43/340    DATE  06/25
HIGHEST GUST SPEED/DIRECTION    53/340    DATE  06/25

SKY COVER
POSSIBLE SUNSHINE (PERCENT)   MM
NUMBER OF DAYS FAIR           15
NUMBER OF DAYS PC             13
NUMBER OF DAYS CLOUDY          2


WEATHER CONDITIONS. NUMBER OF DAYS WITH
THUNDERSTORM             16     MIXED PRECIP               0
HEAVY RAIN                8     RAIN                       9
LIGHT RAIN               21     FREEZING RAIN              0
LT FREEZING RAIN          0     HAIL                       0
HEAVY SNOW                0     SNOW                       0
LIGHT SNOW                0     SLEET                      0
FOG                      18     FOG W/VIS <= 1/4 MILE      2
HAZE                      1

-  INDICATES NEGATIVE NUMBERS.
R  INDICATES RECORD WAS SET OR TIED.
MM INDICATES DATA IS MISSING.
T  INDICATES TRACE AMOUNT.

$$

..............................................................

12TH WETTEST JUNE
