000
CXUS53 KLSX 011651
CLMCOU


CLIMATE REPORT
NATIONAL WEATHER SERVICE ST LOUIS MO
1015 AM CST SUN DEC 1 2013

...................................

...THE COLUMBIA MO CLIMATE SUMMARY FOR THE MONTH OF NOVEMBER 2013...

CLIMATE NORMAL PERIOD 1981 TO 2010
CLIMATE RECORD PERIOD 1890 TO 2013

WEATHER         OBSERVED          NORMAL  DEPART  LAST YEAR`S
                 VALUE   DATE(S)  VALUE   FROM    VALUE
                                          NORMAL
.............................................................
TEMPERATURE (F)
RECORD
 HIGH              84   11/06/1915
 LOW               -3   11/30/1929
HIGHEST            74   11/17                         77
LOWEST             11   11/24                         16
AVG. MAXIMUM     52.0              53.9    -1.9     57.2
AVG. MINIMUM     31.8              34.9    -3.1     34.3
MEAN             41.9              44.4    -2.5     45.8
DAYS MAX >= 90      0               0.0     0.0        0
DAYS MAX <= 32      3               1.0     2.0        0
DAYS MIN <= 32     17              12.2     4.8       12
DAYS MIN <= 0       0               0.0     0.0        0

PRECIPITATION (INCHES)
RECORD
 MAXIMUM        10.42   1985
 MINIMUM         0.10   1917
TOTALS           1.47              3.25   -1.78     0.99
DAILY AVG.       0.05              0.11   -0.06     0.03
DAYS >= .01         7               9.7    -2.7        4
DAYS >= .10         4               5.5    -1.5        2
DAYS >= .50         0               2.1    -2.1        1
DAYS >= 1.00        0               0.8    -0.8        0
GREATEST
 24 HR. TOTAL    0.83   11/05 TO 11/06              0.77

SNOWFALL (INCHES)
RECORDS
 TOTAL            8.3   1971
 24 HR TOTAL      8.1   11/25/1975 TO 11/26/1975
TOTALS            0.0               0.9    -0.9      0.0
SINCE 7/1         0.0               0.9    -0.9      0.0
GREATEST
 24 HR TOTAL      0.0

DEGREE_DAYS
HEATING TOTAL     683               620      63      570
 SINCE 7/1       1007               985      22      967
COOLING TOTAL       0                 2      -2        3
 SINCE 1/1       1322              1249      73     1896
..............................................................

WIND (MPH)
HIGHEST WIND SPEED/DIRECTION    40/250    DATE  11/17
HIGHEST GUST SPEED/DIRECTION    54/240    DATE  11/17

SKY COVER

NUMBER OF DAYS FAIR           19
NUMBER OF DAYS PC              4
NUMBER OF DAYS CLOUDY          7


WEATHER CONDITIONS. NUMBER OF DAYS WITH
THUNDERSTORM              2     MIXED PRECIP               0
HEAVY RAIN                1     RAIN                       2
LIGHT RAIN               10     FREEZING RAIN              0
LT FREEZING RAIN          0     HAIL                       0
HEAVY SNOW                0     SNOW                       0
LIGHT SNOW                2     SLEET                      0
FOG                       8     FOG W/VIS <= 1/4 MILE      0
HAZE                      1

-  INDICATES NEGATIVE NUMBERS.
R  INDICATES RECORD WAS SET OR TIED.
MM INDICATES DATA IS MISSING.
T  INDICATES TRACE AMOUNT.

TIED LEAST SNOWIEST NOVEMBER ON RECORD WITH 0.0 INCHES...17TH SUCH OCCURRENCE.


$$
