000
CXUS53 KLSX 031358
CLSCOU

STLCLMCOU 000
TTAA00 KLSX 031351


CLIMATE REPORT
NATIONAL WEATHER SERVICE ST LOUIS MO
821 AM CDT TUE JUN 3 2014

...................................

...THE COLUMBIA     ASOS CLIMATE SUMMARY FOR THE SEASON, FROM
3/1/2014 TO 5/31/2014...

CLIMATE NORMAL PERIOD 1981 TO 2010
CLIMATE RECORD PERIOD 1890 TO 2014

WEATHER         OBSERVED          NORMAL  DEPART
                 VALUE   DATE(S)  VALUE   FROM
                                          NORMAL
................................................
TEMPERATURE (F)
RECORD
 HIGH             101   05/31/1934
 LOW               -9   03/05/1960
HIGHEST            89   05/06
LOWEST             -2   03/03
AVG. MAXIMUM     65.6              65.3     0.3
AVG. MINIMUM     42.5              43.8    -1.3
MEAN             54.1              54.5    -0.4
DAYS MAX >= 90      0
DAYS MAX <= 32      2
DAYS MIN <= 32     23
DAYS MIN <= 0       1

PRECIPITATION (INCHES)
RECORD
 MAXIMUM        22.73   1922
 MINIMUM         4.87   1932
TOTALS          12.56             12.38    0.18
DAYS >= .01        30
DAYS >= .10        20
DAYS >= .50         6
DAYS >= 1.00        2
GREATEST
 24 HR. TOTAL    3.99   03/03 TO 03/03

SNOWFALL (INCHES)
RECORDS
 TOTAL           24.5   1960
 24 HR TOTAL     12.8   03/12/1937 TO 03/13/1937
TOTALS            0.5               1.9    -1.4
SINCE 7/1        17.8              18.0    -0.2
GREATEST
 SNOW DEPTH         0   T
 24 HR TOTAL      0.4   03/02 TO 03/02

DEGREE_DAYS
HEATING TOTAL    1143              1066      77
 SINCE 7/1       5572              5012     560
COOLING TOTAL     160               104      56
 SINCE 1/1        160               103      57
.................................................

WIND (MPH)
AVERAGE WIND SPEED              10.6
HIGHEST WIND SPEED/DIRECTION    49/320    DATE  05/10
HIGHEST GUST SPEED/DIRECTION    63/260    DATE  04/24


WEATHER CONDITIONS. NUMBER OF DAYS WITH
THUNDERSTORM             20     MIXED PRECIP              0
HEAVY RAIN               12     RAIN                     15
LIGHT RAIN               33     FREEZING RAIN             0
LIGHT FREEZING RAIN       1     HAIL                      0
HEAVY SNOW                0     SNOW                      1
LIGHT SNOW                8     SLEET                     0
FOG                      32     FOG W/VIS <= 1/4 MILE     2
HAZE                     13

-  INDICATES NEGATIVE NUMBERS.
R  INDICATES RECORD WAS SET OR TIED.
MM INDICATES DATA IS MISSING.
T  INDICATES TRACE AMOUNT.

$$
