000
CXUS53 KLSX 011800 RRA
CLSCOU

CLIMATE REPORT
NATIONAL WEATHER SERVICE ST LOUIS MO
1231 PM CDT WED JUN 1 2016

...................................

...THE COLUMBIA     ASOS CLIMATE SUMMARY FOR THE SEASON, FROM
3/1/2016 TO 5/31/2016...

CLIMATE NORMAL PERIOD 1981 TO 2010
CLIMATE RECORD PERIOD 1890 TO 2016

WEATHER         OBSERVED          NORMAL  DEPART
                 VALUE   DATE(S)  VALUE   FROM
                                          NORMAL
................................................
TEMPERATURE (F)
RECORD
 HIGH             101   05/31/1934
 LOW               -9   03/05/1960
HIGHEST            88   05/26
LOWEST             18   03/02
AVG. MAXIMUM     68.4              65.2     3.2
AVG. MINIMUM     47.0              43.9     3.0
MEAN             57.7              54.5     3.2
DAYS MAX >= 90      0
DAYS MAX <= 32      0
DAYS MIN <= 32      8
DAYS MIN <= 0       0

PRECIPITATION (INCHES)
RECORD
 MAXIMUM        22.73   1922
 MINIMUM         4.87   1932
TOTALS           8.48             12.38   -3.90
DAYS >= .01        40
DAYS >= .10        19
DAYS >= .50         5
DAYS >= 1.00        2
GREATEST
 24 HR. TOTAL    1.98   05/26 TO 05/27

SNOWFALL (INCHES)
RECORDS
 TOTAL           24.5   1960
 24 HR TOTAL     12.8   03/12/1937 TO 03/13/1937
TOTALS              T               1.9    -1.9
SINCE 7/1         9.0              18.0    -9.0
GREATEST
 SNOW DEPTH         0
 24 HR TOTAL        T   03/01 TO 03/01
                        03/20 TO 03/20

DEGREE_DAYS
HEATING TOTAL     775              1066    -291
 SINCE 7/1       3952              5012   -1060
COOLING TOTAL     124               104      20
 SINCE 1/1        124               103      21
.................................................

WIND (MPH)
AVERAGE WIND SPEED              10.0
HIGHEST WIND SPEED/DIRECTION    46/320    DATE  04/26
HIGHEST GUST SPEED/DIRECTION    57/320    DATE  04/26


WEATHER CONDITIONS. NUMBER OF DAYS WITH
THUNDERSTORM             11     HAIL                       0
FOG W/VIS <= 1/4 MILE     6

-  INDICATES NEGATIVE NUMBERS.
R  INDICATES RECORD WAS SET OR TIED.
MM INDICATES DATA IS MISSING.
T  INDICATES TRACE AMOUNT.

$$

...............................................................

...SEASONAL RECORDS...

9TH WARMEST SPRING ON RECORD ... 57.7 DEGREES

4TH LEAST NUMBER OF OCCURRENCES OF A MINIMUM TEMPERATURE
LESS THAN OR EQUAL TO 32 DEGREES ... 8 DAYS

TIED 3RD LEAST SNOWIEST SPRING ON RECORD ... TRACE

...MONTHLY RECORDS...

TIED LEAST NUMBER OF OCCURRENCES OF A MAXIMUM TEMPERATURE
LESS THAN OR EQUAL TO 55 DEGREES IN THE MONTH OF MAY ... 3 DAYS

9TH WARMEST MARCH ON RECORD ... 51.4 DEGREES

TIED 5TH LEAST NUMBER OF OCCURRENCES OF A MINIMUM TEMPERATURE
LESS THAN OR EQUAL TO 32 DEGREES IN THE MONTH OF MARCH ... 6 DAYS

TIED 4TH LEAST SNOWIEST MARCH ON RECORD

...DAILY RECORDS...

RECORD HIGH MINIMUM TEMPERATURE OF 52 DEGREES ON 03/09. PREVIOUS
RECORD WAS 51 DEGREES IN 1977
