000
CXUS53 KLSX 300308
CF6CPS
PRELIMINARY LOCAL CLIMATOLOGICAL DATA (WS FORM: F-6)

                                          STATION:   CAHOKIA/ST. LOUIS
                                          MONTH:     JUNE
                                          YEAR:      2015
                                          LATITUDE:   38 34 N
                                          LONGITUDE:  90  9 W

  TEMPERATURE IN F:       :PCPN:    SNOW:  WIND      :SUNSHINE: SKY     :PK WND
================================================================================
1   2   3   4   5  6A  6B    7    8   9   10  11  12  13   14  15   16   17  18
                                     12Z  AVG MX 2MIN
DY MAX MIN AVG DEP HDD CDD  WTR  SNW DPTH SPD SPD DIR MIN PSBL S-S WX    SPD DR
================================================================================

 1  66  57  62  -8   3   0 0.00  0.0    0  6.0 13  40   M    M  10 18     15  40
 2  73  58  66  -5   0   1 0.00  0.0    0  4.5 12 120   M    M   6 18     15 120
 3  76  54  65  -6   0   0 0.00  0.0    0  4.2 13 130   M    M   5 1      21 110
 4  78  62  70  -1   0   5 0.08  0.0    0  4.5 10 270   M    M   4 138    14 290
 5  88  66  77   5   0  12 1.25  0.0    0  3.9 21 310   M    M   3 13     36 310
 6  86  63  75   3   0  10 0.00  0.0    0  4.2 13  30   M    M   1        16  40
 7  92  68  80   8   0  15 0.00  0.0    0  7.6 18 210   M    M   1 13     30 200
 8  87  69  78   6   0  13 0.38  0.0    0  5.5 22 330   M    M   6 13     31 340
 9  91  66  79   6   0  14 0.00  0.0    0  2.9 10 260   M    M   1        14 280
10  94  66  80   7   0  15 0.00  0.0    0  4.1 12 170   M    M   0        16 190
11  92  69  81   8   0  16 0.00  0.0    0  5.9 17 180   M    M   0        23 200
12  92  75  84  11   0  19    T  0.0    0  7.1 16 250   M    M   1 3      24 220
13  90  71  81   7   0  16 0.03  0.0    0  6.9 20 190   M    M   2 13     29 190
14  83  75  79   5   0  14 0.45  0.0    0  5.1 15 300   M    M   5 138    19 200
15  89  72  81   7   0  16 0.17  0.0    0  4.9 13 190   M    M   2 3      21 200
16  84  73  79   5   0  14 1.89  0.0    0  3.2 12 360   M    M   8 13     17  40
17  80  73  77   2   0  12 0.18  0.0    0  3.9 12 260   M    M   6 1      19 220
18  79  71  75   0   0  10 0.39  0.0    0  3.3  9 100   M    M   7 1      16 240
19  79  72  76   1   0  11 2.35  0.0    0 10.2 21  10   M    M  10 1      27  10
20  89  71  80   5   0  15 0.00  0.0    0  7.2 26  20   M    M   5 1      35  10
21  92  70  81   6   0  16 0.33  0.0    0  5.7 21 270   M    M   5 138    29 280
22  92  73  83   7   0  18    T  0.0    0  7.1 15 190   M    M   2        21 180
23  89  69  79   3   0  14 0.00  0.0    0  6.7 15 280   M    M   4        23 210
24  86  66  76   0   0  11 0.00  0.0    0  5.0 16  30   M    M   2        19  40
25  95  71  83   7   0  18 1.33  0.0    0  7.8 41 360   M    M   2 138    51  10
26  83  70  77   1   0  12 0.76  0.0    0  7.5 17 350   M    M   5 13     22 360
27  82  65  74  -2   0   9    T  0.0    0  8.2 17 350   M    M   6 18     22 350
28  83  62  73  -4   0   8 1.05  0.0    0  5.0 17 350   M    M   4 13     22 360
================================================================================
SM 2390 1897         3 334 10.64     0.0 158.1          M      113
================================================================================
AV 85.4 67.8                               5.6 FASTST   M    M   4    MAX(MPH)
                                 MISC ---->  # 41 360               # 51   10
================================================================================
NOTES:
# LAST OF SEVERAL OCCURRENCES

COLUMN 17 PEAK WIND IN M.P.H.

PRELIMINARY LOCAL CLIMATOLOGICAL DATA (WS FORM: F-6) , PAGE 2

                                          STATION:  CAHOKIA/ST. LOUIS
                                          MONTH:    JUNE
                                          YEAR:     2015
                                          LATITUDE:   38 34 N
                                          LONGITUDE:  90  9 W

[TEMPERATURE DATA]      [PRECIPITATION DATA]       SYMBOLS USED IN COLUMN 16

AVERAGE MONTHLY: 76.6   TOTAL FOR MONTH:  10.64    1 = FOG OR MIST
DPTR FM NORMAL:   2.7   DPTR FM NORMAL:    6.65    2 = FOG REDUCING VISIBILITY
HIGHEST:    95 ON 25    GRTST 24HR  2.55 ON 18-19      TO 1/4 MILE OR LESS
LOWEST:     54 ON  3                               3 = THUNDER
                        SNOW, ICE PELLETS, HAIL    4 = ICE PELLETS
                        TOTAL MONTH:   0.0 INCH    5 = HAIL
                        GRTST 24HR     0.0         6 = FREEZING RAIN OR DRIZZLE
                        GRTST DEPTH:   0           7 = DUSTSTORM OR SANDSTORM:
                                                       VSBY 1/2 MILE OR LESS
                                                   8 = SMOKE OR HAZE
[NO. OF DAYS WITH]      [WEATHER - DAYS WITH]      9 = BLOWING SNOW
                                                   X = TORNADO
MAX 32 OR BELOW:   0    0.01 INCH OR MORE:  14
MAX 90 OR ABOVE:   9    0.10 INCH OR MORE:  12
MIN 32 OR BELOW:   0    0.50 INCH OR MORE:   6
MIN  0 OR BELOW:   0    1.00 INCH OR MORE:   5

[HDD (BASE 65) ]
TOTAL THIS MO.     3    CLEAR  (SCALE 0-3)  12
DPTR FM NORMAL    -3    PTCLDY (SCALE 4-7)  14
TOTAL FM JUL 1  4781    CLOUDY (SCALE 8-10)  2
DPTR FM NORMAL    57

[CDD (BASE 65) ]
TOTAL THIS MO.   334
DPTR FM NORMAL    81    [PRESSURE DATA]
TOTAL FM JAN 1   523    HIGHEST SLP M ON M
DPTR FM NORMAL   135    LOWEST  SLP 29.71 ON M

[REMARKS]
